-- https://www.phpmyadmin.net/
--

START TRANSACTION;



--
-- Database: `db5jaznb2g2igr`
--

-- --------------------------------------------------------

--
-- Table structure for table `categories`
--

CREATE TABLE `categories` (
  `id` bigint(20) UNSIGNED NOT NULL,
  `name` varchar(125) COLLATE utf8mb4_unicode_ci NOT NULL,
  `sub_heading` text COLLATE utf8mb4_unicode_ci,
  `slug` text COLLATE utf8mb4_unicode_ci,
  `status` tinyint(1) DEFAULT '0',
  `visible` tinyint(1) DEFAULT '0',
  `position` int(11) DEFAULT NULL,
  `details` longtext COLLATE utf8mb4_unicode_ci,
  `detail_status` tinyint(1) DEFAULT '0',
  `sub_cat_status` tinyint(1) DEFAULT '0',
  `layout_cat_id` bigint(20) UNSIGNED DEFAULT NULL,
  `parent` bigint(20) DEFAULT '1',
  `parent_id` bigint(20) DEFAULT NULL,
  `price` double(8,2) DEFAULT NULL,
  `image` varchar(125) COLLATE utf8mb4_unicode_ci DEFAULT NULL,
  `edu_nature_id` bigint(20) UNSIGNED DEFAULT NULL,
  `atribute_family` tinyint(1) DEFAULT '0',
  `operation` tinyint(1) DEFAULT '0',
  `icon_class_name` varchar(125) COLLATE utf8mb4_unicode_ci DEFAULT NULL,
  `job_board_id` bigint(20) UNSIGNED DEFAULT NULL,
  `model` varchar(125) COLLATE utf8mb4_unicode_ci DEFAULT NULL,
  `created_at` timestamp NULL DEFAULT NULL,
  `updated_at` timestamp NULL DEFAULT NULL
) ENGINE=InnoDB DEFAULT CHARSET=utf8mb4 COLLATE=utf8mb4_unicode_ci;

--
-- Dumping data for table `categories`
--

INSERT INTO `categories` (`id`, `name`, `sub_heading`, `slug`, `status`, `visible`, `position`, `details`, `detail_status`, `sub_cat_status`, `layout_cat_id`, `parent`, `parent_id`, `price`, `image`, `edu_nature_id`, `atribute_family`, `operation`, `icon_class_name`, `job_board_id`, `model`, `created_at`, `updated_at`) VALUES
(1, 'slider_one', NULL, 'slider-one', 1, 1, NULL, NULL, 0, 0, NULL, 1, NULL, NULL, NULL, NULL, 0, 0, NULL, NULL, 'sliders', '2022-03-10 01:13:51', '2022-09-02 17:02:03'),
(2, 'Courses', NULL, 'courses', 1, 1, NULL, NULL, 0, 0, NULL, 1, NULL, NULL, NULL, NULL, 0, 0, NULL, NULL, 'courses', '2022-03-10 01:21:03', '2022-09-02 17:02:03'),
(3, 'Management Team', NULL, 'management-team', 1, 0, NULL, NULL, 0, 0, NULL, 1, NULL, NULL, NULL, NULL, 0, 0, NULL, NULL, 'teams', '2022-03-10 01:24:38', '2022-09-02 17:02:03'),
(4, 'Clients One', NULL, 'clients-one', 1, 1, NULL, NULL, 0, 0, NULL, 1, NULL, NULL, NULL, NULL, 0, 0, NULL, NULL, 'companies', '2022-03-10 02:42:59', '2022-09-02 17:02:03'),
(5, 'about us', NULL, 'about-us', 1, 1, NULL, NULL, 0, 0, NULL, 1, NULL, NULL, NULL, NULL, 0, 0, NULL, NULL, 'heros', '2022-03-10 04:40:58', '2022-09-02 17:02:03'),
(6, 'icons box', NULL, 'icons-box', 1, 1, NULL, NULL, 0, 0, NULL, 1, NULL, NULL, NULL, NULL, 0, 0, NULL, NULL, 'icon_list', '2022-03-10 05:05:33', '2022-09-02 17:02:03'),
(7, 'video', NULL, 'video', 1, 1, NULL, NULL, 0, 0, NULL, 1, NULL, NULL, NULL, NULL, 0, 0, NULL, NULL, 'videos', '2022-03-10 05:48:56', '2022-09-02 17:02:03'),
(8, 'gallery', NULL, 'gallery', 1, 1, NULL, NULL, 0, 0, NULL, 1, NULL, NULL, NULL, NULL, 0, 0, NULL, NULL, 'feature_intro', '2022-03-10 06:00:44', '2022-09-02 17:02:03'),
(9, 'demo', NULL, 'demo', 1, 1, NULL, NULL, 0, 0, NULL, 1, NULL, NULL, NULL, NULL, 0, 0, NULL, NULL, 'coming_soon', '2022-03-10 06:28:16', '2022-09-02 17:02:03'),
(10, 'Message from Principal', NULL, 'message-from-principal', 1, 1, NULL, NULL, 0, 0, NULL, 1, NULL, NULL, NULL, NULL, 0, 0, NULL, NULL, 'heros', '2022-03-21 11:53:57', '2022-09-02 17:02:03'),
(11, 'Our Facilities ', NULL, 'our-facilities', 1, 1, NULL, NULL, 0, 0, NULL, 1, NULL, NULL, NULL, NULL, 0, 0, NULL, NULL, 'accordions', '2022-03-21 12:26:01', '2022-09-02 17:02:03'),
(12, 'Carousel One', NULL, 'carousel-one', 1, 0, NULL, NULL, 0, 0, NULL, 1, NULL, NULL, NULL, NULL, 0, 0, NULL, NULL, 'carausels', '2022-03-21 18:49:36', '2022-09-02 17:02:03'),
(13, 'Testimonial One', NULL, 'testimonial-one', 1, 0, NULL, NULL, 0, 0, NULL, 1, NULL, NULL, NULL, NULL, 0, 0, NULL, NULL, 'testimonials', '2022-03-23 15:15:25', '2022-09-02 17:02:03'),
(14, 'Academic Team', NULL, 'academic-team', 1, 1, NULL, NULL, 0, 0, NULL, 1, NULL, NULL, NULL, NULL, 0, 0, NULL, NULL, 'teams', '2022-03-23 16:22:01', '2022-09-02 17:02:03'),
(15, 'list one', NULL, 'list-one', 1, 1, 1, NULL, 0, 0, 26, 1, NULL, NULL, NULL, NULL, 0, 0, NULL, NULL, NULL, '2022-03-29 11:10:19', '2022-09-13 10:39:34'),
(17, 'Lightbox', NULL, 'icon-box-one', 1, 0, 3, NULL, 0, 0, 25, NULL, NULL, NULL, NULL, NULL, 0, 0, NULL, NULL, NULL, '2022-03-29 11:29:29', '2022-09-23 10:46:38'),
(19, 'testimonials one', NULL, 'testimonials-one', 1, 1, NULL, NULL, 0, 0, 35, NULL, NULL, NULL, NULL, NULL, 0, 0, NULL, NULL, NULL, '2022-03-29 11:53:56', '2022-09-02 17:02:03'),
(21, 'content one', NULL, 'content-one', 1, 0, 3, NULL, 0, 0, 21, 1, NULL, NULL, NULL, NULL, 0, 0, NULL, NULL, NULL, '2022-03-29 14:38:55', '2023-02-14 11:33:16'),
(23, 'Products', NULL, 'products', 1, 0, 1, NULL, 0, 0, 17, NULL, NULL, NULL, NULL, NULL, 0, 0, NULL, NULL, NULL, '2022-03-30 10:31:05', '2022-09-13 10:55:14'),
(24, 'Call to Action One', NULL, 'call-to-action-one', 1, 0, NULL, NULL, 0, 0, 16, NULL, NULL, NULL, NULL, NULL, 0, 0, NULL, NULL, NULL, '2022-03-30 11:04:51', '2022-09-02 17:02:03'),
(25, 'home page slider', NULL, 'home-page-slider', 1, 0, NULL, NULL, 0, 0, 31, 1, NULL, NULL, NULL, NULL, 0, 0, NULL, NULL, NULL, '2022-03-30 14:03:35', '2022-09-02 17:02:03'),
(28, 'demo', NULL, 'demo', 1, 0, NULL, NULL, 0, 0, 15, 1, NULL, NULL, NULL, NULL, 0, 0, NULL, NULL, NULL, '2022-03-31 12:03:31', '2022-09-02 17:02:03'),
(29, 'Admin Staff', NULL, 'admin-staff', 1, 1, NULL, NULL, 0, 0, 34, NULL, NULL, NULL, NULL, NULL, 0, 0, NULL, NULL, NULL, '2022-03-31 12:16:07', '2022-09-02 17:02:03'),
(30, 'Teaching Staff', NULL, 'teaching-staff', 1, 1, NULL, NULL, 0, 0, 34, NULL, NULL, NULL, NULL, NULL, 0, 0, NULL, NULL, NULL, '2022-03-31 12:19:20', '2022-09-02 17:02:03'),
(33, 'ECA/CCA', NULL, 'ecacca', 1, 1, NULL, NULL, 0, 0, 34, NULL, NULL, NULL, NULL, NULL, 0, 0, NULL, NULL, NULL, '2022-03-31 12:20:13', '2022-09-02 17:02:03'),
(34, 'SUPPORT', NULL, 'useful-links', 1, 0, NULL, NULL, 0, 0, 6, NULL, NULL, NULL, NULL, NULL, 0, 0, NULL, NULL, NULL, '2022-03-31 13:09:10', '2022-09-08 15:39:43'),
(35, 'CONTACT INFO', NULL, 'contact-info', 1, 0, NULL, NULL, 0, 0, 6, 1, NULL, NULL, NULL, NULL, 0, 0, NULL, NULL, NULL, '2022-03-31 13:27:04', '2022-09-08 15:39:44'),
(38, 'mission', NULL, 'mission', 1, 0, NULL, NULL, 0, 0, 23, NULL, NULL, NULL, NULL, NULL, 0, 0, NULL, NULL, NULL, '2022-04-05 19:08:09', '2022-09-02 17:02:03'),
(40, 'Footer Image', NULL, 'footer-image', 1, 0, NULL, NULL, 0, 0, 5, NULL, NULL, NULL, NULL, NULL, 0, 0, NULL, NULL, NULL, '2022-04-21 07:46:43', '2022-09-02 17:02:03'),
(41, 'Counter One', NULL, 'counter-one', 1, 0, NULL, NULL, 0, 0, 22, NULL, NULL, NULL, NULL, NULL, 0, 0, NULL, NULL, NULL, '2022-04-22 15:50:26', '2022-09-02 17:02:03'),
(44, 'facebook', NULL, 'facebook', 1, 0, NULL, NULL, 0, 0, 10, NULL, NULL, NULL, NULL, NULL, 0, 0, NULL, NULL, NULL, '2022-05-09 11:59:27', '2022-09-02 17:02:03'),
(45, 'Content Footer', NULL, 'content-footer', 1, 0, 4, NULL, 0, 0, 21, NULL, NULL, NULL, NULL, NULL, 0, 0, NULL, NULL, NULL, '2022-05-09 12:59:16', '2023-02-14 11:33:16'),
(46, 'footer text', NULL, 'footer-text', 1, 0, 5, NULL, 0, 0, 21, NULL, NULL, NULL, NULL, NULL, 0, 0, NULL, NULL, NULL, '2022-05-09 13:03:43', '2023-02-14 11:33:16'),
(47, 'videos gallery', NULL, 'videos-gallery', 1, 0, NULL, NULL, 0, 0, 37, NULL, NULL, NULL, NULL, NULL, 0, 0, NULL, NULL, NULL, '2022-05-09 14:29:01', '2022-09-02 17:02:03'),
(48, 'Gallery One', NULL, 'gallery-one', 1, 0, NULL, NULL, 0, 0, 37, 1, 47, NULL, NULL, NULL, 0, 0, NULL, NULL, NULL, '2022-05-09 14:29:30', '2022-09-02 17:02:03'),
(54, 'Events & News', NULL, 'events-news', 1, 0, NULL, NULL, 0, 0, 47, NULL, NULL, NULL, NULL, NULL, 0, 0, NULL, NULL, NULL, '2022-05-10 14:22:59', '2022-09-02 17:02:03'),
(55, 'Clients One', NULL, 'clients-one', 1, 0, 1, NULL, 0, 0, 19, NULL, NULL, NULL, NULL, NULL, 0, 0, NULL, NULL, NULL, '2022-06-06 18:01:50', '2023-02-14 11:33:23'),
(56, 'Services', NULL, 'services', 1, 0, NULL, NULL, 0, 0, 27, NULL, NULL, NULL, NULL, NULL, 0, 0, NULL, NULL, NULL, '2022-06-07 07:49:34', '2022-09-02 17:02:03'),
(57, 'Our Services', NULL, 'our-services', 1, 0, NULL, NULL, 0, 0, 27, 1, 56, NULL, NULL, NULL, 0, 0, NULL, NULL, NULL, '2022-06-07 07:49:51', '2022-09-02 17:02:03'),
(59, 'Products', NULL, 'products', 1, 0, NULL, NULL, 0, 0, 27, NULL, NULL, NULL, NULL, NULL, 0, 0, NULL, NULL, NULL, '2022-06-07 15:46:02', '2022-09-02 17:02:03'),
(60, 'Products', NULL, 'products', 1, 0, NULL, NULL, 0, 0, 27, 1, 59, NULL, NULL, NULL, 0, 0, NULL, NULL, NULL, '2022-06-07 15:46:12', '2022-09-02 17:02:03'),
(61, 'vehicle-signs Application', NULL, 'our-most-popular-products', 1, 0, 1, NULL, 0, 0, 54, NULL, NULL, NULL, NULL, NULL, 0, 0, NULL, NULL, NULL, '2022-06-09 15:39:59', '2022-11-11 12:28:11'),
(62, 'Subscribe', NULL, 'subscribe', 1, 0, NULL, NULL, 0, 0, 16, NULL, NULL, NULL, NULL, NULL, 0, 0, NULL, NULL, NULL, '2022-06-10 14:57:22', '2022-09-02 17:02:03'),
(63, 'Call to Action Home Top', NULL, 'call-to-action-home-top', 1, 0, NULL, NULL, 0, 0, 16, NULL, NULL, NULL, NULL, NULL, 0, 0, NULL, NULL, NULL, '2022-06-11 15:52:48', '2022-09-02 17:02:03'),
(64, 'Info Card Home', NULL, 'info-card-home', 1, 0, NULL, NULL, 0, 0, 28, NULL, NULL, NULL, NULL, NULL, 0, 0, NULL, NULL, NULL, '2022-06-13 14:00:50', '2022-09-02 17:02:03'),
(73, 'Subscribe Us', NULL, 'subscribe-us', 1, 0, NULL, NULL, 0, 0, 16, NULL, NULL, NULL, NULL, NULL, 0, 0, NULL, NULL, NULL, '2022-06-15 12:19:06', '2022-09-02 17:02:03'),
(76, 'Print Products', NULL, 'print-products', 1, 0, 1, NULL, 0, 0, 38, 1, 82, NULL, 'p1jpeg-2022-06-07-03-26-13.jpg', NULL, 0, 0, NULL, NULL, NULL, '2022-06-20 09:16:07', '2022-09-19 10:38:52'),
(77, 'Services', NULL, 'services', 1, 0, 1, NULL, 0, 0, 38, 1, NULL, NULL, 'cap-600x568png-2022-09-07-04-55-58.png', NULL, 0, 0, NULL, NULL, NULL, '2022-06-20 09:16:17', '2022-09-19 10:38:52'),
(78, 'Real Estate Signage', NULL, 'real-estate-signage', 1, 0, NULL, NULL, 0, 0, 38, 1, 82, NULL, 'banner1jpeg-2022-06-09-04-13-24.jpg', NULL, 0, 0, NULL, NULL, NULL, '2022-06-20 19:05:29', '2022-06-22 17:50:26'),
(79, 'Signage', NULL, 'signage', 1, 0, NULL, NULL, 0, 0, 38, 1, 82, NULL, 'p3jpeg-2022-06-07-03-26-13.jpg', NULL, 0, 0, NULL, NULL, NULL, '2022-06-20 19:05:40', '2022-06-22 17:04:38'),
(80, 'Promotional Products', NULL, 'promotional-products', 1, 0, NULL, NULL, 0, 0, 38, 1, 82, NULL, 'p5jpeg-2022-06-07-03-26-13.jpg', NULL, 0, 0, NULL, NULL, NULL, '2022-06-20 19:05:56', '2022-09-05 16:14:46'),
(82, 'Products', NULL, 'products', 1, 0, 2, NULL, 0, 0, 38, 1, NULL, NULL, 'untitled-1-1jpg-2022-09-07-05-56-49.jpg', NULL, 0, 0, NULL, NULL, NULL, '2022-06-22 16:59:49', '2022-09-19 10:38:52'),
(83, 'Social Media Promotion', NULL, 'social-media-promotion', 1, 0, NULL, NULL, 0, 0, 38, 1, 137, NULL, 'social-media-promotion2png-2022-11-30-10-06-56.png', NULL, 0, 0, NULL, NULL, NULL, '2022-06-22 17:49:53', '2022-11-30 10:06:59'),
(84, 'Consulting', NULL, 'consulting', 1, 0, 1, NULL, 0, 0, 38, 1, 77, NULL, NULL, NULL, 0, 0, NULL, NULL, NULL, '2022-06-22 17:51:33', '2022-09-19 10:38:52'),
(85, 'Digital / Offset Print', NULL, 'digital-offset-print', 1, 0, NULL, NULL, 0, 0, 38, 1, 137, NULL, 'digital-offset-print2png-2022-11-30-10-06-28.png', NULL, 0, 0, NULL, NULL, NULL, '2022-06-22 17:52:03', '2022-11-30 10:06:32'),
(87, 'Business Card', NULL, 'business-card', 1, 0, NULL, NULL, 0, 0, 38, 1, NULL, NULL, NULL, NULL, 1, 0, NULL, NULL, NULL, '2022-07-18 09:53:35', '2022-07-18 09:53:35'),
(88, 'Flyer', NULL, 'flyer', 1, 0, NULL, NULL, 0, 0, 38, 1, NULL, NULL, NULL, NULL, 1, 0, NULL, NULL, NULL, '2022-07-18 09:54:12', '2022-07-18 09:54:12'),
(89, 'Booklet', NULL, 'booklet', 1, 0, NULL, NULL, 0, 0, 38, 1, NULL, NULL, NULL, NULL, 1, 0, NULL, NULL, NULL, '2022-07-18 10:46:12', '2022-07-18 10:46:12'),
(90, 'Business Card', NULL, 'business-card', 1, 0, NULL, NULL, 0, 0, 55, 1, NULL, NULL, NULL, NULL, 0, 0, NULL, NULL, NULL, '2022-08-14 06:43:42', '2022-12-13 06:33:12'),
(91, 'Web Development', NULL, 'web-development', 1, 0, NULL, NULL, 0, 0, 38, 1, 137, NULL, 'web-design2png-2022-11-30-10-05-53.png', NULL, 0, 0, NULL, NULL, NULL, '2022-08-30 15:19:15', '2022-11-30 10:05:57'),
(92, 'Web Development', NULL, 'web-development', 1, 0, 2, NULL, 0, 0, 38, 1, 77, NULL, NULL, NULL, 0, 0, NULL, NULL, NULL, '2022-08-30 15:19:57', '2022-09-19 10:38:52'),
(93, 'Distribution', NULL, 'distribution', 1, 0, NULL, NULL, 0, 0, 38, 1, 137, NULL, 'distribution1png-2022-11-30-10-05-23.png', NULL, 0, 0, NULL, NULL, NULL, '2022-08-30 15:20:16', '2022-11-30 10:05:26'),
(94, 'Business Cards', 'This is Sub Heading', 'business-cards', 1, 0, 1, '<p>This is Test Business Card Details</p>', NULL, NULL, 38, 1, 76, NULL, 'business-card-2-1-300x210png-2022-09-08-03-43-59.png', NULL, 0, 0, NULL, NULL, NULL, '2022-08-31 15:36:11', '2022-09-20 11:38:56'),
(95, 'Brochures & Fliers', NULL, 'brochures-fliers', 1, 0, 2, NULL, 0, 0, 38, 1, 76, NULL, NULL, NULL, 0, 0, NULL, NULL, NULL, '2022-08-31 15:36:37', '2022-09-19 10:38:52'),
(96, 'Booklets & Magazines', NULL, 'booklets-magazines', 1, 0, 3, NULL, 0, 0, 38, 1, 76, NULL, NULL, NULL, 0, 0, NULL, NULL, NULL, '2022-08-31 15:37:00', '2022-09-19 10:38:52'),
(97, 'Wide Format Printing', NULL, 'wide-format-printing', 1, 0, 4, NULL, 0, 0, 38, 1, 76, NULL, NULL, NULL, 0, 0, NULL, NULL, NULL, '2022-08-31 15:37:24', '2022-09-19 10:38:52'),
(98, 'Occasions', NULL, 'occasions', 1, 0, 5, NULL, 0, 0, 38, 1, 76, NULL, NULL, NULL, 0, 0, NULL, NULL, NULL, '2022-08-31 15:37:55', '2022-09-19 10:38:52'),
(99, 'Property Marketing', NULL, 'property-marketing', 1, 0, NULL, NULL, 0, 0, 38, 1, 78, NULL, NULL, NULL, 0, 0, NULL, NULL, NULL, '2022-08-31 15:38:38', '2022-08-31 15:38:38'),
(100, 'Office Marketing', NULL, 'office-marketing', 1, 0, NULL, NULL, 0, 0, 38, 1, 78, NULL, NULL, NULL, 0, 0, NULL, NULL, NULL, '2022-08-31 15:39:03', '2022-08-31 15:39:03'),
(101, 'Blank', NULL, 'blank', 1, 0, NULL, NULL, 0, 0, 38, 1, NULL, NULL, NULL, NULL, 1, 0, NULL, NULL, NULL, '2022-08-31 15:49:18', '2022-08-31 15:49:18'),
(102, 'Brand Development', NULL, 'brand-development', 1, 0, 3, NULL, 0, 0, 38, 1, 77, NULL, NULL, NULL, 0, 0, NULL, NULL, NULL, '2022-08-31 17:02:30', '2022-09-19 10:38:52'),
(103, 'App Design & Development', NULL, 'app-design-development', 1, 0, 4, NULL, 0, 0, 38, 1, 77, NULL, NULL, NULL, 0, 0, NULL, NULL, NULL, '2022-08-31 17:06:05', '2022-09-19 10:38:52'),
(104, 'Office Stationary', NULL, 'office-stationary', 1, 0, NULL, NULL, 0, 0, 38, 1, 78, NULL, NULL, NULL, 0, 0, NULL, NULL, NULL, '2022-09-04 13:41:06', '2022-09-05 15:58:20'),
(105, 'Letterbox Droppers', NULL, 'letterbox-droppers', 1, 0, NULL, NULL, 0, 0, 38, 1, 78, NULL, NULL, NULL, 0, 0, NULL, NULL, NULL, '2022-09-04 13:41:29', '2022-09-05 15:57:07'),
(106, 'Test Team', NULL, 'test-team', 1, 0, NULL, NULL, 0, 0, 34, 1, NULL, NULL, NULL, NULL, 0, 0, NULL, NULL, NULL, '2022-09-05 15:02:21', '2022-09-05 15:02:34'),
(107, 'Lightbox Signs', NULL, 'lightbox-signs', 1, 0, NULL, NULL, 0, 0, 38, 1, 79, NULL, NULL, NULL, 0, 0, NULL, NULL, NULL, '2022-09-05 15:54:05', '2022-09-05 15:56:32'),
(108, '3D/LED Signs', NULL, '3dled-signs', 1, 0, NULL, NULL, 0, 0, 38, 1, 79, NULL, NULL, NULL, 0, 0, NULL, NULL, NULL, '2022-09-05 15:58:55', '2022-09-05 15:58:55'),
(109, 'Window Signs', NULL, 'window-signs', 1, 0, NULL, NULL, 0, 0, 38, 1, 79, NULL, NULL, NULL, 0, 0, NULL, NULL, NULL, '2022-09-05 15:59:31', '2022-09-05 15:59:31'),
(110, 'Vehicle Signs', NULL, 'vehicle-signs', 1, 0, NULL, NULL, 0, 0, 38, 1, 79, NULL, 'vechicle-signage-300x210jpg-2022-09-08-03-42-32.jpg', NULL, 0, 0, NULL, NULL, NULL, '2022-09-05 15:59:47', '2022-09-08 15:42:41'),
(111, 'Clothing', NULL, 'clothing', 1, 0, NULL, NULL, 0, 0, 38, 1, 80, NULL, NULL, NULL, 0, 0, NULL, NULL, NULL, '2022-09-05 16:07:38', '2022-09-05 16:07:38'),
(112, 'Merchandise', NULL, 'merchandise', 1, 0, NULL, NULL, 0, 0, 38, 1, 80, NULL, NULL, NULL, 0, 0, NULL, NULL, NULL, '2022-09-05 16:08:11', '2022-09-05 16:08:11'),
(113, 'Other Promotional', NULL, 'other-promotional', 1, 0, NULL, NULL, 0, 0, 38, 1, 80, NULL, NULL, NULL, 0, 0, NULL, NULL, NULL, '2022-09-05 16:08:30', '2022-09-05 16:08:30'),
(114, 'Packages', NULL, 'packages', 1, 0, 5, NULL, 0, 0, 38, 1, 77, NULL, NULL, NULL, 0, 0, NULL, NULL, NULL, '2022-09-05 16:09:10', '2022-09-19 10:38:52'),
(115, 'Logos', NULL, 'logos', 1, 0, 1, NULL, 0, 0, 38, 1, 114, NULL, NULL, NULL, 0, 0, NULL, NULL, NULL, '2022-09-05 16:09:34', '2022-09-19 10:38:52'),
(116, 'Branding', NULL, 'branding', 1, 0, 2, NULL, 0, 0, 38, 1, 114, NULL, NULL, NULL, 0, 0, NULL, NULL, NULL, '2022-09-05 16:09:47', '2022-09-19 10:38:52'),
(117, 'Social Media', NULL, 'social-media', 1, 0, 3, NULL, 0, 0, 38, 1, 114, NULL, NULL, NULL, 0, 0, NULL, NULL, NULL, '2022-09-05 16:10:04', '2022-09-19 10:38:52'),
(118, 'Print/Digital Design', NULL, 'printdigital-design', 1, 0, NULL, NULL, 0, 0, 38, 1, 77, NULL, NULL, NULL, 0, 0, NULL, NULL, NULL, '2022-09-05 16:37:17', '2022-09-05 16:37:17'),
(119, 'Basic Logo Package', NULL, 'book', 1, 0, NULL, NULL, 0, 0, 29, 1, 121, 29.00, NULL, NULL, 0, 0, NULL, NULL, NULL, '2022-09-07 17:48:28', '2022-09-16 09:55:12'),
(121, 'Logo', NULL, 'logo', 1, 0, 1, NULL, 0, 0, 29, NULL, NULL, 29.00, NULL, NULL, 0, 0, NULL, NULL, NULL, '2022-09-07 18:13:19', '2022-09-14 19:21:05'),
(122, 'Bronze Logo Package', NULL, 'bronze-logo-package', 1, 0, NULL, NULL, 0, 0, 29, 1, 121, 69.00, NULL, NULL, 0, 0, NULL, NULL, NULL, '2022-09-07 18:14:03', '2022-09-09 11:12:33'),
(123, 'Silver Logo Package', NULL, 'silver-logo-package', 1, 0, NULL, NULL, 0, 0, 29, 1, 121, 119.00, NULL, NULL, 0, 0, NULL, NULL, NULL, '2022-09-07 18:15:21', '2022-09-09 11:12:46'),
(124, 'Gold Logo Package', NULL, 'gold-logo-package', 1, 0, NULL, NULL, 0, 0, 29, 1, 121, 219.00, NULL, NULL, 0, 0, NULL, NULL, NULL, '2022-09-07 18:22:26', '2022-09-09 11:12:57'),
(125, 'Basic Animated Logo Package', NULL, 'basic-animated-logo-package', 1, 0, NULL, NULL, 0, 0, 29, 1, 121, 159.00, NULL, NULL, 0, 0, NULL, NULL, NULL, '2022-09-07 18:22:51', '2022-09-09 11:13:10'),
(126, 'Premium Animated Logo Package', NULL, 'premium-animated-logo-package', 1, 0, NULL, NULL, 0, 0, 29, 1, 121, 249.00, NULL, NULL, 0, 0, NULL, NULL, NULL, '2022-09-07 18:23:15', '2022-09-09 11:13:27'),
(127, 'Branding', NULL, 'branding20', 1, 0, 2, NULL, 0, 0, 29, NULL, NULL, 149.00, NULL, NULL, 0, 0, NULL, NULL, NULL, '2022-09-07 18:30:35', '2022-09-14 19:21:05'),
(128, 'Brand Essentials Package', NULL, 'brand-essentials-package', 1, 0, NULL, NULL, 0, 0, 29, 1, 127, 149.00, NULL, NULL, 0, 0, NULL, NULL, NULL, '2022-09-07 18:31:25', '2022-09-18 15:50:10'),
(129, 'Brand Refresh Package', NULL, 'brand-refresh-package', 1, 0, NULL, NULL, 0, 0, 29, 1, 127, 249.00, NULL, NULL, 0, 0, NULL, NULL, NULL, '2022-09-07 18:32:29', '2022-09-09 11:14:56'),
(130, 'Professional Brand Package', NULL, 'professional-brand-package', 1, 0, NULL, NULL, 0, 0, 29, 1, 127, 649.00, NULL, NULL, 0, 0, NULL, NULL, NULL, '2022-09-07 18:32:51', '2022-09-07 18:32:51'),
(131, 'Social', NULL, 'social-media', 1, 0, 3, NULL, 0, 0, 29, NULL, NULL, 199.00, NULL, NULL, 0, 0, NULL, NULL, NULL, '2022-09-07 18:43:31', '2022-09-14 19:21:05'),
(132, 'Startup Facebook Package', NULL, 'startup-facebook-package', 1, 0, NULL, NULL, 0, 0, 29, 1, 131, 199.00, NULL, NULL, 0, 0, NULL, NULL, NULL, '2022-09-07 18:44:02', '2022-09-09 11:16:18'),
(133, 'Silver Facebook Package', NULL, 'silver-facebook-package', 1, 0, NULL, NULL, 0, 0, 29, 1, 131, 399.00, NULL, NULL, 0, 0, NULL, NULL, NULL, '2022-09-07 18:44:22', '2022-09-09 11:16:38'),
(134, 'Gold Facebook Package', NULL, 'gold-facebook-package', 1, 0, NULL, NULL, 0, 0, 29, 1, 131, 799.00, NULL, NULL, 0, 0, NULL, NULL, NULL, '2022-09-07 18:44:44', '2022-09-09 11:16:52'),
(137, 'DPS Services', NULL, 'dps-services', 1, 0, NULL, NULL, 0, 0, 38, 1, 77, NULL, NULL, NULL, 0, 0, NULL, NULL, NULL, '2022-09-08 14:52:40', '2022-09-08 14:52:40'),
(138, 'Real Estate Signage', NULL, 'real-estate-signage', 1, 0, NULL, NULL, 0, 0, 38, 1, 137, NULL, 'real-estate-signage2png-2022-11-30-10-04-33.png', NULL, 0, 0, NULL, NULL, NULL, '2022-09-08 14:54:05', '2022-11-30 10:04:37'),
(139, 'Promo & Brand Merchandise', NULL, 'promo-brand-merchandise', 1, 0, NULL, NULL, 0, 0, 38, 1, 137, NULL, 'promotion-brand-merchandise-mouseover2png-2022-11-30-10-03-44.png', NULL, 0, 0, NULL, NULL, NULL, '2022-09-08 14:54:39', '2022-11-30 10:03:48'),
(140, 'Magnets & Badges', NULL, 'magnets-badges', 1, 0, NULL, NULL, 1, 1, 38, 1, 137, NULL, 'magnets-badges-mouseover2png-2022-11-30-10-03-16.png', NULL, 0, 0, NULL, NULL, NULL, '2022-09-08 14:57:25', '2022-11-30 10:03:19'),
(141, 'Graphic Design', NULL, 'graphic-design', 1, 0, NULL, '<p><strong>Graphic Design</strong><br>It takes expert know-how to plan great material for effective print &amp; digital designs. Your products or services need to jump off the page. Print promotions can go a long way as strongly visual and highly memorable. From in-store displays to corporate brochures, it takes special attention to how materials look and feel. Good graphic design really matters.</p><p><strong>Who’s your audience?</strong><br>We design with your customer in mind. Count on us to put your information in the best possible light with relevant images, great layout, easy readability and interesting formats. Displays, posters, flyers, stationery, business cards, brochures, programs, manuals, training guides, annual reports, direct mail, point of sale –we design it all. Use our printing Services Make the most of our print design and production experience. We’ll give you design options and fresh ideas. You’ll see work from our concept stages through final product. We can work with your preferred printer or get done from us and manage the whole process. Best of all, you’ll have great print design work that truly works.</p>', 1, 1, 38, 1, 137, NULL, 'graphic-design-mouse-over-2png-2022-11-30-10-01-29.png', NULL, 0, 0, NULL, NULL, NULL, '2022-09-08 15:04:11', '2022-11-30 10:01:35'),
(142, 'SERVICES', NULL, 'links', 1, 0, NULL, NULL, 0, 0, 6, NULL, NULL, NULL, NULL, NULL, 0, 0, NULL, NULL, NULL, '2022-09-08 15:31:39', '2022-09-08 15:39:26'),
(143, 'Blog', NULL, 'graphic-design', 1, 0, 1, NULL, 0, 0, 45, NULL, NULL, NULL, NULL, NULL, 0, 0, NULL, NULL, NULL, '2022-09-08 15:46:22', '2022-09-12 13:16:31'),
(144, 'Lightbox Signage', NULL, 'lightbox-signage', 1, 0, 6, NULL, 0, 0, 21, NULL, NULL, NULL, NULL, NULL, 0, 0, NULL, NULL, NULL, '2022-09-12 23:25:31', '2023-02-14 11:33:16'),
(145, 'Lightbox-Signs Applications', NULL, 'applications', 1, 0, 2, NULL, 0, 0, 54, NULL, NULL, NULL, NULL, NULL, 0, 0, NULL, NULL, NULL, '2022-09-12 23:47:53', '2022-09-23 16:56:35'),
(148, 'window signs', NULL, 'window-signs', 1, 0, 7, NULL, 0, 0, 21, NULL, NULL, NULL, NULL, NULL, 0, 0, NULL, NULL, NULL, '2022-09-13 08:59:44', '2023-02-14 11:33:16'),
(149, 'windows graphics', NULL, 'windows-graphics', 1, 0, NULL, NULL, 0, 0, 21, 1, 148, NULL, NULL, NULL, 0, 0, NULL, NULL, NULL, '2022-09-13 09:02:34', '2022-09-13 09:02:34'),
(150, 'monomeric', NULL, 'monomeric', 1, 0, NULL, NULL, 0, 0, 21, 1, 148, NULL, NULL, NULL, 0, 0, NULL, NULL, NULL, '2022-09-13 09:28:58', '2022-09-13 09:28:58'),
(151, 'Window Frosting', NULL, 'window-frosting', 1, 0, NULL, NULL, 0, 0, 21, 1, 148, NULL, NULL, NULL, 0, 0, NULL, NULL, NULL, '2022-09-13 09:50:24', '2022-09-13 09:50:24'),
(152, 'One-way vision window displays', NULL, 'one-way-vision-window-displays', 1, 0, NULL, NULL, 0, 0, 21, 1, 148, NULL, NULL, NULL, 0, 0, NULL, NULL, NULL, '2022-09-13 09:51:37', '2022-09-13 09:51:37'),
(153, 'Wall/Window Decals', NULL, 'wallwindow-decals', 1, 0, NULL, NULL, 0, 0, 21, 1, 148, NULL, NULL, NULL, 0, 0, NULL, NULL, NULL, '2022-09-13 09:52:12', '2022-09-13 09:52:12'),
(154, '3D/LED Signs', NULL, '3dled-signs', 1, 0, 8, NULL, 0, 0, 21, NULL, NULL, NULL, NULL, NULL, 0, 0, NULL, NULL, NULL, '2022-09-13 10:22:34', '2023-02-14 11:33:16'),
(155, '3D/LED Signs content', NULL, '3dled-signs-content', 1, 0, NULL, NULL, 0, 0, 21, 1, 154, NULL, NULL, NULL, 0, 0, NULL, NULL, NULL, '2022-09-13 10:23:56', '2022-09-13 10:23:56'),
(156, 'DPS signage', NULL, 'dps-signage', 1, 0, NULL, NULL, 0, 0, 21, 1, 154, NULL, NULL, NULL, 0, 0, NULL, NULL, NULL, '2022-09-13 10:24:37', '2022-09-13 10:24:37'),
(157, 'Application', NULL, 'application', 1, 0, NULL, NULL, 0, 0, 21, 1, 154, NULL, NULL, NULL, 0, 0, NULL, NULL, NULL, '2022-09-13 10:24:54', '2022-09-13 10:24:54'),
(158, 'DPS signs', NULL, 'dps-signs', 1, 1, 2, NULL, 0, 0, 26, NULL, NULL, NULL, NULL, NULL, 0, 0, NULL, NULL, NULL, '2022-09-13 10:39:32', '2022-09-13 10:41:04'),
(159, 'Window Signs Introduction', NULL, 'window-signs-introduction', 1, 0, 9, NULL, 0, 0, 21, NULL, NULL, NULL, NULL, NULL, 0, 0, NULL, NULL, NULL, '2022-09-13 15:20:41', '2023-02-14 11:33:16'),
(160, 'WINDOWS SIGNS', NULL, 'windows-signage', 1, 0, 1, NULL, 0, 0, 24, NULL, NULL, NULL, NULL, NULL, 0, 0, NULL, NULL, NULL, '2022-09-13 15:45:15', '2022-09-14 16:27:00'),
(164, 'Vehicle signage', NULL, 'vehicle-signage', 1, 0, 10, NULL, 0, 0, 21, NULL, NULL, NULL, NULL, NULL, 0, 0, NULL, NULL, NULL, '2022-09-13 16:13:35', '2023-02-14 11:33:16'),
(165, 'CAR WRAPPING PROCESS', NULL, 'car-wrapping-process', 1, 0, 2, NULL, 0, 0, 25, NULL, NULL, NULL, NULL, NULL, 0, 0, NULL, NULL, NULL, '2022-09-13 16:31:05', '2022-09-14 13:12:19'),
(166, '3DLED-Signs-Applications', NULL, 'applications', 1, 0, 3, NULL, 0, 0, 54, NULL, NULL, NULL, NULL, NULL, 0, 0, NULL, NULL, NULL, '2022-09-13 16:40:29', '2022-11-11 12:42:57'),
(167, 'Applicationss', NULL, 'applicationss', 1, 0, 1, NULL, 0, 0, 25, NULL, NULL, NULL, NULL, NULL, 0, 0, NULL, NULL, NULL, '2022-09-14 13:12:08', '2022-09-14 13:13:13'),
(168, 'demo', NULL, 'demo', 1, 1, 1, NULL, 0, 0, 18, NULL, NULL, NULL, NULL, NULL, 0, 0, NULL, NULL, NULL, '2022-09-21 17:05:28', '2023-03-02 12:42:12'),
(169, 'PREPARING YOUR VEHICLE', NULL, 'preparing-your-vehicle', 1, 0, 1, NULL, 0, 0, 21, NULL, NULL, NULL, NULL, NULL, 0, 0, NULL, NULL, NULL, '2022-09-25 17:17:44', '2023-02-14 11:33:16'),
(176, 'Image Gallery', NULL, 'image-gallery', 1, 0, NULL, NULL, 0, 0, 27, NULL, NULL, NULL, NULL, NULL, 0, 0, NULL, NULL, NULL, '2022-11-02 12:56:02', '2022-11-06 09:47:44'),
(177, 'Light Boxes', NULL, 'image', 1, 0, NULL, NULL, 0, 0, 27, 1, 176, NULL, NULL, NULL, 0, 0, NULL, NULL, NULL, '2022-11-02 12:58:07', '2022-11-09 14:36:17'),
(178, '3d Letter', NULL, '3d-letter', 1, 0, 2, NULL, 0, 0, 21, NULL, NULL, NULL, NULL, NULL, 0, 0, NULL, NULL, NULL, '2022-11-02 15:18:41', '2023-02-14 11:33:16'),
(181, 'WHAT ARE 3D FABRICATED SIGN LETTERS?', NULL, 'what-are-3d-fabricated-sign-letters', 1, 0, NULL, NULL, 0, 0, 54, NULL, NULL, NULL, NULL, NULL, 0, 0, NULL, NULL, NULL, '2022-11-06 18:50:19', '2022-11-06 18:50:19'),
(182, 'Various types of 3d lettering', NULL, 'various-types-of-3d-lettering', 1, 0, NULL, NULL, 0, 0, 24, NULL, NULL, NULL, NULL, NULL, 0, 0, NULL, NULL, NULL, '2022-11-06 19:16:40', '2022-11-06 19:16:40'),
(183, 'Preparing Your Vehicle', NULL, 'demo', 1, 0, NULL, NULL, 0, 0, 24, NULL, NULL, NULL, NULL, NULL, 0, 0, NULL, NULL, NULL, '2022-11-08 17:16:41', '2022-11-08 17:17:37'),
(184, 'window-signs', NULL, 'window-signs', 1, 0, NULL, NULL, 0, 0, 27, 1, 176, NULL, NULL, NULL, 0, 0, NULL, NULL, NULL, '2022-11-09 10:26:47', '2022-11-10 12:44:06'),
(185, '3D/LED Signage', NULL, '3dled-signage', 1, 0, NULL, NULL, 0, 0, 27, 1, 176, NULL, NULL, NULL, 0, 0, NULL, NULL, NULL, '2022-11-09 10:27:32', '2022-11-10 12:44:06'),
(186, 'Vehicle Signs', NULL, 'vehicle-signs', 1, 0, NULL, NULL, 0, 0, 27, 1, 176, NULL, NULL, NULL, 0, 0, NULL, NULL, NULL, '2022-11-09 10:27:51', '2022-11-10 12:44:06'),
(187, 'Why choose us for your 3D signs & letters? ', NULL, 'why-choose-us-for-your-3d-signs-letters', 1, 0, NULL, NULL, 0, 0, 24, NULL, NULL, NULL, NULL, NULL, 0, 0, NULL, NULL, NULL, '2022-11-10 17:57:50', '2022-11-10 17:57:50'),
(188, '3D Signs & Cut Out Letters', NULL, '3d-signs-cut-out-letters', 1, 0, NULL, NULL, 0, 0, 24, NULL, NULL, NULL, NULL, NULL, 0, 0, NULL, NULL, NULL, '2022-11-10 17:59:16', '2022-11-10 17:59:16'),
(189, 'Window Signs Application', NULL, 'window-signs', 1, 0, NULL, NULL, 0, 0, 54, NULL, NULL, NULL, NULL, NULL, 0, 0, NULL, NULL, NULL, '2022-11-11 12:20:00', '2022-11-11 12:27:59'),
(198, 'Design/Preflight', NULL, 'designpreflight', 1, 0, NULL, NULL, 0, 0, NULL, 1, NULL, NULL, NULL, NULL, 0, 1, NULL, 1, NULL, '2023-02-21 09:06:30', '2023-02-21 09:15:49'),
(199, 'Proof', NULL, 'proof', 1, 0, NULL, NULL, 0, 0, NULL, 1, NULL, NULL, NULL, NULL, 0, 1, NULL, 1, NULL, '2023-02-21 09:06:41', '2023-02-21 09:15:49'),
(200, 'IMPO', NULL, 'impo', 1, 0, NULL, NULL, 0, 0, NULL, 1, NULL, NULL, NULL, NULL, 0, 1, NULL, 1, NULL, '2023-02-21 09:06:53', '2023-02-21 09:15:49'),
(201, 'Print', NULL, 'print', 1, 0, NULL, NULL, 0, 0, NULL, 1, NULL, NULL, NULL, NULL, 0, 1, NULL, 2, NULL, '2023-02-21 09:07:04', '2023-02-21 09:15:49'),
(202, 'Cello', NULL, 'cello', 1, 0, NULL, NULL, 0, 0, NULL, 1, NULL, NULL, NULL, NULL, 0, 1, NULL, 2, NULL, '2023-02-21 09:07:14', '2023-02-21 09:15:49'),
(203, 'Die Cut/Guillo', NULL, 'die-cutguillo', 1, 0, NULL, NULL, 0, 0, NULL, 1, NULL, NULL, NULL, NULL, 0, 1, NULL, 2, NULL, '2023-02-21 09:07:35', '2023-02-21 09:15:49'),
(204, 'General', NULL, 'general', 1, 0, NULL, NULL, 0, 0, NULL, 1, NULL, NULL, NULL, NULL, 0, 1, NULL, 2, NULL, '2023-02-21 09:07:57', '2023-02-21 09:15:49'),
(205, 'Finishing', NULL, 'finishing', 1, 0, NULL, NULL, 0, 0, NULL, 1, NULL, NULL, NULL, NULL, 0, 1, NULL, 2, NULL, '2023-02-21 09:08:09', '2023-02-21 09:15:49'),
(206, 'Complete', NULL, 'complete', 1, 0, NULL, NULL, 0, 0, NULL, 1, NULL, NULL, NULL, NULL, 0, 1, NULL, 2, NULL, '2023-02-21 09:08:19', '2023-02-21 09:15:49'),
(207, 'Pullup Banners', NULL, 'pullup-banners', 1, 0, NULL, NULL, 0, 0, 18, 1, NULL, NULL, NULL, NULL, 0, 0, NULL, NULL, NULL, '2023-03-02 12:42:59', '2023-03-02 13:15:14'),
(208, 'A4 Folded to A5 Flyer ', 'A5 Flyer 4 PP', 'a4-folded-to-a5-flyer', 1, 0, NULL, NULL, 0, 0, 55, 1, NULL, NULL, NULL, NULL, 0, 0, NULL, NULL, NULL, '2023-03-03 08:09:48', '2023-03-03 08:09:48');

-- --------------------------------------------------------

--
-- Table structure for table `category_checkout_options`
--

CREATE TABLE `category_checkout_options` (
  `id` bigint(20) UNSIGNED NOT NULL,
  `module_content_id` bigint(20) UNSIGNED DEFAULT NULL,
  `checkout_option_id` bigint(20) UNSIGNED DEFAULT NULL,
  `created_at` timestamp NULL DEFAULT NULL,
  `updated_at` timestamp NULL DEFAULT NULL
) ENGINE=InnoDB DEFAULT CHARSET=utf8mb4 COLLATE=utf8mb4_unicode_ci;

--
-- Dumping data for table `category_checkout_options`
--

INSERT INTO `category_checkout_options` (`id`, `module_content_id`, `checkout_option_id`, `created_at`, `updated_at`) VALUES
(1, NULL, 1, NULL, NULL),
(2, NULL, 3, NULL, NULL),
(3, NULL, 4, NULL, NULL);

-- --------------------------------------------------------

--
-- Table structure for table `category_fields`
--

CREATE TABLE `category_fields` (
  `id` bigint(20) UNSIGNED NOT NULL,
  `category_id` bigint(20) UNSIGNED DEFAULT NULL,
  `field_id` bigint(20) UNSIGNED DEFAULT NULL,
  `status` tinyint(1) DEFAULT '1',
  `position` bigint(20) DEFAULT NULL,
  `created_at` timestamp NULL DEFAULT NULL,
  `updated_at` timestamp NULL DEFAULT NULL
) ENGINE=InnoDB DEFAULT CHARSET=utf8mb4 COLLATE=utf8mb4_unicode_ci;

--
-- Dumping data for table `category_fields`
--

INSERT INTO `category_fields` (`id`, `category_id`, `field_id`, `status`, `position`, `created_at`, `updated_at`) VALUES
(3, 82, 7, 1, NULL, NULL, NULL),
(4, 82, 6, 1, NULL, NULL, NULL),
(5, 82, 8, 1, NULL, NULL, NULL),
(6, 76, 7, 1, 4, NULL, '2022-07-15 07:25:48'),
(14, 76, 5, 1, 2, NULL, '2022-07-15 07:25:29'),
(15, 76, 10, 1, 8, NULL, '2022-07-15 07:26:05'),
(16, 76, 9, 1, 9, NULL, '2022-07-15 07:26:05'),
(19, 76, 4, 1, 5, NULL, '2022-07-15 07:25:48'),
(20, 76, 8, 1, 3, NULL, '2022-07-15 07:25:44'),
(21, 76, 12, 1, 10, NULL, '2022-07-15 07:26:05'),
(22, 76, 11, 1, 11, NULL, '2022-07-15 07:26:05'),
(23, 76, 14, 1, 12, NULL, '2022-07-15 07:26:05'),
(24, 80, 16, 1, 1, NULL, '2022-07-11 12:21:50'),
(25, 80, 3, 1, 2, NULL, '2022-07-11 12:21:50'),
(26, 80, 4, 1, 3, NULL, '2022-07-11 12:21:47'),
(27, 80, 8, 1, 4, NULL, '2022-07-11 12:21:47'),
(28, 76, 18, 1, 6, '2022-07-15 07:23:57', '2022-07-15 07:26:02'),
(29, 76, 17, 1, 1, '2022-07-15 07:24:15', '2022-07-15 07:25:29'),
(30, 76, 19, 1, 7, '2022-07-15 07:24:26', '2022-07-15 07:26:05'),
(32, 87, 5, 1, 5, '2022-07-18 09:53:51', '2022-07-18 13:23:11'),
(34, 88, 7, 1, 2, '2022-07-18 09:54:28', '2022-07-20 07:17:10'),
(35, 88, 8, 1, 4, '2022-07-18 09:54:35', '2022-07-20 07:16:58'),
(37, 89, 9, 1, 19, '2022-07-18 10:46:35', '2022-07-18 10:46:35'),
(38, 89, 10, 1, 20, '2022-07-18 10:49:45', '2022-07-18 10:49:45'),
(39, 89, 11, 1, 21, '2022-07-18 10:49:56', '2022-07-18 10:49:56'),
(40, 89, 12, 1, 22, '2022-07-18 10:50:07', '2022-07-18 10:50:07'),
(41, 88, 6, 1, 3, '2022-07-18 12:05:36', '2022-07-20 07:17:10'),
(42, 89, 6, 1, 24, '2022-07-18 12:10:14', '2022-07-18 12:10:14'),
(43, 87, 4, 1, 3, '2022-07-18 13:02:31', '2022-07-18 13:23:11'),
(44, 87, 7, 1, 1, '2022-07-18 13:21:46', '2022-07-18 13:23:11'),
(45, 87, 8, 1, 25, '2022-07-19 11:46:03', '2022-07-19 11:46:03'),
(46, 87, 18, 1, 26, '2022-07-19 11:46:36', '2022-07-19 11:46:36'),
(47, 87, 19, 1, 27, '2022-07-19 11:46:42', '2022-07-19 11:46:42'),
(50, 88, 19, 1, 6, '2022-07-20 07:16:23', '2022-07-20 07:16:58'),
(51, 88, 17, 1, 1, '2022-07-20 07:16:54', '2022-07-20 07:16:58'),
(52, 88, 18, 1, 5, '2022-07-20 07:17:37', '2022-07-20 07:17:41'),
(53, 89, 5, 1, 28, '2022-07-20 08:54:10', '2022-07-20 08:54:10'),
(54, 89, 18, 1, 29, '2022-07-20 08:54:23', '2022-07-20 08:54:23'),
(55, 89, 19, 1, 30, '2022-07-20 08:54:29', '2022-07-20 08:54:29');

-- --------------------------------------------------------

--
-- Table structure for table `checkout_options`
--

CREATE TABLE `checkout_options` (
  `id` bigint(20) UNSIGNED NOT NULL,
  `name` varchar(125) COLLATE utf8mb4_unicode_ci DEFAULT NULL,
  `created_at` timestamp NULL DEFAULT NULL,
  `updated_at` timestamp NULL DEFAULT NULL
) ENGINE=InnoDB DEFAULT CHARSET=utf8mb4 COLLATE=utf8mb4_unicode_ci;

--
-- Dumping data for table `checkout_options`
--

INSERT INTO `checkout_options` (`id`, `name`, `created_at`, `updated_at`) VALUES
(1, 'Upload Samples', '2022-07-07 17:39:25', '2022-07-07 17:39:25'),
(2, 'Delivery Instructions', '2022-07-07 17:39:25', '2022-07-07 17:39:25'),
(3, 'Packaging Instructions', '2022-07-07 17:39:25', '2022-07-07 17:39:25'),
(4, 'Address', '2022-07-07 17:39:25', '2022-07-07 17:39:25'),
(5, 'Secondary Contact Number', '2022-07-07 17:39:25', '2022-07-07 17:39:25');

-- --------------------------------------------------------

--
-- Table structure for table `crm_sites`
--

CREATE TABLE `crm_sites` (
  `id` bigint(20) UNSIGNED NOT NULL,
  `user_id` bigint(20) UNSIGNED DEFAULT NULL,
  `site_name` longtext COLLATE utf8mb4_unicode_ci,
  `short` varchar(125) COLLATE utf8mb4_unicode_ci DEFAULT NULL,
  `default` tinyint(1) DEFAULT '0',
  `logo` varchar(125) COLLATE utf8mb4_unicode_ci DEFAULT NULL,
  `status` tinyint(1) DEFAULT '1',
  `created_at` timestamp NULL DEFAULT NULL,
  `updated_at` timestamp NULL DEFAULT NULL
) ENGINE=InnoDB DEFAULT CHARSET=utf8mb4 COLLATE=utf8mb4_unicode_ci;

--
-- Dumping data for table `crm_sites`
--

INSERT INTO `crm_sites` (`id`, `user_id`, `site_name`, `short`, `default`, `logo`, `status`, `created_at`, `updated_at`) VALUES
(1, 1, 'DPS Design', 'DPS', 1, 'site_logo_20221215084053.png', 1, '2022-12-15 08:40:53', '2022-12-19 09:52:53'),
(2, 1, 'Metamax Studio', 'MMX', 0, 'site_logo_20230303074916.png', 1, '2023-03-03 07:49:16', '2023-03-03 07:49:16');

-- --------------------------------------------------------

--
-- Table structure for table `crm_site_branches`
--

CREATE TABLE `crm_site_branches` (
  `id` bigint(20) UNSIGNED NOT NULL,
  `user_id` bigint(20) UNSIGNED DEFAULT NULL,
  `crm_site_id` bigint(20) UNSIGNED DEFAULT NULL,
  `address` varchar(125) COLLATE utf8mb4_unicode_ci DEFAULT NULL,
  `email` varchar(125) COLLATE utf8mb4_unicode_ci DEFAULT NULL,
  `contact_person` varchar(125) COLLATE utf8mb4_unicode_ci DEFAULT NULL,
  `phone_1` varchar(125) COLLATE utf8mb4_unicode_ci DEFAULT NULL,
  `phone_2` varchar(125) COLLATE utf8mb4_unicode_ci DEFAULT NULL,
  `primary` tinyint(1) DEFAULT '0',
  `created_at` timestamp NULL DEFAULT NULL,
  `updated_at` timestamp NULL DEFAULT NULL
) ENGINE=InnoDB DEFAULT CHARSET=utf8mb4 COLLATE=utf8mb4_unicode_ci;

--
-- Dumping data for table `crm_site_branches`
--

INSERT INTO `crm_site_branches` (`id`, `user_id`, `crm_site_id`, `address`, `email`, `contact_person`, `phone_1`, `phone_2`, `primary`, `created_at`, `updated_at`) VALUES
(1, 1, 1, '116 Railway Parade Glenfield NSW 2167, Australia', 'info@dpsdesign.com.au', 'Prabin', '0450 077 252', '0420 407 533', 1, '2022-12-15 08:40:53', '2022-12-15 08:40:53'),
(2, 1, 2, 'Unit 6', 'info@metamaxstudio.com.au', 'Prabin Maharjan', '+61450077252', NULL, 1, '2023-03-03 07:49:16', '2023-03-03 07:49:16');

-- --------------------------------------------------------

--
-- Table structure for table `currencies`
--

CREATE TABLE `currencies` (
  `id` bigint(20) UNSIGNED NOT NULL,
  `name` varchar(125) COLLATE utf8mb4_unicode_ci DEFAULT NULL,
  `slug` varchar(125) COLLATE utf8mb4_unicode_ci DEFAULT NULL,
  `sign` varchar(125) COLLATE utf8mb4_unicode_ci DEFAULT NULL,
  `value` varchar(125) COLLATE utf8mb4_unicode_ci DEFAULT NULL,
  `is_default` bigint(20) DEFAULT '0',
  `created_at` timestamp NULL DEFAULT NULL,
  `updated_at` timestamp NULL DEFAULT NULL
) ENGINE=InnoDB DEFAULT CHARSET=utf8mb4 COLLATE=utf8mb4_unicode_ci;

--
-- Dumping data for table `currencies`
--

INSERT INTO `currencies` (`id`, `name`, `slug`, `sign`, `value`, `is_default`, `created_at`, `updated_at`) VALUES
(1, 'US Dolor', 'us-dolor', '$', '1', 1, '2022-06-13 13:51:10', '2022-08-07 09:26:47');

-- --------------------------------------------------------

--
-- Table structure for table `designs`
--

CREATE TABLE `designs` (
  `id` bigint(20) UNSIGNED NOT NULL,
  `disignable_id` bigint(20) UNSIGNED DEFAULT NULL,
  `disignable_type` varchar(125) COLLATE utf8mb4_unicode_ci DEFAULT NULL,
  `detail_design_id` varchar(125) COLLATE utf8mb4_unicode_ci DEFAULT NULL,
  `type` enum('list','detail') COLLATE utf8mb4_unicode_ci DEFAULT NULL,
  `created_at` timestamp NULL DEFAULT NULL,
  `updated_at` timestamp NULL DEFAULT NULL
) ENGINE=InnoDB DEFAULT CHARSET=utf8mb4 COLLATE=utf8mb4_unicode_ci;

--
-- Dumping data for table `designs`
--

INSERT INTO `designs` (`id`, `disignable_id`, `disignable_type`, `detail_design_id`, `type`, `created_at`, `updated_at`) VALUES
(1, 1, 'App\\Models\\Setting', '1', NULL, '2022-05-26 18:16:43', '2022-05-26 18:16:43'),
(2, 38, 'App\\Models\\LayoutCat', '17', 'detail', '2022-06-27 13:16:06', '2022-09-08 14:33:46'),
(3, 38, 'App\\Models\\LayoutCat', '10', 'list', '2022-06-27 13:16:06', '2022-06-27 13:17:21'),
(7, 76, 'App\\Models\\Category', '18', 'detail', '2022-07-08 07:33:38', '2022-07-19 08:11:18'),
(8, 82, 'App\\Models\\Category', '18', 'detail', '2022-07-08 09:50:46', '2022-07-08 09:50:46'),
(9, 80, 'App\\Models\\Category', '17', 'detail', '2022-07-11 12:17:06', '2022-07-17 07:36:52');

-- --------------------------------------------------------

--
-- Table structure for table `detail_designs`
--

CREATE TABLE `detail_designs` (
  `id` bigint(20) UNSIGNED NOT NULL,
  `name` varchar(125) COLLATE utf8mb4_unicode_ci DEFAULT NULL,
  `slug` varchar(125) COLLATE utf8mb4_unicode_ci DEFAULT NULL,
  `image` varchar(125) COLLATE utf8mb4_unicode_ci DEFAULT NULL,
  `status` tinyint(1) DEFAULT '1',
  `layout_cat_id` bigint(20) UNSIGNED DEFAULT NULL,
  `type` enum('list','detail') COLLATE utf8mb4_unicode_ci DEFAULT NULL,
  `created_at` timestamp NULL DEFAULT NULL,
  `updated_at` timestamp NULL DEFAULT NULL
) ENGINE=InnoDB DEFAULT CHARSET=utf8mb4 COLLATE=utf8mb4_unicode_ci;

--
-- Dumping data for table `detail_designs`
--

INSERT INTO `detail_designs` (`id`, `name`, `slug`, `image`, `status`, `layout_cat_id`, `type`, `created_at`, `updated_at`) VALUES
(1, 'Detail One', 'detail-one', NULL, 1, 1, 'detail', '2022-11-06 09:47:44', '2022-11-06 09:47:44'),
(2, 'Detail Two', 'detail-two', NULL, 1, 1, 'detail', '2022-11-06 09:47:44', '2022-11-06 09:47:44'),
(3, 'Detail Three', 'detail-three', NULL, 1, 1, 'detail', '2022-11-06 09:47:44', '2022-11-06 09:47:44'),
(4, 'Detail Four', 'detail-four', NULL, 1, 1, 'detail', '2022-11-06 09:47:44', '2022-11-06 09:47:44'),
(5, 'Detail Five', 'detail-five', NULL, 1, 1, 'detail', '2022-11-06 09:47:44', '2022-11-06 09:47:44'),
(6, 'Ecommerce Detail One', 'e-commerce-detail-one', NULL, 1, 38, 'detail', '2022-11-06 09:47:44', '2022-11-06 09:47:44'),
(7, 'Ecommerce Detail Two', 'e-commerce-detail-two', NULL, 1, 38, 'detail', '2022-11-06 09:47:44', '2022-11-06 09:47:44'),
(8, 'Ecommerce Detail Three', 'e-commerce-detail-three', NULL, 1, 38, 'detail', '2022-11-06 09:47:44', '2022-11-06 09:47:44'),
(9, 'Ecommerce Detail Four', 'e-commerce-detail-four', NULL, 1, 38, 'detail', '2022-11-06 09:47:44', '2022-11-06 09:47:44'),
(10, 'Ecommerce List One', 'e-commerce-list-one', NULL, 1, 38, 'list', '2022-11-06 09:47:44', '2022-11-06 09:47:44'),
(11, 'Ecommerce List Two', 'e-commerce-list-two', NULL, 1, 38, 'list', '2022-11-06 09:47:44', '2022-11-06 09:47:44'),
(12, 'Ecommerce List Three', 'e-commerce-list-three', NULL, 1, 38, 'list', '2022-11-06 09:47:44', '2022-11-06 09:47:44'),
(14, 'Ecommerce List Four', 'e-commerce-list-four', NULL, 1, 38, 'list', '2022-11-06 09:47:44', '2022-11-06 09:47:44'),
(15, 'Ecommerce List Five', 'e-commerce-list-five', NULL, 1, 38, 'list', '2022-11-06 09:47:44', '2022-11-06 09:47:44'),
(16, 'Ecommerce List Six', 'e-commerce-list-six', NULL, 1, 38, 'list', '2022-11-06 09:47:44', '2022-11-06 09:47:44'),
(17, 'Ecommerce Detail Six', 'e-commerce-detail-six', NULL, 1, 38, 'detail', '2022-11-06 09:47:44', '2022-11-06 09:47:44'),
(18, 'Ecommerce Detail Seven', 'e-commerce-detail-seven', NULL, 1, 38, 'detail', '2022-11-06 09:47:44', '2022-11-06 09:47:44'),
(19, 'Education Detail One', 'education-detail-one', NULL, 1, 40, 'detail', '2022-11-06 09:47:44', '2022-11-06 09:47:44'),
(20, 'Education Detail Two', 'education-detail-two', NULL, 1, 40, 'detail', '2022-11-06 09:47:44', '2022-11-06 09:47:44'),
(21, 'Education List One', 'education-list-one', NULL, 1, 40, 'list', '2022-11-06 09:47:44', '2022-11-06 09:47:44'),
(22, 'Fashion Detail One', 'fashion-detail-one', NULL, 1, 41, 'detail', '2022-11-06 09:47:44', '2022-11-06 09:47:44'),
(23, 'Ecommerce Detail Eight', 'e-commerce-detail-eight', NULL, 1, 38, 'detail', '2022-11-06 09:47:44', '2022-11-06 09:47:44');

-- --------------------------------------------------------

--
-- Table structure for table `email_templates`
--

CREATE TABLE `email_templates` (
  `id` bigint(20) UNSIGNED NOT NULL,
  `name` varchar(125) COLLATE utf8mb4_unicode_ci DEFAULT NULL,
  `slug` varchar(125) COLLATE utf8mb4_unicode_ci DEFAULT NULL,
  `subject` text COLLATE utf8mb4_unicode_ci,
  `content` longtext COLLATE utf8mb4_unicode_ci,
  `image` varchar(125) COLLATE utf8mb4_unicode_ci DEFAULT NULL,
  `status` tinyint(1) DEFAULT '1',
  `created_at` timestamp NULL DEFAULT NULL,
  `updated_at` timestamp NULL DEFAULT NULL
) ENGINE=InnoDB DEFAULT CHARSET=utf8mb4 COLLATE=utf8mb4_unicode_ci;

--
-- Dumping data for table `email_templates`
--

INSERT INTO `email_templates` (`id`, `name`, `slug`, `subject`, `content`, `image`, `status`, `created_at`, `updated_at`) VALUES
(1, 'New Order', 'new-order', 'New Order Alert', '<figure class=\"table\"><table><tbody><tr><td>Dear {customer_name}</td></tr></tbody></table></figure><p>Your Ordered placed successfully !</p><p>&nbsp;Click here to check your order list: <a href=\"https://offernepal.com/customer/order-history\">https://offernepal.com/customer/order-history</a></p>', NULL, 1, '2022-08-14 06:41:56', '2022-09-25 07:04:44'),
(2, 'New Registration', 'new-registration', NULL, NULL, NULL, 1, '2022-08-14 06:41:56', '2022-08-14 06:41:56'),
(3, 'Proof Response', 'proof-response', 'Proof Response form Customer', '<figure class=\"table\"><table><tbody><tr><td>Proof Response form {customer_name} (Customer)</td></tr></tbody></table></figure><p>&nbsp;Click here to check response : <a href=\"https://offernepal.com/admin/plugins/crm/jobs\">https://offernepal.com/admin/plugins/crm/jobs</a></p>', NULL, 1, '2022-08-14 06:41:56', '2022-09-25 07:05:44'),
(4, 'Proof Submit', 'proof-submit', 'New Proof Alert', '<p>Dear {customer_name}</p><p>&nbsp; Your proofs for Job Number: <i><strong>{job_no}</strong></i>, Job Title: <i><strong>{job_title}</strong></i>, are now ready for approval. Please click on the link below to view and approve your proofs so that we can get your job moving into production.</p><p>Proof Link: {temp_link}</p><p>Thank you !</p>', NULL, 1, '2022-08-14 06:41:56', '2022-10-17 11:50:57'),
(5, 'New Quotaion', 'new-quotaion', 'New Quotation Alert', '<p>Hi {customer_name}</p><p>See attached quote for your reference.</p><p>&nbsp;</p><p>Regards</p>', NULL, 1, '2022-08-14 06:41:56', '2022-12-12 08:53:35'),
(6, 'New Payment', 'new-payment', NULL, NULL, NULL, 1, '2022-08-14 06:41:56', '2022-08-14 06:41:56'),
(7, 'Purchase Order', 'purchase-order', 'New Purchase Order Alert', '<p>Hi {customer_name}</p><p>See attached purchase order details for your reference.</p><p>&nbsp;</p><p>Regards</p>', NULL, 1, NULL, '2023-01-05 08:28:28');

-- --------------------------------------------------------

--
-- Table structure for table `fields`
--

CREATE TABLE `fields` (
  `id` bigint(20) UNSIGNED NOT NULL,
  `name` varchar(125) COLLATE utf8mb4_unicode_ci DEFAULT NULL,
  `slug` varchar(125) COLLATE utf8mb4_unicode_ci DEFAULT NULL,
  `status` tinyint(1) DEFAULT '1',
  `created_at` timestamp NULL DEFAULT NULL,
  `updated_at` timestamp NULL DEFAULT NULL
) ENGINE=InnoDB DEFAULT CHARSET=utf8mb4 COLLATE=utf8mb4_unicode_ci;

--
-- Dumping data for table `fields`
--

INSERT INTO `fields` (`id`, `name`, `slug`, `status`, `created_at`, `updated_at`) VALUES
(1, 'RAM Memory', 'ram_memory', 1, '2022-06-29 14:51:27', '2022-08-03 10:19:13'),
(2, 'Storage Capacity', 'storage_capacity', 1, '2022-06-29 14:51:27', '2022-08-03 10:19:13'),
(3, 'Color Family', 'color_family', 1, '2022-06-29 14:51:27', '2022-08-03 10:19:13'),
(4, 'Business Card Size', 'business_card_size', 1, '2022-06-29 14:13:25', '2022-08-03 10:19:13'),
(5, 'Lamination', 'lamination', 1, '2022-06-29 14:15:28', '2022-08-03 10:19:13'),
(6, 'Sizes', 'sizes', 1, '2022-06-29 14:20:17', '2022-08-03 10:19:13'),
(7, 'Stock', 'stock', 1, '2022-06-29 14:21:38', '2022-08-03 10:19:14'),
(8, 'Quantity', 'quantity', 1, '2022-06-29 14:23:13', '2022-08-03 10:19:14'),
(9, 'Orientation', 'orientation', 1, '2022-06-29 14:43:17', '2022-08-03 10:19:14'),
(10, 'Cover pages ', 'cover_pages', 1, '2022-06-29 14:43:48', '2022-08-03 10:19:14'),
(11, 'Inner Pages', 'inner_pages', 1, '2022-06-29 14:44:20', '2022-08-03 10:19:14'),
(12, 'Printed Pages', 'printed_pages', 1, '2022-06-29 14:44:58', '2022-08-03 10:19:14'),
(13, 'Side', 'side', 1, '2022-06-29 14:45:36', '2022-08-03 10:19:14'),
(14, 'Stand Type', 'stand_type', 1, '2022-06-29 14:46:26', '2022-08-03 10:19:14'),
(15, 'Sizeeee', 'sizeeee', 1, '2022-06-29 14:47:04', '2022-08-03 10:19:14'),
(16, 'Border', 'border', 1, '2022-06-29 14:47:34', '2022-08-03 10:19:14'),
(17, 'Printing', 'printing', 1, '2022-07-15 07:14:33', '2022-08-03 10:19:14'),
(18, 'Artwork', 'artwork', 1, '2022-07-15 07:15:40', '2022-08-03 10:19:14'),
(19, 'Proofing', 'proofing', 1, '2022-07-15 07:18:11', '2022-08-03 10:19:14');

-- --------------------------------------------------------

--
-- Table structure for table `field_options`
--

CREATE TABLE `field_options` (
  `id` bigint(20) UNSIGNED NOT NULL,
  `field_id` bigint(20) UNSIGNED DEFAULT NULL,
  `name` varchar(125) COLLATE utf8mb4_unicode_ci DEFAULT NULL,
  `status` tinyint(1) DEFAULT '1',
  `created_at` timestamp NULL DEFAULT NULL,
  `updated_at` timestamp NULL DEFAULT NULL
) ENGINE=InnoDB DEFAULT CHARSET=utf8mb4 COLLATE=utf8mb4_unicode_ci;

--
-- Dumping data for table `field_options`
--

INSERT INTO `field_options` (`id`, `field_id`, `name`, `status`, `created_at`, `updated_at`) VALUES
(14, 4, '90x55mm  Print 1 Side', 1, '2022-06-29 14:13:25', '2022-08-03 10:51:15'),
(22, 5, 'Matt Lamination 1 Side', 1, '2022-06-29 14:15:28', '2022-07-15 07:28:55'),
(23, 5, 'Matt Lamination 2 Sides', 1, '2022-06-29 14:15:28', '2022-07-15 07:29:04'),
(24, 5, 'Gloss Lamination 1 Side', 1, '2022-06-29 14:15:28', '2022-07-15 07:30:36'),
(25, 6, 'DL', 1, '2022-06-29 14:20:17', '2022-06-29 14:20:17'),
(26, 6, 'A6', 1, '2022-06-29 14:20:17', '2022-06-29 14:20:17'),
(27, 6, 'A5', 1, '2022-06-29 14:20:17', '2022-06-29 14:20:17'),
(28, 6, 'A4', 1, '2022-06-29 14:20:17', '2022-06-29 14:20:17'),
(29, 6, 'A3 ', 1, '2022-06-29 14:20:17', '2022-06-29 14:20:17'),
(30, 7, '115 gsm Gloss', 1, '2022-06-29 14:21:38', '2022-06-29 14:21:38'),
(31, 7, '150 gsm gloss', 1, '2022-06-29 14:21:38', '2022-06-29 14:21:38'),
(32, 7, '170 gsm gloss', 1, '2022-06-29 14:21:38', '2022-06-29 14:21:38'),
(33, 7, '250 gsm gloss', 1, '2022-06-29 14:21:38', '2022-06-29 14:21:38'),
(34, 7, '300 gsm gloss', 1, '2022-06-29 14:21:38', '2022-06-29 14:21:38'),
(35, 7, '250gsm gloss', 1, '2022-06-29 14:21:38', '2022-06-29 14:21:38'),
(36, 8, '250', 1, '2022-06-29 14:23:13', '2022-06-29 14:23:13'),
(37, 8, '500', 1, '2022-06-29 14:23:13', '2022-06-29 14:23:13'),
(38, 8, '1000', 1, '2022-06-29 14:23:13', '2022-06-29 14:23:13'),
(39, 8, '1500', 1, '2022-06-29 14:23:13', '2022-06-29 14:23:13'),
(40, 8, '2000', 1, '2022-06-29 14:23:13', '2022-06-29 14:23:13'),
(41, 8, '2500', 1, '2022-06-29 14:23:13', '2022-06-29 14:23:13'),
(42, 8, '3000', 1, '2022-06-29 14:23:13', '2022-06-29 14:23:13'),
(43, 8, '4000', 1, '2022-06-29 14:23:13', '2022-06-29 14:23:13'),
(44, 8, '5000', 1, '2022-06-29 14:23:13', '2022-08-03 11:17:41'),
(45, 9, 'Portrait', 1, '2022-06-29 14:43:17', '2022-06-29 14:43:17'),
(46, 9, 'Landscape', 1, '2022-06-29 14:43:17', '2022-06-29 14:43:17'),
(47, 10, '115gsm Gloss', 1, '2022-06-29 14:43:48', '2022-07-20 08:49:58'),
(48, 10, '150gsm gloss', 1, '2022-06-29 14:43:48', '2022-07-20 08:50:03'),
(49, 11, '115 gsm Gloss', 1, '2022-06-29 14:44:20', '2022-06-29 14:44:20'),
(50, 11, '150 gsm gloss', 1, '2022-06-29 14:44:20', '2022-06-29 14:44:20'),
(51, 12, '4pp', 1, '2022-06-29 14:44:58', '2022-06-29 14:44:58'),
(52, 12, '8pp', 1, '2022-06-29 14:44:58', '2022-06-29 14:44:58'),
(53, 12, '12pp', 1, '2022-06-29 14:44:58', '2022-06-29 14:44:58'),
(54, 13, 'one side', 1, '2022-06-29 14:45:36', '2022-06-29 14:45:36'),
(55, 13, 'both side', 1, '2022-06-29 14:45:36', '2022-06-29 14:45:36'),
(56, 14, 'Standard', 1, '2022-06-29 14:46:26', '2022-06-29 14:46:26'),
(57, 14, 'Luxury', 1, '2022-06-29 14:46:26', '2022-06-29 14:46:26'),
(58, 14, 'double sided', 1, '2022-06-29 14:46:26', '2022-06-29 14:46:26'),
(59, 15, 'Small', 1, '2022-06-29 14:47:04', '2022-06-29 14:47:04'),
(60, 15, 'Medium', 1, '2022-06-29 14:47:04', '2022-06-29 14:47:04'),
(61, 15, 'Large', 1, '2022-06-29 14:47:04', '2022-06-29 14:47:04'),
(62, 16, 'White', 1, '2022-06-29 14:47:34', '2022-06-29 14:47:34'),
(63, 16, 'Black', 1, '2022-06-29 14:47:34', '2022-06-29 14:47:34'),
(64, 1, '1 GB', 1, '2022-06-29 14:51:27', '2022-06-29 14:51:27'),
(65, 1, '2 GB', 1, '2022-06-29 14:51:27', '2022-06-29 14:51:27'),
(66, 1, '3 GB', 1, '2022-06-29 14:51:27', '2022-06-29 14:51:27'),
(67, 1, '4 GB', 1, '2022-06-29 14:51:27', '2022-06-29 14:51:27'),
(68, 1, '6 GB', 1, '2022-06-29 14:51:27', '2022-06-29 14:51:27'),
(69, 2, '4 GB', 1, '2022-06-29 14:51:27', '2022-06-29 14:51:27'),
(70, 2, '8 GB', 1, '2022-06-29 14:51:27', '2022-06-29 14:51:27'),
(71, 2, '16 GB', 1, '2022-06-29 14:51:27', '2022-06-29 14:51:27'),
(72, 2, '32 GB', 1, '2022-06-29 14:51:27', '2022-06-29 14:51:27'),
(73, 3, 'Black', 1, '2022-06-29 14:51:27', '2022-06-29 14:51:27'),
(74, 3, 'Blue', 1, '2022-06-29 14:51:27', '2022-06-29 14:51:27'),
(75, 3, 'Silver', 1, '2022-06-29 14:51:27', '2022-06-29 14:51:27'),
(76, 3, 'Gold', 1, '2022-06-29 14:51:27', '2022-06-29 14:51:27'),
(82, 17, 'Single Side', 1, '2022-07-15 07:14:33', '2022-07-15 07:14:33'),
(83, 17, 'Double Sided', 1, '2022-07-15 07:14:33', '2022-07-15 07:14:33'),
(84, 18, 'Yes, I have Print Ready Artwork', 1, '2022-07-15 07:15:40', '2022-07-15 07:15:40'),
(85, 18, 'I Need My artwork to be Designed (Design Fee +$29)', 1, '2022-07-15 07:17:08', '2022-07-15 07:17:08'),
(86, 19, 'PDF Proof', 1, '2022-07-15 07:18:11', '2022-07-15 07:18:11'),
(87, 19, 'Hard Copy Proof (+$20)', 1, '2022-07-15 07:18:11', '2022-07-15 07:18:11'),
(88, 5, 'Gloss Lamination 2 Sides', 1, '2022-07-15 07:30:44', '2022-07-15 07:30:44'),
(89, 5, 'Soft Touch Velvet Lamination 2 Sides', 1, '2022-07-15 07:31:58', '2022-07-15 07:31:58'),
(90, 5, 'Soft Touch Velvet Lamination 2 Sides + SPOT UV 1 Side', 1, '2022-07-15 07:33:08', '2022-07-15 07:33:08'),
(91, 5, 'Soft Touch Velvet Lamination 2 Sides + Raised SPOT UV 1 Side', 1, '2022-07-15 07:33:41', '2022-07-15 07:33:41'),
(92, 5, 'Soft Touch Velvet Lamination 2 Sides + Metal Siver 1 Side', 1, '2022-07-15 07:34:08', '2022-07-15 07:34:08'),
(93, 5, 'Soft Touch Velvet Lamination 2 Sides + Metal Gold 1 Side', 1, '2022-07-15 07:34:21', '2022-07-15 07:34:21'),
(94, 5, 'No Lamination', 1, '2022-07-15 07:35:52', '2022-07-15 07:35:52'),
(95, 7, '350gsm Artboard', 1, '2022-07-19 11:11:43', '2022-07-19 11:11:43'),
(96, 7, '450gsm Hign Bulk Artboard', 1, '2022-07-19 11:11:55', '2022-07-19 11:11:55'),
(97, 4, '86x54mm Print 1 Side', 1, '2022-07-19 11:18:15', '2022-07-19 11:25:12'),
(98, 4, '90x45mm Print 1 Side', 1, '2022-07-19 11:18:32', '2022-07-19 11:25:27'),
(99, 4, '90x55mm Print 2 Sides', 1, '2022-07-19 11:25:42', '2022-08-03 10:51:33'),
(100, 4, '86x54mm Print 2 Sides', 1, '2022-07-19 11:25:53', '2022-07-19 11:25:53'),
(101, 4, '90x45mm Print 2 Sides', 1, '2022-07-19 11:26:21', '2022-07-19 11:26:21'),
(103, 10, '170gsm Gloss', 1, '2022-07-20 08:49:47', '2022-07-20 08:50:36'),
(104, 10, '250gsm Gloss', 1, '2022-07-20 08:50:29', '2022-07-20 08:50:29'),
(105, 10, '150gsm Laser', 1, '2022-07-20 08:52:04', '2022-07-20 08:52:04'),
(106, 10, '300gsm Laser', 1, '2022-07-20 08:52:22', '2022-07-20 08:52:22'),
(107, 10, '150gsm Silk/Matt', 1, '2022-07-20 08:52:41', '2022-07-20 08:52:41'),
(108, 10, '170gsm Silk/Matt', 1, '2022-07-20 08:52:50', '2022-07-20 08:52:50'),
(109, 10, '350gsm Artboard', 1, '2022-07-20 08:53:32', '2022-07-20 08:53:32'),
(110, 4, '90x55mm Print 1 Side', 1, '2022-08-03 11:08:53', '2022-08-03 11:08:53');

-- --------------------------------------------------------

--
-- Table structure for table `footer_builders`
--

CREATE TABLE `footer_builders` (
  `id` bigint(20) UNSIGNED NOT NULL,
  `footer_builder_id` bigint(20) UNSIGNED DEFAULT NULL,
  `footer_builder_widget_id` bigint(20) UNSIGNED DEFAULT NULL,
  `footer` varchar(125) COLLATE utf8mb4_unicode_ci DEFAULT NULL,
  `name` varchar(125) COLLATE utf8mb4_unicode_ci DEFAULT NULL,
  `size` bigint(20) DEFAULT '12',
  `status` bigint(20) DEFAULT '1',
  `position` bigint(20) DEFAULT NULL,
  `created_at` timestamp NULL DEFAULT NULL,
  `updated_at` timestamp NULL DEFAULT NULL
) ENGINE=InnoDB DEFAULT CHARSET=utf8mb4 COLLATE=utf8mb4_unicode_ci;

--
-- Dumping data for table `footer_builders`
--

INSERT INTO `footer_builders` (`id`, `footer_builder_id`, `footer_builder_widget_id`, `footer`, `name`, `size`, `status`, `position`, `created_at`, `updated_at`) VALUES
(28, NULL, NULL, 'footer-one', 'Footer', 12, 1, 2, '2022-05-30 14:25:56', '2023-03-02 12:39:58');

-- --------------------------------------------------------

--
-- Table structure for table `footer_builder_sections`
--

CREATE TABLE `footer_builder_sections` (
  `id` bigint(20) UNSIGNED NOT NULL,
  `footer_builder_id` bigint(20) UNSIGNED DEFAULT NULL,
  `section_id` bigint(20) UNSIGNED DEFAULT NULL,
  `div_size` bigint(20) DEFAULT '12',
  `position` bigint(20) DEFAULT '1',
  `created_at` timestamp NULL DEFAULT NULL,
  `updated_at` timestamp NULL DEFAULT NULL
) ENGINE=InnoDB DEFAULT CHARSET=utf8mb4 COLLATE=utf8mb4_unicode_ci;

--
-- Dumping data for table `footer_builder_sections`
--

INSERT INTO `footer_builder_sections` (`id`, `footer_builder_id`, `section_id`, `div_size`, `position`, `created_at`, `updated_at`) VALUES
(60, 28, 82, 3, 1, '2022-05-30 14:25:56', '2022-09-08 15:30:24'),
(61, 28, 48, 3, 2, '2022-05-30 14:25:56', '2022-05-30 17:22:29'),
(62, 28, 53, 3, 3, '2022-05-30 14:25:56', '2022-05-30 17:22:40'),
(63, 28, 55, 3, 4, '2022-05-30 14:25:56', '2022-05-30 17:23:04');

-- --------------------------------------------------------

--
-- Table structure for table `footer_settings`
--

CREATE TABLE `footer_settings` (
  `id` bigint(20) UNSIGNED NOT NULL,
  `footer` varchar(125) COLLATE utf8mb4_unicode_ci DEFAULT NULL,
  `heading` varchar(125) COLLATE utf8mb4_unicode_ci DEFAULT NULL,
  `widget_id` bigint(20) UNSIGNED DEFAULT NULL,
  `div_size` bigint(20) DEFAULT '4',
  `use_type` enum('menu','address','custom','image') COLLATE utf8mb4_unicode_ci DEFAULT 'menu',
  `image` varchar(125) COLLATE utf8mb4_unicode_ci DEFAULT NULL,
  `menu_id` bigint(20) DEFAULT NULL,
  `site_address_id` bigint(20) DEFAULT NULL,
  `content` longtext COLLATE utf8mb4_unicode_ci,
  `status` bigint(20) DEFAULT '1',
  `position` bigint(20) DEFAULT '1',
  `created_at` timestamp NULL DEFAULT NULL,
  `updated_at` timestamp NULL DEFAULT NULL,
  `copyright_link` varchar(125) COLLATE utf8mb4_unicode_ci DEFAULT NULL,
  `helpline` int(11) DEFAULT NULL,
  `subcribe` int(11) DEFAULT NULL
) ENGINE=InnoDB DEFAULT CHARSET=utf8mb4 COLLATE=utf8mb4_unicode_ci;

--
-- Dumping data for table `footer_settings`
--

INSERT INTO `footer_settings` (`id`, `footer`, `heading`, `widget_id`, `div_size`, `use_type`, `image`, `menu_id`, `site_address_id`, `content`, `status`, `position`, `created_at`, `updated_at`, `copyright_link`, `helpline`, `subcribe`) VALUES
(1, NULL, NULL, NULL, 4, 'menu', NULL, NULL, NULL, NULL, 1, 1, '2022-05-17 12:36:58', '2022-09-26 10:38:07', 'All Rights Reserved.', NULL, NULL);

-- --------------------------------------------------------

--
-- Table structure for table `forms`
--

CREATE TABLE `forms` (
  `id` bigint(20) UNSIGNED NOT NULL,
  `name` varchar(125) COLLATE utf8mb4_unicode_ci DEFAULT NULL,
  `status` bigint(20) DEFAULT '1',
  `created_at` timestamp NULL DEFAULT NULL,
  `updated_at` timestamp NULL DEFAULT NULL
) ENGINE=InnoDB DEFAULT CHARSET=utf8mb4 COLLATE=utf8mb4_unicode_ci;

--
-- Dumping data for table `forms`
--

INSERT INTO `forms` (`id`, `name`, `status`, `created_at`, `updated_at`) VALUES
(1, 'Contact', 1, '2022-05-02 07:54:13', '2022-05-02 07:54:13');

-- --------------------------------------------------------

--
-- Table structure for table `form_columns`
--

CREATE TABLE `form_columns` (
  `id` bigint(20) UNSIGNED NOT NULL,
  `form_id` bigint(20) UNSIGNED DEFAULT NULL,
  `column_id` bigint(20) UNSIGNED DEFAULT NULL,
  `heading` varchar(125) COLLATE utf8mb4_unicode_ci DEFAULT NULL,
  `status` bigint(20) DEFAULT '1',
  `size` bigint(20) DEFAULT '6',
  `required` bigint(20) DEFAULT '0',
  `duplicate` bigint(20) DEFAULT '0',
  `max` bigint(20) DEFAULT NULL,
  `placeholder` text COLLATE utf8mb4_unicode_ci,
  `use_editor` bigint(20) DEFAULT '0',
  `position` bigint(20) DEFAULT NULL,
  `visible` bigint(20) DEFAULT '1',
  `inline` bigint(20) DEFAULT '1',
  `created_at` timestamp NULL DEFAULT NULL,
  `updated_at` timestamp NULL DEFAULT NULL
) ENGINE=InnoDB DEFAULT CHARSET=utf8mb4 COLLATE=utf8mb4_unicode_ci;

--
-- Dumping data for table `form_columns`
--

INSERT INTO `form_columns` (`id`, `form_id`, `column_id`, `heading`, `status`, `size`, `required`, `duplicate`, `max`, `placeholder`, `use_editor`, `position`, `visible`, `inline`, `created_at`, `updated_at`) VALUES
(1, 1, 1, 'Full Name', 1, 12, 1, 0, NULL, 'Enter full name', 0, 1, 1, 1, '2022-05-02 07:55:45', '2022-05-02 07:56:15'),
(2, 1, 4, 'Mobile No.', 1, 12, 1, 0, NULL, 'Enter Mobile No. ', 0, 2, 1, 1, '2022-05-02 07:56:23', '2022-05-02 07:56:30'),
(10, 1, 5, 'Email', 1, 12, 0, 0, NULL, 'Enter Valid Email Address', 0, 3, 1, 1, '2022-05-02 07:57:50', '2022-05-02 07:58:04'),
(11, 1, 1, 'Subject', 1, 12, 1, 0, NULL, '', 0, 4, 1, 1, '2022-05-02 07:58:13', '2022-05-02 07:58:24'),
(12, 1, 2, 'Message', 1, 12, 1, 0, NULL, 'Write your message', 0, 5, 0, 1, '2022-05-02 07:58:35', '2022-05-02 08:10:39');

-- --------------------------------------------------------

--
-- Table structure for table `form_column_options`
--

CREATE TABLE `form_column_options` (
  `id` bigint(20) UNSIGNED NOT NULL,
  `form_column_id` bigint(20) UNSIGNED DEFAULT NULL,
  `name` varchar(125) COLLATE utf8mb4_unicode_ci DEFAULT NULL,
  `created_at` timestamp NULL DEFAULT NULL,
  `updated_at` timestamp NULL DEFAULT NULL
) ENGINE=InnoDB DEFAULT CHARSET=utf8mb4 COLLATE=utf8mb4_unicode_ci;

--
-- Dumping data for table `form_column_options`
--

INSERT INTO `form_column_options` (`id`, `form_column_id`, `name`, `created_at`, `updated_at`) VALUES
(1, 4, 'Male', '2022-05-02 07:56:39', '2022-05-02 07:56:39'),
(2, 4, 'Female', '2022-05-02 07:56:39', '2022-05-02 07:56:39'),
(3, 4, 'Others', '2022-05-02 07:56:39', '2022-05-02 07:56:39'),
(4, 5, 'Male', '2022-05-02 07:56:39', '2022-05-02 07:56:39'),
(5, 5, 'Female', '2022-05-02 07:56:39', '2022-05-02 07:56:39'),
(6, 5, 'Others', '2022-05-02 07:56:39', '2022-05-02 07:56:39'),
(7, 6, 'Male', '2022-05-02 07:56:40', '2022-05-02 07:56:40'),
(8, 6, 'Female', '2022-05-02 07:56:40', '2022-05-02 07:56:40'),
(9, 6, 'Others', '2022-05-02 07:56:40', '2022-05-02 07:56:40'),
(10, 7, 'Male', '2022-05-02 07:56:40', '2022-05-02 07:56:40'),
(11, 7, 'Female', '2022-05-02 07:56:40', '2022-05-02 07:56:40'),
(12, 7, 'Others', '2022-05-02 07:56:40', '2022-05-02 07:56:40'),
(13, 8, 'Male', '2022-05-02 07:57:05', '2022-05-02 07:57:05'),
(14, 8, 'Female', '2022-05-02 07:57:05', '2022-05-02 07:57:05'),
(15, 8, 'Others', '2022-05-02 07:57:05', '2022-05-02 07:57:05');

-- --------------------------------------------------------

--
-- Table structure for table `form_column_stores`
--

CREATE TABLE `form_column_stores` (
  `id` bigint(20) UNSIGNED NOT NULL,
  `form_group_id` bigint(20) UNSIGNED DEFAULT NULL,
  `form_column_id` bigint(20) UNSIGNED DEFAULT NULL,
  `name` varchar(125) COLLATE utf8mb4_unicode_ci DEFAULT NULL,
  `created_at` timestamp NULL DEFAULT NULL,
  `updated_at` timestamp NULL DEFAULT NULL
) ENGINE=InnoDB DEFAULT CHARSET=utf8mb4 COLLATE=utf8mb4_unicode_ci;

--
-- Dumping data for table `form_column_stores`
--

INSERT INTO `form_column_stores` (`id`, `form_group_id`, `form_column_id`, `name`, `created_at`, `updated_at`) VALUES
(1, 1, 1, 'Ramesh Dahal (developer)', '2022-05-02 08:10:20', '2022-05-02 08:10:20'),
(2, 1, 2, '9856065444', '2022-05-02 08:10:20', '2022-05-02 08:10:20'),
(3, 1, 10, 'youramesh5@gmail.com', '2022-05-02 08:10:20', '2022-05-02 08:10:20'),
(4, 1, 11, 'NA', '2022-05-02 08:10:20', '2022-05-02 08:10:20'),
(5, 1, 12, 'NA', '2022-05-02 08:10:20', '2022-05-02 08:10:20'),
(6, 2, 1, 'fuvyqawo@mailinator.com', '2022-05-02 13:30:49', '2022-05-02 13:30:49'),
(7, 2, 2, '42', '2022-05-02 13:30:49', '2022-05-02 13:30:49'),
(8, 2, 10, 'bylujo@mailinator.com', '2022-05-02 13:30:49', '2022-05-02 13:30:49'),
(9, 2, 11, 'syqibujozo@mailinator.com', '2022-05-02 13:30:49', '2022-05-02 13:30:49'),
(10, 2, 12, 'Voluptatem error cor', '2022-05-02 13:30:49', '2022-05-02 13:30:49'),
(11, 3, 1, 'Eric', '2022-05-04 07:37:57', '2022-05-04 07:37:57'),
(12, 3, 2, 'eric.jones.z.mail@gmail.com', '2022-05-04 07:37:57', '2022-05-04 07:37:57'),
(13, 3, 10, 'eric.jones.z.mail@gmail.com', '2022-05-04 07:37:57', '2022-05-04 07:37:57'),
(14, 3, 11, 'Cool website!', '2022-05-04 07:37:57', '2022-05-04 07:37:57'),
(15, 4, 1, 'xvzv', '2022-05-09 18:25:51', '2022-05-09 18:25:51'),
(16, 4, 2, '32323', '2022-05-09 18:25:51', '2022-05-09 18:25:51'),
(17, 4, 10, 'abc@gmail.com', '2022-05-09 18:25:51', '2022-05-09 18:25:51'),
(18, 4, 11, '323', '2022-05-09 18:25:51', '2022-05-09 18:25:51'),
(19, 4, 12, '32323', '2022-05-09 18:25:51', '2022-05-09 18:25:51'),
(20, 5, 1, 'Eric', '2022-05-18 22:38:59', '2022-05-18 22:38:59'),
(21, 5, 2, 'eric.jones.z.mail@gmail.com', '2022-05-18 22:38:59', '2022-05-18 22:38:59'),
(22, 5, 10, 'eric.jones.z.mail@gmail.com', '2022-05-18 22:38:59', '2022-05-18 22:38:59'),
(23, 5, 11, 'Why not TALK with your leads?', '2022-05-18 22:38:59', '2022-05-18 22:38:59'),
(24, 6, 1, 'Eric', '2022-06-20 07:36:04', '2022-06-20 07:36:04'),
(25, 6, 2, 'eric.jones.z.mail@gmail.com', '2022-06-20 07:36:04', '2022-06-20 07:36:04'),
(26, 6, 10, 'eric.jones.z.mail@gmail.com', '2022-06-20 07:36:04', '2022-06-20 07:36:04'),
(27, 6, 11, 'Strike when the iron’s hot', '2022-06-20 07:36:04', '2022-06-20 07:36:04'),
(28, 7, 1, 'Eric', '2022-06-21 23:20:23', '2022-06-21 23:20:23'),
(29, 7, 2, 'eric.jones.z.mail@gmail.com', '2022-06-21 23:20:23', '2022-06-21 23:20:23'),
(30, 7, 10, 'eric.jones.z.mail@gmail.com', '2022-06-21 23:20:23', '2022-06-21 23:20:23'),
(31, 7, 11, 'Your site – more leads?', '2022-06-21 23:20:23', '2022-06-21 23:20:23'),
(32, 8, 1, 'Eric', '2022-06-26 11:45:15', '2022-06-26 11:45:15'),
(33, 8, 2, 'eric.jones.z.mail@gmail.com', '2022-06-26 11:45:15', '2022-06-26 11:45:15'),
(34, 8, 10, 'eric.jones.z.mail@gmail.com', '2022-06-26 11:45:15', '2022-06-26 11:45:15'),
(35, 8, 11, 'Why not TALK with your leads?', '2022-06-26 11:45:15', '2022-06-26 11:45:15'),
(36, 9, 1, 'Eric', '2022-06-30 00:42:21', '2022-06-30 00:42:21'),
(37, 9, 2, 'eric.jones.z.mail@gmail.com', '2022-06-30 00:42:21', '2022-06-30 00:42:21'),
(38, 9, 10, 'eric.jones.z.mail@gmail.com', '2022-06-30 00:42:21', '2022-06-30 00:42:21'),
(39, 9, 11, 'Your site – more leads?', '2022-06-30 00:42:21', '2022-06-30 00:42:21'),
(40, 10, 1, 'Eric', '2022-07-02 11:43:22', '2022-07-02 11:43:22'),
(41, 10, 2, 'eric.jones.z.mail@gmail.com', '2022-07-02 11:43:22', '2022-07-02 11:43:22'),
(42, 10, 10, 'eric.jones.z.mail@gmail.com', '2022-07-02 11:43:22', '2022-07-02 11:43:22'),
(43, 10, 11, 'Cool website!', '2022-07-02 11:43:22', '2022-07-02 11:43:22'),
(44, 11, 1, 'Eric', '2022-07-08 15:46:11', '2022-07-08 15:46:11'),
(45, 11, 2, 'eric.jones.z.mail@gmail.com', '2022-07-08 15:46:11', '2022-07-08 15:46:11'),
(46, 11, 10, 'eric.jones.z.mail@gmail.com', '2022-07-08 15:46:11', '2022-07-08 15:46:11'),
(47, 11, 11, 'Turn Surf-Surf-Surf into Talk Talk Talk', '2022-07-08 15:46:11', '2022-07-08 15:46:11'),
(48, 12, 1, 'Email', '2022-08-05 05:44:29', '2022-08-05 05:44:29'),
(49, 12, 2, 'contact@emailinfluence.xyz', '2022-08-05 05:44:29', '2022-08-05 05:44:29'),
(50, 12, 10, 'contact@emailinfluence.xyz', '2022-08-05 05:44:29', '2022-08-05 05:44:29'),
(51, 12, 11, 'Missing Out on Email Marketing?', '2022-08-05 05:44:29', '2022-08-05 05:44:29'),
(52, 13, 1, 'Eric', '2022-08-07 02:14:31', '2022-08-07 02:14:31'),
(53, 13, 2, 'ericjonesmyemail@gmail.com', '2022-08-07 02:14:31', '2022-08-07 02:14:31'),
(54, 13, 10, 'ericjonesmyemail@gmail.com', '2022-08-07 02:14:31', '2022-08-07 02:14:31'),
(55, 13, 11, 'Try this, get more leads', '2022-08-07 02:14:31', '2022-08-07 02:14:31'),
(56, 14, 1, 'Eric', '2022-08-07 03:47:27', '2022-08-07 03:47:27'),
(57, 14, 2, 'ericjonesmyemail@gmail.com', '2022-08-07 03:47:27', '2022-08-07 03:47:27'),
(58, 14, 10, 'ericjonesmyemail@gmail.com', '2022-08-07 03:47:27', '2022-08-07 03:47:27'),
(59, 14, 11, 'Try this, get more leads', '2022-08-07 03:47:27', '2022-08-07 03:47:27'),
(60, 15, 1, 'Eric', '2022-09-19 23:52:55', '2022-09-19 23:52:55'),
(61, 15, 2, 'ericjonesmyemail@gmail.com', '2022-09-19 23:52:55', '2022-09-19 23:52:55'),
(62, 15, 10, 'ericjonesmyemail@gmail.com', '2022-09-19 23:52:55', '2022-09-19 23:52:55'),
(63, 15, 11, 'Try this, get more leads', '2022-09-19 23:52:55', '2022-09-19 23:52:55'),
(64, 16, 1, 'Eric', '2022-09-20 01:32:01', '2022-09-20 01:32:01'),
(65, 16, 2, 'ericjonesmyemail@gmail.com', '2022-09-20 01:32:01', '2022-09-20 01:32:01'),
(66, 16, 10, 'ericjonesmyemail@gmail.com', '2022-09-20 01:32:01', '2022-09-20 01:32:01'),
(67, 16, 11, 'Try this, get more leads', '2022-09-20 01:32:01', '2022-09-20 01:32:01'),
(68, 17, 1, 'syoMTGzi', '2022-09-21 22:41:37', '2022-09-21 22:41:37'),
(69, 17, 2, 'apdnXNPF', '2022-09-21 22:41:37', '2022-09-21 22:41:37'),
(70, 17, 10, 'travon815y98i@outlook.com', '2022-09-21 22:41:37', '2022-09-21 22:41:37'),
(71, 17, 11, 'xoSrCIRpQDuXs', '2022-09-21 22:41:37', '2022-09-21 22:41:37'),
(72, 17, 12, 'XJRPyAcSqWZiue', '2022-09-21 22:41:37', '2022-09-21 22:41:37'),
(73, 18, 1, 'MushigbATScFe', '2022-09-21 22:41:41', '2022-09-21 22:41:41'),
(74, 18, 2, 'tdNSieqnJhOTkmp', '2022-09-21 22:41:41', '2022-09-21 22:41:41'),
(75, 18, 10, 'travon815y98i@outlook.com', '2022-09-21 22:41:41', '2022-09-21 22:41:41'),
(76, 18, 11, 'oieKzcPgU', '2022-09-21 22:41:41', '2022-09-21 22:41:41'),
(77, 18, 12, 'IMfPRqmAG', '2022-09-21 22:41:41', '2022-09-21 22:41:41'),
(78, 19, 1, 'nHxhNfEgp', '2022-09-21 22:42:00', '2022-09-21 22:42:00'),
(79, 19, 2, 'BfCkhEoP', '2022-09-21 22:42:00', '2022-09-21 22:42:00'),
(80, 19, 10, 'travon815y98i@outlook.com', '2022-09-21 22:42:00', '2022-09-21 22:42:00'),
(81, 19, 11, 'beXNnpil', '2022-09-21 22:42:00', '2022-09-21 22:42:00'),
(82, 19, 12, 'rIjmDGkgK', '2022-09-21 22:42:00', '2022-09-21 22:42:00'),
(83, 20, 1, 'doIpnBVqQEGRJ', '2022-09-21 22:42:06', '2022-09-21 22:42:06'),
(84, 20, 2, 'SHtqVUIYvbuE', '2022-09-21 22:42:06', '2022-09-21 22:42:06'),
(85, 20, 10, 'travon815y98i@outlook.com', '2022-09-21 22:42:06', '2022-09-21 22:42:06'),
(86, 20, 11, 'PiVUhxODmGaNjor', '2022-09-21 22:42:06', '2022-09-21 22:42:06'),
(87, 20, 12, 'ETCqgUJRp', '2022-09-21 22:42:06', '2022-09-21 22:42:06'),
(88, 21, 1, 'ywixVeWpIfQmGhD', '2022-09-24 21:40:52', '2022-09-24 21:40:52'),
(89, 21, 2, 'oITBmMLjxwcW', '2022-09-24 21:40:52', '2022-09-24 21:40:52'),
(90, 21, 10, 'mathew140lgi1a@outlook.com', '2022-09-24 21:40:52', '2022-09-24 21:40:52'),
(91, 21, 11, 'zDaxQXJCEu', '2022-09-24 21:40:52', '2022-09-24 21:40:52'),
(92, 21, 12, 'gWIVHwEMeXQLpTi', '2022-09-24 21:40:52', '2022-09-24 21:40:52'),
(93, 22, 1, 'EQqoFbOC', '2022-09-24 21:41:00', '2022-09-24 21:41:00'),
(94, 22, 2, 'DVTMcJfZWKCtp', '2022-09-24 21:41:00', '2022-09-24 21:41:00'),
(95, 22, 10, 'mathew140lgi1a@outlook.com', '2022-09-24 21:41:00', '2022-09-24 21:41:00'),
(96, 22, 11, 'HFeYukyKLrOUd', '2022-09-24 21:41:00', '2022-09-24 21:41:00'),
(97, 22, 12, 'ifhbAYrMExa', '2022-09-24 21:41:00', '2022-09-24 21:41:00'),
(98, 23, 1, 'hTQDESfxJWoKNPnU', '2022-09-24 21:41:59', '2022-09-24 21:41:59'),
(99, 23, 2, 'nfIwGAkWUL', '2022-09-24 21:41:59', '2022-09-24 21:41:59'),
(100, 23, 10, 'mathew140lgi1a@outlook.com', '2022-09-24 21:41:59', '2022-09-24 21:41:59'),
(101, 23, 11, 'ZLnhOKYEFwQ', '2022-09-24 21:41:59', '2022-09-24 21:41:59'),
(102, 23, 12, 'bTUFJEnctYyghKS', '2022-09-24 21:41:59', '2022-09-24 21:41:59'),
(103, 24, 1, 'azUHVFhYNeGOCKs', '2022-09-24 21:42:00', '2022-09-24 21:42:00'),
(104, 24, 2, 'iCLJbfTAX', '2022-09-24 21:42:00', '2022-09-24 21:42:00'),
(105, 24, 10, 'mathew140lgi1a@outlook.com', '2022-09-24 21:42:00', '2022-09-24 21:42:00'),
(106, 24, 11, 'iKIxzFLhCNVorQ', '2022-09-24 21:42:00', '2022-09-24 21:42:00'),
(107, 24, 12, 'fGbcTWrNUlVHwQYD', '2022-09-24 21:42:00', '2022-09-24 21:42:00'),
(108, 25, 1, 'ZPobRhjaEQeN', '2022-09-30 00:10:11', '2022-09-30 00:10:11'),
(109, 25, 2, 'iIyAWUndfpahjG', '2022-09-30 00:10:11', '2022-09-30 00:10:11'),
(110, 25, 10, 'audriahez0di3794@outlook.com', '2022-09-30 00:10:11', '2022-09-30 00:10:11'),
(111, 25, 11, 'jDQoYcNdb', '2022-09-30 00:10:11', '2022-09-30 00:10:11'),
(112, 25, 12, 'tXgIERAjUa', '2022-09-30 00:10:11', '2022-09-30 00:10:11'),
(113, 26, 1, 'ybQKmzrkhplCGIqA', '2022-09-30 00:10:17', '2022-09-30 00:10:17'),
(114, 26, 2, 'SyCrWLaVtzwN', '2022-09-30 00:10:17', '2022-09-30 00:10:17'),
(115, 26, 10, 'audriahez0di3794@outlook.com', '2022-09-30 00:10:17', '2022-09-30 00:10:17'),
(116, 26, 11, 'fZDpNujwVnJiRgCP', '2022-09-30 00:10:17', '2022-09-30 00:10:17'),
(117, 26, 12, 'UKXOTbcezQGClM', '2022-09-30 00:10:17', '2022-09-30 00:10:17'),
(118, 27, 1, 'rijQJhxCVu', '2022-09-30 00:10:41', '2022-09-30 00:10:41'),
(119, 27, 2, 'UMNYpCjOqcdXro', '2022-09-30 00:10:41', '2022-09-30 00:10:41'),
(120, 27, 10, 'audriahez0di3794@outlook.com', '2022-09-30 00:10:41', '2022-09-30 00:10:41'),
(121, 27, 11, 'BQCLlqFAKviZ', '2022-09-30 00:10:41', '2022-09-30 00:10:41'),
(122, 27, 12, 'bRgOvlQJGuUen', '2022-09-30 00:10:41', '2022-09-30 00:10:41'),
(123, 28, 1, 'DOpoGRkmBXnZS', '2022-09-30 00:10:51', '2022-09-30 00:10:51'),
(124, 28, 2, 'OpUewHftxcXgzr', '2022-09-30 00:10:51', '2022-09-30 00:10:51'),
(125, 28, 10, 'audriahez0di3794@outlook.com', '2022-09-30 00:10:51', '2022-09-30 00:10:51'),
(126, 28, 11, 'XZjcnrYxEaC', '2022-09-30 00:10:51', '2022-09-30 00:10:51'),
(127, 28, 12, 'jygNiGxwLOM', '2022-09-30 00:10:51', '2022-09-30 00:10:51'),
(128, 29, 1, 'BQshmGFKX', '2022-10-01 00:02:51', '2022-10-01 00:02:51'),
(129, 29, 2, 'qwWyvMYxljiUCIXc', '2022-10-01 00:02:51', '2022-10-01 00:02:51'),
(130, 29, 10, 'ylindsee9v0bo46z7y2@outlook.com', '2022-10-01 00:02:51', '2022-10-01 00:02:51'),
(131, 29, 11, 'EFDhJArNOwQ', '2022-10-01 00:02:51', '2022-10-01 00:02:51'),
(132, 29, 12, 'CQIVBvuNDMn', '2022-10-01 00:02:51', '2022-10-01 00:02:51'),
(133, 30, 1, 'ehGRdyVzN', '2022-10-01 00:02:58', '2022-10-01 00:02:58'),
(134, 30, 2, 'pvHSLKXbqxtYdE', '2022-10-01 00:02:58', '2022-10-01 00:02:58'),
(135, 30, 10, 'ylindsee9v0bo46z7y2@outlook.com', '2022-10-01 00:02:58', '2022-10-01 00:02:58'),
(136, 30, 11, 'AbjsRHlPX', '2022-10-01 00:02:58', '2022-10-01 00:02:58'),
(137, 30, 12, 'JlwNHZMajE', '2022-10-01 00:02:58', '2022-10-01 00:02:58'),
(138, 31, 1, 'zmtnQRBDMlvO', '2022-10-01 00:03:05', '2022-10-01 00:03:05'),
(139, 31, 2, 'pzetuBsiZJA', '2022-10-01 00:03:05', '2022-10-01 00:03:05'),
(140, 31, 10, 'ylindsee9v0bo46z7y2@outlook.com', '2022-10-01 00:03:05', '2022-10-01 00:03:05'),
(141, 31, 11, 'PcVjdlbheisCpZNx', '2022-10-01 00:03:05', '2022-10-01 00:03:05'),
(142, 31, 12, 'MwcKozuTht', '2022-10-01 00:03:05', '2022-10-01 00:03:05'),
(143, 32, 1, 'twoOnKaTuRCZE', '2022-10-01 00:03:09', '2022-10-01 00:03:09'),
(144, 32, 2, 'pJjzZQerDBob', '2022-10-01 00:03:09', '2022-10-01 00:03:09'),
(145, 32, 10, 'ylindsee9v0bo46z7y2@outlook.com', '2022-10-01 00:03:09', '2022-10-01 00:03:09'),
(146, 32, 11, 'RCZymdOEbFw', '2022-10-01 00:03:09', '2022-10-01 00:03:09'),
(147, 32, 12, 'YWNsvoVGlwaP', '2022-10-01 00:03:09', '2022-10-01 00:03:09'),
(148, 33, 1, 'Jen', '2022-10-02 05:55:04', '2022-10-02 05:55:04'),
(149, 33, 2, 'employeegrant@mygsuite.co', '2022-10-02 05:55:04', '2022-10-02 05:55:04'),
(150, 33, 10, 'employeegrant@mygsuite.co', '2022-10-02 05:55:04', '2022-10-02 05:55:04'),
(151, 33, 11, 'Question', '2022-10-02 05:55:04', '2022-10-02 05:55:04'),
(152, 34, 1, 'oDYCzuWPkMl', '2022-10-05 09:09:36', '2022-10-05 09:09:36'),
(153, 34, 2, 'kUhmwDbGBEzKyvpu', '2022-10-05 09:09:36', '2022-10-05 09:09:36'),
(154, 34, 10, 'janeciaa0ak3o897e@outlook.com', '2022-10-05 09:09:36', '2022-10-05 09:09:36'),
(155, 34, 11, 'cWvQtTkSAVzNI', '2022-10-05 09:09:36', '2022-10-05 09:09:36'),
(156, 34, 12, 'DGfWqRsUMLjkFS', '2022-10-05 09:09:36', '2022-10-05 09:09:36'),
(157, 35, 1, 'TizXhxKYNmFywuqj', '2022-10-05 09:09:41', '2022-10-05 09:09:41'),
(158, 35, 2, 'izdMZIGq', '2022-10-05 09:09:41', '2022-10-05 09:09:41'),
(159, 35, 10, 'janeciaa0ak3o897e@outlook.com', '2022-10-05 09:09:41', '2022-10-05 09:09:41'),
(160, 35, 11, 'RMsNqywCFbJL', '2022-10-05 09:09:41', '2022-10-05 09:09:41'),
(161, 35, 12, 'hWYNrqdyD', '2022-10-05 09:09:41', '2022-10-05 09:09:41'),
(162, 36, 1, 'vYrxuBUlnqpzo', '2022-10-05 09:09:50', '2022-10-05 09:09:50'),
(163, 36, 2, 'UefynLdtK', '2022-10-05 09:09:50', '2022-10-05 09:09:50'),
(164, 36, 10, 'janeciaa0ak3o897e@outlook.com', '2022-10-05 09:09:50', '2022-10-05 09:09:50'),
(165, 36, 11, 'yEFHjcNIwtT', '2022-10-05 09:09:50', '2022-10-05 09:09:50'),
(166, 36, 12, 'nitOQkrjpu', '2022-10-05 09:09:50', '2022-10-05 09:09:50'),
(167, 37, 1, 'uxWZPOpD', '2022-10-05 09:09:57', '2022-10-05 09:09:57'),
(168, 37, 2, 'yucpaEYMAkLxXl', '2022-10-05 09:09:57', '2022-10-05 09:09:57'),
(169, 37, 10, 'janeciaa0ak3o897e@outlook.com', '2022-10-05 09:09:57', '2022-10-05 09:09:57'),
(170, 37, 11, 'lAhXBpSGjUFrqWKv', '2022-10-05 09:09:57', '2022-10-05 09:09:57'),
(171, 37, 12, 'UgBLETzwnPDJ', '2022-10-05 09:09:57', '2022-10-05 09:09:57'),
(172, 38, 1, 'SstiMgnVANdvy', '2022-10-14 18:37:33', '2022-10-14 18:37:33'),
(173, 38, 2, 'pKIosqQcM', '2022-10-14 18:37:33', '2022-10-14 18:37:33'),
(174, 38, 10, 'vladimirpoqc9@outlook.com', '2022-10-14 18:37:33', '2022-10-14 18:37:33'),
(175, 38, 11, 'RiDdbaIh', '2022-10-14 18:37:33', '2022-10-14 18:37:33'),
(176, 38, 12, 'UpEDYAoRzywP', '2022-10-14 18:37:33', '2022-10-14 18:37:33'),
(177, 39, 1, 'CAWBYvxKIzc', '2022-10-14 18:37:43', '2022-10-14 18:37:43'),
(178, 39, 2, 'gNDpTLYvRrWQBHmy', '2022-10-14 18:37:43', '2022-10-14 18:37:43'),
(179, 39, 10, 'vladimirpoqc9@outlook.com', '2022-10-14 18:37:43', '2022-10-14 18:37:43'),
(180, 39, 11, 'rcABubEaPnkJYxD', '2022-10-14 18:37:43', '2022-10-14 18:37:43'),
(181, 39, 12, 'DmcwzRhFZ', '2022-10-14 18:37:43', '2022-10-14 18:37:43'),
(182, 40, 1, 'QbwiYoJF', '2022-10-14 18:38:01', '2022-10-14 18:38:01'),
(183, 40, 2, 'FeXTcAVHovr', '2022-10-14 18:38:01', '2022-10-14 18:38:01'),
(184, 40, 10, 'vladimirpoqc9@outlook.com', '2022-10-14 18:38:01', '2022-10-14 18:38:01'),
(185, 40, 11, 'jRFMHVGJ', '2022-10-14 18:38:01', '2022-10-14 18:38:01'),
(186, 40, 12, 'ygKObiSEGAs', '2022-10-14 18:38:01', '2022-10-14 18:38:01'),
(187, 41, 1, 'pOziCQwkWGhm', '2022-10-14 18:38:09', '2022-10-14 18:38:09'),
(188, 41, 2, 'OhQAFZWrtiRE', '2022-10-14 18:38:09', '2022-10-14 18:38:09'),
(189, 41, 10, 'vladimirpoqc9@outlook.com', '2022-10-14 18:38:09', '2022-10-14 18:38:09'),
(190, 41, 11, 'wgXYzDuRQN', '2022-10-14 18:38:09', '2022-10-14 18:38:09'),
(191, 41, 12, 'SPOFUhIaief', '2022-10-14 18:38:09', '2022-10-14 18:38:09'),
(192, 42, 1, 'Alexander', '2022-10-28 03:39:21', '2022-10-28 03:39:21'),
(193, 42, 2, 'alexander.ap.marketing@gmail.com', '2022-10-28 03:39:21', '2022-10-28 03:39:21'),
(194, 42, 10, 'alexander.ap.marketing@gmail.com', '2022-10-28 03:39:21', '2022-10-28 03:39:21'),
(195, 42, 11, 'Hello, I hope you are doing well.', '2022-10-28 03:39:21', '2022-10-28 03:39:21'),
(196, 43, 1, 'VOoxveQRkwahsT', '2022-11-01 11:34:55', '2022-11-01 11:34:55'),
(197, 43, 2, 'bHtdwKfF', '2022-11-01 11:34:55', '2022-11-01 11:34:55'),
(198, 43, 10, 'amberd7lucia@hotmail.com', '2022-11-01 11:34:55', '2022-11-01 11:34:55'),
(199, 43, 11, 'qtCBmdZlLHxwVYGX', '2022-11-01 11:34:55', '2022-11-01 11:34:55'),
(200, 43, 12, 'DekrWQsnlT', '2022-11-01 11:34:55', '2022-11-01 11:34:55'),
(201, 44, 1, 'vxGwQtkfCBRM', '2022-11-01 11:35:16', '2022-11-01 11:35:16'),
(202, 44, 2, 'LloIbwjkEcMW', '2022-11-01 11:35:16', '2022-11-01 11:35:16'),
(203, 44, 10, 'amberd7lucia@hotmail.com', '2022-11-01 11:35:16', '2022-11-01 11:35:16'),
(204, 44, 11, 'PTrAnaxJV', '2022-11-01 11:35:16', '2022-11-01 11:35:16'),
(205, 44, 12, 'ngDPHxQipqKzLuo', '2022-11-01 11:35:16', '2022-11-01 11:35:16'),
(206, 45, 1, 'ZPGRfwHmSlsz', '2022-11-01 11:36:08', '2022-11-01 11:36:08'),
(207, 45, 2, 'tVHqcYoEunQiZK', '2022-11-01 11:36:08', '2022-11-01 11:36:08'),
(208, 45, 10, 'amberd7lucia@hotmail.com', '2022-11-01 11:36:08', '2022-11-01 11:36:08'),
(209, 45, 11, 'CaAMlYkUOs', '2022-11-01 11:36:08', '2022-11-01 11:36:08'),
(210, 45, 12, 'VPdbXiOSNtQW', '2022-11-01 11:36:08', '2022-11-01 11:36:08'),
(211, 46, 1, 'JNcaLpMzRTZdKSb', '2022-11-01 11:36:34', '2022-11-01 11:36:34'),
(212, 46, 2, 'fzqrEpIYJ', '2022-11-01 11:36:34', '2022-11-01 11:36:34'),
(213, 46, 10, 'amberd7lucia@hotmail.com', '2022-11-01 11:36:34', '2022-11-01 11:36:34'),
(214, 46, 11, 'hzZHDkiwb', '2022-11-01 11:36:34', '2022-11-01 11:36:34'),
(215, 46, 12, 'TJNzQiWhtYbCpx', '2022-11-01 11:36:34', '2022-11-01 11:36:34'),
(216, 47, 1, 'Eric', '2022-11-03 21:55:53', '2022-11-03 21:55:53'),
(217, 47, 2, 'ericjonesmyemail@gmail.com', '2022-11-03 21:55:53', '2022-11-03 21:55:53'),
(218, 47, 10, 'ericjonesmyemail@gmail.com', '2022-11-03 21:55:53', '2022-11-03 21:55:53'),
(219, 47, 11, 'Try this, get more leads', '2022-11-03 21:55:53', '2022-11-03 21:55:53'),
(220, 48, 1, 'Eric', '2022-11-03 23:39:51', '2022-11-03 23:39:51'),
(221, 48, 2, 'ericjonesmyemail@gmail.com', '2022-11-03 23:39:51', '2022-11-03 23:39:51'),
(222, 48, 10, 'ericjonesmyemail@gmail.com', '2022-11-03 23:39:51', '2022-11-03 23:39:51'),
(223, 48, 11, 'Try this, get more leads', '2022-11-03 23:39:51', '2022-11-03 23:39:51'),
(224, 49, 1, 'Eric', '2022-11-04 17:04:17', '2022-11-04 17:04:17'),
(225, 49, 2, 'ericjonesmyemail@gmail.com', '2022-11-04 17:04:17', '2022-11-04 17:04:17'),
(226, 49, 10, 'ericjonesmyemail@gmail.com', '2022-11-04 17:04:17', '2022-11-04 17:04:17'),
(227, 49, 11, 'Why not TALK with your leads?', '2022-11-04 17:04:17', '2022-11-04 17:04:17'),
(228, 50, 1, 'Eric', '2022-11-04 18:49:40', '2022-11-04 18:49:40'),
(229, 50, 2, 'ericjonesmyemail@gmail.com', '2022-11-04 18:49:40', '2022-11-04 18:49:40'),
(230, 50, 10, 'ericjonesmyemail@gmail.com', '2022-11-04 18:49:40', '2022-11-04 18:49:40'),
(231, 50, 11, 'Why not TALK with your leads?', '2022-11-04 18:49:40', '2022-11-04 18:49:40'),
(232, 51, 1, 'CwEHhxzanXMvSeUW', '2022-11-07 18:24:42', '2022-11-07 18:24:42'),
(233, 51, 2, 'cqLmgwPIoXGW', '2022-11-07 18:24:42', '2022-11-07 18:24:42'),
(234, 51, 10, 'hollydonnauk8f@outlook.com', '2022-11-07 18:24:42', '2022-11-07 18:24:42'),
(235, 51, 11, 'XQpPSHihzacoEm', '2022-11-07 18:24:42', '2022-11-07 18:24:42'),
(236, 51, 12, 'UlHCMuAmEdVcepL', '2022-11-07 18:24:42', '2022-11-07 18:24:42'),
(237, 52, 1, 'vsTHxcCUbo', '2022-11-07 18:24:49', '2022-11-07 18:24:49'),
(238, 52, 2, 'qfNucwVABjbkQl', '2022-11-07 18:24:49', '2022-11-07 18:24:49'),
(239, 52, 10, 'hollydonnauk8f@outlook.com', '2022-11-07 18:24:49', '2022-11-07 18:24:49'),
(240, 52, 11, 'QcEweoSjIOuD', '2022-11-07 18:24:49', '2022-11-07 18:24:49'),
(241, 52, 12, 'qdhvuASEoVDT', '2022-11-07 18:24:49', '2022-11-07 18:24:49'),
(242, 53, 1, 'CbXWvUimukt', '2022-11-07 18:25:05', '2022-11-07 18:25:05'),
(243, 53, 2, 'cIlpHtdBkhr', '2022-11-07 18:25:05', '2022-11-07 18:25:05'),
(244, 53, 10, 'hollydonnauk8f@outlook.com', '2022-11-07 18:25:05', '2022-11-07 18:25:05'),
(245, 53, 11, 'vfTixews', '2022-11-07 18:25:05', '2022-11-07 18:25:05'),
(246, 53, 12, 'jPBkUsGNFEYnThLg', '2022-11-07 18:25:05', '2022-11-07 18:25:05'),
(247, 54, 1, 'KzFEOqyYgobU', '2022-11-07 18:25:12', '2022-11-07 18:25:12'),
(248, 54, 2, 'IfYDEPbvhKj', '2022-11-07 18:25:12', '2022-11-07 18:25:12'),
(249, 54, 10, 'hollydonnauk8f@outlook.com', '2022-11-07 18:25:12', '2022-11-07 18:25:12'),
(250, 54, 11, 'IoTwcJRfNWltpBS', '2022-11-07 18:25:12', '2022-11-07 18:25:12'),
(251, 54, 12, 'zbruPjlYRgiL', '2022-11-07 18:25:12', '2022-11-07 18:25:12'),
(252, 55, 1, 'Eric', '2022-11-11 22:28:30', '2022-11-11 22:28:30'),
(253, 55, 2, 'ericjonesmyemail@gmail.com', '2022-11-11 22:28:30', '2022-11-11 22:28:30'),
(254, 55, 10, 'ericjonesmyemail@gmail.com', '2022-11-11 22:28:30', '2022-11-11 22:28:30'),
(255, 55, 11, 'There they go…', '2022-11-11 22:28:30', '2022-11-11 22:28:30'),
(256, 56, 1, 'Eric', '2022-11-12 00:12:17', '2022-11-12 00:12:17'),
(257, 56, 2, 'ericjonesmyemail@gmail.com', '2022-11-12 00:12:18', '2022-11-12 00:12:18'),
(258, 56, 10, 'ericjonesmyemail@gmail.com', '2022-11-12 00:12:18', '2022-11-12 00:12:18'),
(259, 56, 11, 'There they go…', '2022-11-12 00:12:18', '2022-11-12 00:12:18'),
(260, 57, 1, 'RqrXvjANkFOcs', '2022-11-17 18:10:54', '2022-11-17 18:10:54'),
(261, 57, 2, 'VOesFpENCUYutlJ', '2022-11-17 18:10:55', '2022-11-17 18:10:55'),
(262, 57, 10, 'banpicisup@outlook.com', '2022-11-17 18:10:55', '2022-11-17 18:10:55'),
(263, 57, 11, 'iSLmHBCsZkzDe', '2022-11-17 18:10:55', '2022-11-17 18:10:55'),
(264, 57, 12, 'WJymPsgedTwOY', '2022-11-17 18:10:55', '2022-11-17 18:10:55'),
(265, 58, 1, 'cbvlfinWI', '2022-11-17 18:11:07', '2022-11-17 18:11:07'),
(266, 58, 2, 'fMDdpeTrGscJ', '2022-11-17 18:11:07', '2022-11-17 18:11:07'),
(267, 58, 10, 'banpicisup@outlook.com', '2022-11-17 18:11:07', '2022-11-17 18:11:07'),
(268, 58, 11, 'GaOxLIlJ', '2022-11-17 18:11:07', '2022-11-17 18:11:07'),
(269, 58, 12, 'KEMCcaiDvqxsITk', '2022-11-17 18:11:07', '2022-11-17 18:11:07'),
(270, 59, 1, 'ZWkUjhlBexgFKqX', '2022-11-17 18:12:00', '2022-11-17 18:12:00'),
(271, 59, 2, 'lAkUfQhgdzn', '2022-11-17 18:12:00', '2022-11-17 18:12:00'),
(272, 59, 10, 'banpicisup@outlook.com', '2022-11-17 18:12:00', '2022-11-17 18:12:00'),
(273, 59, 11, 'rwDFkPtOcp', '2022-11-17 18:12:00', '2022-11-17 18:12:00'),
(274, 59, 12, 'ZRzPtCoxQFAO', '2022-11-17 18:12:00', '2022-11-17 18:12:00'),
(275, 60, 1, 'XuaJpjVFhyMc', '2022-11-17 18:12:08', '2022-11-17 18:12:08'),
(276, 60, 2, 'IQRJxjsBGnmlEH', '2022-11-17 18:12:08', '2022-11-17 18:12:08'),
(277, 60, 10, 'banpicisup@outlook.com', '2022-11-17 18:12:08', '2022-11-17 18:12:08'),
(278, 60, 11, 'DjLeNUVfXY', '2022-11-17 18:12:08', '2022-11-17 18:12:08'),
(279, 60, 12, 'cVAWOpzFJkiuh', '2022-11-17 18:12:08', '2022-11-17 18:12:08'),
(280, 61, 1, 'Eric', '2022-11-18 20:54:02', '2022-11-18 20:54:02'),
(281, 61, 2, 'ericjonesmyemail@gmail.com', '2022-11-18 20:54:02', '2022-11-18 20:54:02'),
(282, 61, 10, 'ericjonesmyemail@gmail.com', '2022-11-18 20:54:02', '2022-11-18 20:54:02'),
(283, 61, 11, 'Why not TALK with your leads?', '2022-11-18 20:54:02', '2022-11-18 20:54:02'),
(284, 62, 1, 'Eric', '2022-11-18 21:01:22', '2022-11-18 21:01:22'),
(285, 62, 2, 'ericjonesmyemail@gmail.com', '2022-11-18 21:01:22', '2022-11-18 21:01:22'),
(286, 62, 10, 'ericjonesmyemail@gmail.com', '2022-11-18 21:01:22', '2022-11-18 21:01:22'),
(287, 62, 11, 'Why not TALK with your leads?', '2022-11-18 21:01:22', '2022-11-18 21:01:22'),
(288, 63, 1, 'Milo', '2022-11-19 15:40:27', '2022-11-19 15:40:27'),
(289, 63, 2, 'zapata.milo@googlemail.com', '2022-11-19 15:40:27', '2022-11-19 15:40:27'),
(290, 63, 10, 'zapata.milo@googlemail.com', '2022-11-19 15:40:27', '2022-11-19 15:40:27'),
(291, 63, 11, 'Skyrocket your rankings on Google by high quality SEO service', '2022-11-19 15:40:27', '2022-11-19 15:40:27'),
(292, 64, 1, 'Eric', '2022-11-21 11:58:31', '2022-11-21 11:58:31'),
(293, 64, 2, 'ericjonesmyemail@gmail.com', '2022-11-21 11:58:31', '2022-11-21 11:58:31'),
(294, 64, 10, 'ericjonesmyemail@gmail.com', '2022-11-21 11:58:31', '2022-11-21 11:58:31'),
(295, 64, 11, 'Why not TALK with your leads?', '2022-11-21 11:58:31', '2022-11-21 11:58:31'),
(296, 65, 1, 'Eric', '2022-11-21 12:05:17', '2022-11-21 12:05:17'),
(297, 65, 2, 'ericjonesmyemail@gmail.com', '2022-11-21 12:05:17', '2022-11-21 12:05:17'),
(298, 65, 10, 'ericjonesmyemail@gmail.com', '2022-11-21 12:05:17', '2022-11-21 12:05:17'),
(299, 65, 11, 'Why not TALK with your leads?', '2022-11-21 12:05:17', '2022-11-21 12:05:17'),
(300, 66, 1, 'Eric', '2022-11-22 05:56:56', '2022-11-22 05:56:56'),
(301, 66, 2, 'ericjonesmyemail@gmail.com', '2022-11-22 05:56:56', '2022-11-22 05:56:56'),
(302, 66, 10, 'ericjonesmyemail@gmail.com', '2022-11-22 05:56:56', '2022-11-22 05:56:56'),
(303, 66, 11, 'Turn Surf-Surf-Surf into Talk Talk Talk', '2022-11-22 05:56:56', '2022-11-22 05:56:56'),
(304, 67, 1, 'Eric', '2022-11-22 06:05:21', '2022-11-22 06:05:21'),
(305, 67, 2, 'ericjonesmyemail@gmail.com', '2022-11-22 06:05:21', '2022-11-22 06:05:21'),
(306, 67, 10, 'ericjonesmyemail@gmail.com', '2022-11-22 06:05:21', '2022-11-22 06:05:21'),
(307, 67, 11, 'Turn Surf-Surf-Surf into Talk Talk Talk', '2022-11-22 06:05:21', '2022-11-22 06:05:21'),
(308, 68, 1, 'Eric', '2022-11-23 03:41:11', '2022-11-23 03:41:11'),
(309, 68, 2, 'ericjonesmyemail@gmail.com', '2022-11-23 03:41:11', '2022-11-23 03:41:11'),
(310, 68, 10, 'ericjonesmyemail@gmail.com', '2022-11-23 03:41:11', '2022-11-23 03:41:11'),
(311, 68, 11, 'Your site – more leads?', '2022-11-23 03:41:11', '2022-11-23 03:41:11'),
(312, 69, 1, 'Angelo', '2022-11-24 22:17:10', '2022-11-24 22:17:10'),
(313, 69, 2, 'angelo.b@aitechltd.com', '2022-11-24 22:17:10', '2022-11-24 22:17:10'),
(314, 69, 10, 'angelo.b@aitechltd.com', '2022-11-24 22:17:10', '2022-11-24 22:17:10'),
(315, 69, 11, 'Introducing a revolutionary AI writing assistant', '2022-11-24 22:17:10', '2022-11-24 22:17:10'),
(316, 70, 1, 'Lavon', '2022-12-19 21:07:32', '2022-12-19 21:07:32'),
(317, 70, 2, 'lavon@leadstree.org', '2022-12-19 21:07:32', '2022-12-19 21:07:32'),
(318, 70, 10, 'lavon@leadstree.org', '2022-12-19 21:07:32', '2022-12-19 21:07:32'),
(319, 70, 11, '392,874,766 leads available on LeadsTree.org', '2022-12-19 21:07:32', '2022-12-19 21:07:32'),
(320, 71, 1, 'Bobby', '2022-12-19 22:14:32', '2022-12-19 22:14:32'),
(321, 71, 2, 'bluelinetraveler1990@gmail.com', '2022-12-19 22:14:32', '2022-12-19 22:14:32'),
(322, 71, 10, 'bluelinetraveler1990@gmail.com', '2022-12-19 22:14:32', '2022-12-19 22:14:32'),
(323, 71, 11, 'Thank you so much!', '2022-12-19 22:14:32', '2022-12-19 22:14:32'),
(324, 72, 1, 'Ulysses', '2023-01-04 21:12:39', '2023-01-04 21:12:39'),
(325, 72, 2, 'support@wocaro.com', '2023-01-04 21:12:39', '2023-01-04 21:12:39'),
(326, 72, 10, 'support@wocaro.com', '2023-01-04 21:12:39', '2023-01-04 21:12:39'),
(327, 72, 11, 'Leads for your business', '2023-01-04 21:12:39', '2023-01-04 21:12:39'),
(328, 73, 1, 'Jacob', '2023-01-07 19:32:43', '2023-01-07 19:32:43'),
(329, 73, 2, 'jacoblewis@seolabpros.com', '2023-01-07 19:32:43', '2023-01-07 19:32:43'),
(330, 73, 10, 'jacoblewis@seolabpros.com', '2023-01-07 19:32:43', '2023-01-07 19:32:43'),
(331, 73, 11, 'Are you still in business?', '2023-01-07 19:32:43', '2023-01-07 19:32:43'),
(332, 74, 1, 'Saundra', '2023-01-07 22:55:26', '2023-01-07 22:55:26'),
(333, 74, 2, 'saundra@getlisted.directory', '2023-01-07 22:55:26', '2023-01-07 22:55:26'),
(334, 74, 10, 'saundra@getlisted.directory', '2023-01-07 22:55:26', '2023-01-07 22:55:26'),
(335, 74, 11, 'dpsdesign.com.au get listed in 10k+ directories', '2023-01-07 22:55:26', '2023-01-07 22:55:26'),
(336, 75, 1, 'Jacob', '2023-01-08 06:09:48', '2023-01-08 06:09:48'),
(337, 75, 2, 'jacoblewis@seolabpros.com', '2023-01-08 06:09:48', '2023-01-08 06:09:48'),
(338, 75, 10, 'jacoblewis@seolabpros.com', '2023-01-08 06:09:48', '2023-01-08 06:09:48'),
(339, 75, 11, 'Are you still in business?', '2023-01-08 06:09:48', '2023-01-08 06:09:48'),
(340, 76, 1, 'Kellie', '2023-01-09 07:35:25', '2023-01-09 07:35:25'),
(341, 76, 2, 'kelliesohm@gmail.com', '2023-01-09 07:35:25', '2023-01-09 07:35:25'),
(342, 76, 10, 'kelliesohm@gmail.com', '2023-01-09 07:35:25', '2023-01-09 07:35:25'),
(343, 76, 11, 'Bring your business to life with an explainer video!', '2023-01-09 07:35:25', '2023-01-09 07:35:25'),
(344, 77, 1, 'Victor', '2023-01-09 13:10:58', '2023-01-09 13:10:58'),
(345, 77, 2, 'alfredgennick@outlook.com', '2023-01-09 13:10:58', '2023-01-09 13:10:58'),
(346, 77, 10, 'alfredgennick@outlook.com', '2023-01-09 13:10:58', '2023-01-09 13:10:58'),
(347, 77, 11, 'Hello dpsdesign.com.au Owner!', '2023-01-09 13:10:58', '2023-01-09 13:10:58'),
(348, 78, 1, 'Joseph', '2023-01-16 23:09:10', '2023-01-16 23:09:10'),
(349, 78, 2, 'free@freeaiwriting.com', '2023-01-16 23:09:10', '2023-01-16 23:09:10'),
(350, 78, 10, 'free@freeaiwriting.com', '2023-01-16 23:09:10', '2023-01-16 23:09:10'),
(351, 78, 11, 'Are you still in business?', '2023-01-16 23:09:10', '2023-01-16 23:09:10'),
(352, 79, 1, 'Angela', '2023-01-18 11:48:51', '2023-01-18 11:48:51'),
(353, 79, 2, 'angelaballj774@yahoo.com', '2023-01-18 11:48:51', '2023-01-18 11:48:51'),
(354, 79, 10, 'angelaballj774@yahoo.com', '2023-01-18 11:48:51', '2023-01-18 11:48:51'),
(355, 79, 11, 'Instagram Promotion: 400-1200 new followers each month', '2023-01-18 11:48:51', '2023-01-18 11:48:51'),
(356, 80, 1, 'Jessica', '2023-01-21 03:39:00', '2023-01-21 03:39:00'),
(357, 80, 2, 'jessicasmith@mygsuite.co', '2023-01-21 03:39:00', '2023-01-21 03:39:00'),
(358, 80, 10, 'jessicasmith@mygsuite.co', '2023-01-21 03:39:00', '2023-01-21 03:39:00'),
(359, 80, 11, 'Question', '2023-01-21 03:39:00', '2023-01-21 03:39:00'),
(360, 81, 1, 'Daniel', '2023-01-24 06:50:55', '2023-01-24 06:50:55'),
(361, 81, 2, 'info@prospectly.com.au', '2023-01-24 06:50:55', '2023-01-24 06:50:55'),
(362, 81, 10, 'info@prospectly.com.au', '2023-01-24 06:50:55', '2023-01-24 06:50:55'),
(363, 81, 11, 'Business', '2023-01-24 06:50:55', '2023-01-24 06:50:55'),
(364, 82, 1, 'Sammie', '2023-01-25 17:08:50', '2023-01-25 17:08:50'),
(365, 82, 2, 'sammie@getlisted.directory', '2023-01-25 17:08:50', '2023-01-25 17:08:50'),
(366, 82, 10, 'sammie@getlisted.directory', '2023-01-25 17:08:50', '2023-01-25 17:08:50'),
(367, 82, 11, 'dpsdesign.com.au get listed in 10k+ directories', '2023-01-25 17:08:50', '2023-01-25 17:08:50'),
(368, 83, 1, 'Megan', '2023-02-10 14:56:59', '2023-02-10 14:56:59'),
(369, 83, 2, 'meganjohnstones286@gmail.com', '2023-02-10 14:56:59', '2023-02-10 14:56:59'),
(370, 83, 10, 'meganjohnstones286@gmail.com', '2023-02-10 14:56:59', '2023-02-10 14:56:59'),
(371, 83, 11, 'Instagram Promotion: Grow your followers by 400-1200 each month', '2023-02-10 14:56:59', '2023-02-10 14:56:59'),
(372, 84, 1, 'Leonore', '2023-02-18 14:09:51', '2023-02-18 14:09:51'),
(373, 84, 2, 'hacker@walkaroundtheworld.fr', '2023-02-18 14:09:51', '2023-02-18 14:09:51'),
(374, 84, 10, 'hacker@walkaroundtheworld.fr', '2023-02-18 14:09:51', '2023-02-18 14:09:51'),
(375, 84, 11, 'Your Site Has Been Hacked', '2023-02-18 14:09:51', '2023-02-18 14:09:51'),
(376, 85, 1, 'Sarah Jones', '2023-03-01 21:45:18', '2023-03-01 21:45:18'),
(377, 85, 2, '7838759114', '2023-03-01 21:45:18', '2023-03-01 21:45:18'),
(378, 85, 10, 'sarahjoneshello829@gmail.com', '2023-03-01 21:45:18', '2023-03-01 21:45:18'),
(379, 85, 11, 'Hi', '2023-03-01 21:45:18', '2023-03-01 21:45:18'),
(380, 86, 1, 'Sarah Jones', '2023-03-01 21:45:18', '2023-03-01 21:45:18'),
(381, 86, 2, '7838759114', '2023-03-01 21:45:18', '2023-03-01 21:45:18'),
(382, 86, 10, 'sarahjoneshello829@gmail.com', '2023-03-01 21:45:18', '2023-03-01 21:45:18'),
(383, 86, 11, 'Hi', '2023-03-01 21:45:18', '2023-03-01 21:45:18'),
(384, 87, 1, 'Susan', '2023-03-02 07:17:32', '2023-03-02 07:17:32'),
(385, 87, 2, 'susan@megaleadstree.com', '2023-03-02 07:17:32', '2023-03-02 07:17:32'),
(386, 87, 10, 'susan@megaleadstree.com', '2023-03-02 07:17:32', '2023-03-02 07:17:32'),
(387, 87, 11, 'MegaLeadsTree.com Shutting Down', '2023-03-02 07:17:32', '2023-03-02 07:17:32'),
(388, 88, 1, 'Katy', '2023-03-06 15:20:06', '2023-03-06 15:20:06'),
(389, 88, 2, 'katytrilly9@gmail.com', '2023-03-06 15:20:06', '2023-03-06 15:20:06'),
(390, 88, 10, 'katytrilly9@gmail.com', '2023-03-06 15:20:06', '2023-03-06 15:20:06'),
(391, 88, 11, 'Explainer Videos for dpsdesign.com.au', '2023-03-06 15:20:06', '2023-03-06 15:20:06'),
(392, 89, 1, 'Katy', '2023-03-07 14:19:08', '2023-03-07 14:19:08'),
(393, 89, 2, 'katytrilly9@gmail.com', '2023-03-07 14:19:08', '2023-03-07 14:19:08'),
(394, 89, 10, 'katytrilly9@gmail.com', '2023-03-07 14:19:08', '2023-03-07 14:19:08'),
(395, 89, 11, 'Explainer Video for dpsdesign.com.au', '2023-03-07 14:19:08', '2023-03-07 14:19:08'),
(396, 90, 1, 'Riley', '2023-03-13 02:58:54', '2023-03-13 02:58:54'),
(397, 90, 2, 'riley.salgado@msn.com', '2023-03-13 02:58:54', '2023-03-13 02:58:54'),
(398, 90, 10, 'riley.salgado@msn.com', '2023-03-13 02:58:54', '2023-03-13 02:58:54'),
(399, 90, 11, 'Take Your Instagram Game to the Next Level with \'Instagram Domination\'', '2023-03-13 02:58:54', '2023-03-13 02:58:54'),
(400, 91, 1, 'Fred', '2023-03-14 02:04:42', '2023-03-14 02:04:42'),
(401, 91, 2, 'fred@aiwriterplatform.com', '2023-03-14 02:04:42', '2023-03-14 02:04:42'),
(402, 91, 10, 'fred@aiwriterplatform.com', '2023-03-14 02:04:42', '2023-03-14 02:04:42'),
(403, 91, 11, 'How to Create Amazing Content for Your eCommerce Store in Minutes', '2023-03-14 02:04:42', '2023-03-14 02:04:42'),
(404, 92, 1, 'Reagan', '2023-03-14 13:49:58', '2023-03-14 13:49:58'),
(405, 92, 2, 'promarketingservers@gmail.com', '2023-03-14 13:49:58', '2023-03-14 13:49:58'),
(406, 92, 10, 'promarketingservers@gmail.com', '2023-03-14 13:49:58', '2023-03-14 13:49:58'),
(407, 92, 11, 'Mail Servers', '2023-03-14 13:49:58', '2023-03-14 13:49:58'),
(408, 93, 1, 'Jonelle', '2023-03-16 23:08:46', '2023-03-16 23:08:46'),
(409, 93, 2, 'becher.jonelle@gmail.com', '2023-03-16 23:08:46', '2023-03-16 23:08:46'),
(410, 93, 10, 'becher.jonelle@gmail.com', '2023-03-16 23:08:46', '2023-03-16 23:08:46'),
(411, 93, 11, 'High-Quality B2B Leads for Just $30 per 10,000 Email Leads - Target by Location, Industry, Company Size, and More', '2023-03-16 23:08:46', '2023-03-16 23:08:46'),
(412, 94, 1, 'Bettye', '2023-03-21 12:01:41', '2023-03-21 12:01:41'),
(413, 94, 2, 'mccrae.bettye@gmail.com@makemysitemobile.com', '2023-03-21 12:01:41', '2023-03-21 12:01:41'),
(414, 94, 10, 'mccrae.bettye@gmail.com@makemysitemobile.com', '2023-03-21 12:01:41', '2023-03-21 12:01:41'),
(415, 94, 11, 'Struggling with business? Get your App Now!', '2023-03-21 12:01:41', '2023-03-21 12:01:41');

-- --------------------------------------------------------

--
-- Table structure for table `form_groups`
--

CREATE TABLE `form_groups` (
  `id` bigint(20) UNSIGNED NOT NULL,
  `user_id` bigint(20) UNSIGNED DEFAULT NULL,
  `form_id` bigint(20) UNSIGNED DEFAULT NULL,
  `created_at` timestamp NULL DEFAULT NULL,
  `updated_at` timestamp NULL DEFAULT NULL
) ENGINE=InnoDB DEFAULT CHARSET=utf8mb4 COLLATE=utf8mb4_unicode_ci;

--
-- Dumping data for table `form_groups`
--

INSERT INTO `form_groups` (`id`, `user_id`, `form_id`, `created_at`, `updated_at`) VALUES
(1, 1, 1, '2022-05-02 08:10:20', '2022-05-02 08:10:20'),
(2, NULL, 1, '2022-05-02 13:30:49', '2022-05-02 13:30:49'),
(3, NULL, 1, '2022-05-04 07:37:57', '2022-05-04 07:37:57'),
(4, 1, 1, '2022-05-09 18:25:51', '2022-05-09 18:25:51'),
(5, NULL, 1, '2022-05-18 22:38:59', '2022-05-18 22:38:59'),
(6, NULL, 1, '2022-06-20 07:36:04', '2022-06-20 07:36:04'),
(7, NULL, 1, '2022-06-21 23:20:23', '2022-06-21 23:20:23'),
(8, NULL, 1, '2022-06-26 11:45:15', '2022-06-26 11:45:15'),
(9, NULL, 1, '2022-06-30 00:42:21', '2022-06-30 00:42:21'),
(10, NULL, 1, '2022-07-02 11:43:22', '2022-07-02 11:43:22'),
(11, NULL, 1, '2022-07-08 15:46:11', '2022-07-08 15:46:11'),
(12, NULL, 1, '2022-08-05 05:44:29', '2022-08-05 05:44:29'),
(13, NULL, 1, '2022-08-07 02:14:31', '2022-08-07 02:14:31'),
(14, NULL, 1, '2022-08-07 03:47:27', '2022-08-07 03:47:27'),
(15, NULL, 1, '2022-09-19 23:52:55', '2022-09-19 23:52:55'),
(16, NULL, 1, '2022-09-20 01:32:01', '2022-09-20 01:32:01'),
(17, NULL, 1, '2022-09-21 22:41:37', '2022-09-21 22:41:37'),
(18, NULL, 1, '2022-09-21 22:41:41', '2022-09-21 22:41:41'),
(19, NULL, 1, '2022-09-21 22:42:00', '2022-09-21 22:42:00'),
(20, NULL, 1, '2022-09-21 22:42:06', '2022-09-21 22:42:06'),
(21, NULL, 1, '2022-09-24 21:40:52', '2022-09-24 21:40:52'),
(22, NULL, 1, '2022-09-24 21:41:00', '2022-09-24 21:41:00'),
(23, NULL, 1, '2022-09-24 21:41:59', '2022-09-24 21:41:59'),
(24, NULL, 1, '2022-09-24 21:42:00', '2022-09-24 21:42:00'),
(25, NULL, 1, '2022-09-30 00:10:11', '2022-09-30 00:10:11'),
(26, NULL, 1, '2022-09-30 00:10:17', '2022-09-30 00:10:17'),
(27, NULL, 1, '2022-09-30 00:10:41', '2022-09-30 00:10:41'),
(28, NULL, 1, '2022-09-30 00:10:51', '2022-09-30 00:10:51'),
(29, NULL, 1, '2022-10-01 00:02:51', '2022-10-01 00:02:51'),
(30, NULL, 1, '2022-10-01 00:02:58', '2022-10-01 00:02:58'),
(31, NULL, 1, '2022-10-01 00:03:05', '2022-10-01 00:03:05'),
(32, NULL, 1, '2022-10-01 00:03:09', '2022-10-01 00:03:09'),
(33, NULL, 1, '2022-10-02 05:55:04', '2022-10-02 05:55:04'),
(34, NULL, 1, '2022-10-05 09:09:36', '2022-10-05 09:09:36'),
(35, NULL, 1, '2022-10-05 09:09:41', '2022-10-05 09:09:41'),
(36, NULL, 1, '2022-10-05 09:09:50', '2022-10-05 09:09:50'),
(37, NULL, 1, '2022-10-05 09:09:57', '2022-10-05 09:09:57'),
(38, NULL, 1, '2022-10-14 18:37:33', '2022-10-14 18:37:33'),
(39, NULL, 1, '2022-10-14 18:37:43', '2022-10-14 18:37:43'),
(40, NULL, 1, '2022-10-14 18:38:01', '2022-10-14 18:38:01'),
(41, NULL, 1, '2022-10-14 18:38:09', '2022-10-14 18:38:09'),
(42, NULL, 1, '2022-10-28 03:39:21', '2022-10-28 03:39:21'),
(43, NULL, 1, '2022-11-01 11:34:55', '2022-11-01 11:34:55'),
(44, NULL, 1, '2022-11-01 11:35:16', '2022-11-01 11:35:16'),
(45, NULL, 1, '2022-11-01 11:36:08', '2022-11-01 11:36:08'),
(46, NULL, 1, '2022-11-01 11:36:34', '2022-11-01 11:36:34'),
(47, NULL, 1, '2022-11-03 21:55:53', '2022-11-03 21:55:53'),
(48, NULL, 1, '2022-11-03 23:39:51', '2022-11-03 23:39:51'),
(49, NULL, 1, '2022-11-04 17:04:17', '2022-11-04 17:04:17'),
(50, NULL, 1, '2022-11-04 18:49:40', '2022-11-04 18:49:40'),
(51, NULL, 1, '2022-11-07 18:24:42', '2022-11-07 18:24:42'),
(52, NULL, 1, '2022-11-07 18:24:49', '2022-11-07 18:24:49'),
(53, NULL, 1, '2022-11-07 18:25:05', '2022-11-07 18:25:05'),
(54, NULL, 1, '2022-11-07 18:25:12', '2022-11-07 18:25:12'),
(55, NULL, 1, '2022-11-11 22:28:29', '2022-11-11 22:28:29'),
(56, NULL, 1, '2022-11-12 00:12:17', '2022-11-12 00:12:17'),
(57, NULL, 1, '2022-11-17 18:10:54', '2022-11-17 18:10:54'),
(58, NULL, 1, '2022-11-17 18:11:07', '2022-11-17 18:11:07'),
(59, NULL, 1, '2022-11-17 18:12:00', '2022-11-17 18:12:00'),
(60, NULL, 1, '2022-11-17 18:12:08', '2022-11-17 18:12:08'),
(61, NULL, 1, '2022-11-18 20:54:02', '2022-11-18 20:54:02'),
(62, NULL, 1, '2022-11-18 21:01:22', '2022-11-18 21:01:22'),
(63, NULL, 1, '2022-11-19 15:40:27', '2022-11-19 15:40:27'),
(64, NULL, 1, '2022-11-21 11:58:31', '2022-11-21 11:58:31'),
(65, NULL, 1, '2022-11-21 12:05:17', '2022-11-21 12:05:17'),
(66, NULL, 1, '2022-11-22 05:56:56', '2022-11-22 05:56:56'),
(67, NULL, 1, '2022-11-22 06:05:20', '2022-11-22 06:05:20'),
(68, NULL, 1, '2022-11-23 03:41:11', '2022-11-23 03:41:11'),
(69, NULL, 1, '2022-11-24 22:17:10', '2022-11-24 22:17:10'),
(70, NULL, 1, '2022-12-19 21:07:32', '2022-12-19 21:07:32'),
(71, NULL, 1, '2022-12-19 22:14:32', '2022-12-19 22:14:32'),
(72, NULL, 1, '2023-01-04 21:12:39', '2023-01-04 21:12:39'),
(73, NULL, 1, '2023-01-07 19:32:43', '2023-01-07 19:32:43'),
(74, NULL, 1, '2023-01-07 22:55:26', '2023-01-07 22:55:26'),
(75, NULL, 1, '2023-01-08 06:09:48', '2023-01-08 06:09:48'),
(76, NULL, 1, '2023-01-09 07:35:25', '2023-01-09 07:35:25'),
(77, NULL, 1, '2023-01-09 13:10:58', '2023-01-09 13:10:58'),
(78, NULL, 1, '2023-01-16 23:09:10', '2023-01-16 23:09:10'),
(79, NULL, 1, '2023-01-18 11:48:51', '2023-01-18 11:48:51'),
(80, NULL, 1, '2023-01-21 03:39:00', '2023-01-21 03:39:00'),
(81, NULL, 1, '2023-01-24 06:50:55', '2023-01-24 06:50:55'),
(82, NULL, 1, '2023-01-25 17:08:50', '2023-01-25 17:08:50'),
(83, NULL, 1, '2023-02-10 14:56:59', '2023-02-10 14:56:59'),
(84, NULL, 1, '2023-02-18 14:09:51', '2023-02-18 14:09:51'),
(85, NULL, 1, '2023-03-01 21:45:18', '2023-03-01 21:45:18'),
(86, NULL, 1, '2023-03-01 21:45:18', '2023-03-01 21:45:18'),
(87, NULL, 1, '2023-03-02 07:17:32', '2023-03-02 07:17:32'),
(88, NULL, 1, '2023-03-06 15:20:06', '2023-03-06 15:20:06'),
(89, NULL, 1, '2023-03-07 14:19:08', '2023-03-07 14:19:08'),
(90, NULL, 1, '2023-03-13 02:58:54', '2023-03-13 02:58:54'),
(91, NULL, 1, '2023-03-14 02:04:42', '2023-03-14 02:04:42'),
(92, NULL, 1, '2023-03-14 13:49:58', '2023-03-14 13:49:58'),
(93, NULL, 1, '2023-03-16 23:08:46', '2023-03-16 23:08:46'),
(94, NULL, 1, '2023-03-21 12:01:41', '2023-03-21 12:01:41');

-- --------------------------------------------------------

--
-- Table structure for table `heading_designs`
--

CREATE TABLE `heading_designs` (
  `id` bigint(20) UNSIGNED NOT NULL,
  `name` varchar(125) COLLATE utf8mb4_unicode_ci DEFAULT NULL,
  `slug` varchar(125) COLLATE utf8mb4_unicode_ci DEFAULT NULL,
  `image` varchar(125) COLLATE utf8mb4_unicode_ci DEFAULT NULL,
  `dark_mode` tinyint(1) DEFAULT '0',
  `status` tinyint(1) DEFAULT '1',
  `created_at` timestamp NULL DEFAULT NULL,
  `updated_at` timestamp NULL DEFAULT NULL
) ENGINE=InnoDB DEFAULT CHARSET=utf8mb4 COLLATE=utf8mb4_unicode_ci;

--
-- Dumping data for table `heading_designs`
--

INSERT INTO `heading_designs` (`id`, `name`, `slug`, `image`, `dark_mode`, `status`, `created_at`, `updated_at`) VALUES
(1, 'Heading One', 'heading-one', NULL, 0, 1, '2022-11-06 09:47:44', '2022-11-06 09:47:44'),
(2, 'Heading Two', 'heading-two', NULL, 0, 1, '2022-11-06 09:47:44', '2022-11-06 09:47:44'),
(3, 'Heading Three', 'heading-three', NULL, 0, 1, '2022-11-06 09:47:44', '2022-11-06 09:47:44'),
(4, 'Heading Four', 'heading-four', NULL, 0, 1, '2022-11-06 09:47:44', '2022-11-06 09:47:44'),
(5, 'Heading Five', 'heading-five', NULL, 0, 1, '2022-11-06 09:47:44', '2022-11-06 09:47:44'),
(6, 'Heading Six', 'heading-six', NULL, 0, 1, '2022-11-06 09:47:44', '2022-11-06 09:47:44'),
(7, 'Heading Seven', 'heading-seven', NULL, 0, 1, '2022-11-06 09:47:44', '2022-11-06 09:47:44'),
(8, 'Heading Eight', 'heading-eight', NULL, 0, 1, '2022-11-06 09:47:44', '2022-11-06 09:47:44'),
(9, 'Heading Nine', 'heading-nine', NULL, 0, 1, '2022-11-06 09:47:44', '2022-11-06 09:47:44'),
(10, 'Heading Ten', 'heading-ten', NULL, 0, 1, '2022-11-06 09:47:44', '2022-11-06 09:47:44');

-- --------------------------------------------------------

--
-- Table structure for table `images`
--

CREATE TABLE `images` (
  `id` bigint(20) UNSIGNED NOT NULL,
  `image` varchar(125) COLLATE utf8mb4_unicode_ci NOT NULL,
  `imageable_id` bigint(20) UNSIGNED DEFAULT NULL,
  `imageable_type` varchar(125) COLLATE utf8mb4_unicode_ci DEFAULT NULL,
  `position` bigint(20) DEFAULT NULL,
  `created_at` timestamp NULL DEFAULT NULL,
  `updated_at` timestamp NULL DEFAULT NULL
) ENGINE=InnoDB DEFAULT CHARSET=utf8mb4 COLLATE=utf8mb4_unicode_ci;

--
-- Dumping data for table `images`
--

INSERT INTO `images` (`id`, `image`, `imageable_id`, `imageable_type`, `position`, `created_at`, `updated_at`) VALUES
(3, 'uploads/banner1jpeg-2022-06-09-04-13-24.jpg', 185, 'App\\Models\\ModuleContent', NULL, '2022-06-20 09:18:51', '2022-06-20 09:18:51'),
(45, 'uploads/p1jpeg-2022-06-07-03-26-13.jpg', 195, 'App\\Models\\ModuleContent', NULL, '2022-07-18 10:50:38', '2022-07-18 10:50:38'),
(46, 'uploads/bannerjpeg-2022-06-09-04-13-24.jpg', 195, 'App\\Models\\ModuleContent', NULL, '2022-07-18 10:50:38', '2022-07-18 10:50:38'),
(47, 'uploads/banner1jpeg-2022-06-09-04-13-24.jpg', 195, 'App\\Models\\ModuleContent', NULL, '2022-07-18 10:50:38', '2022-07-18 10:50:38'),
(71, 'uploads/folder-2-600x420jpg-2022-09-06-05-38-45.jpg', 197, 'App\\Models\\ModuleContent', NULL, '2022-09-06 17:39:09', '2022-09-06 17:39:09'),
(90, 'uploads/brochure-1-150x150jpg-2022-09-06-05-34-07.jpg', 211, 'App\\Models\\ModuleContent', NULL, '2022-09-07 11:48:55', '2022-09-07 11:48:55'),
(111, 'uploads/untitled-1-1jpg-2022-09-07-05-56-49.jpg', 273, 'App\\Models\\ModuleContent', NULL, '2022-09-07 17:57:05', '2022-09-07 17:57:05'),
(133, 'uploads/water-bottle-300x300png-2022-09-07-05-26-52.png', 266, 'App\\Models\\ModuleContent', NULL, '2022-09-09 11:07:02', '2022-09-09 11:07:02'),
(134, 'uploads/wine-box-set-300x300png-2022-09-07-05-28-20.png', 267, 'App\\Models\\ModuleContent', NULL, '2022-09-09 11:08:15', '2022-09-09 11:08:15'),
(235, 'uploads/p4jpeg-2022-06-07-03-26-13.jpg', 283, 'App\\Models\\ModuleContent', NULL, '2022-09-15 12:52:22', '2022-09-15 12:52:22'),
(236, 'uploads/p5jpeg-2022-06-07-03-26-13.jpg', 283, 'App\\Models\\ModuleContent', NULL, '2022-09-15 12:52:22', '2022-09-15 12:52:22'),
(237, 'uploads/bannerjpeg-2022-06-09-04-13-24.jpg', 283, 'App\\Models\\ModuleContent', NULL, '2022-09-15 12:52:22', '2022-09-15 12:52:22'),
(238, 'uploads/banner1jpeg-2022-06-09-04-13-24.jpg', 283, 'App\\Models\\ModuleContent', NULL, '2022-09-15 12:52:22', '2022-09-15 12:52:22'),
(249, 'uploads/img-1629jpg-2022-10-14-01-08-53.jpg', 528, 'App\\Models\\ModuleContent', NULL, '2022-10-14 13:09:06', '2022-10-14 13:09:06'),
(274, 'uploads/4-768x550jpg-2022-10-20-02-08-28.jpg', 217, 'App\\Models\\ModuleContent', NULL, '2022-10-20 14:08:36', '2022-10-20 14:08:36'),
(275, 'uploads/posterpng-2022-10-20-02-11-18.png', 219, 'App\\Models\\ModuleContent', NULL, '2022-10-20 14:12:17', '2022-10-20 14:12:17'),
(276, 'uploads/bow-banner-01-600x420jpg-2022-10-20-02-11-44.jpg', 219, 'App\\Models\\ModuleContent', NULL, '2022-10-20 14:12:17', '2022-10-20 14:12:17'),
(277, 'uploads/bow-banner-02-600x420jpg-2022-10-20-02-12-10.jpg', 219, 'App\\Models\\ModuleContent', NULL, '2022-10-20 14:12:17', '2022-10-20 14:12:17'),
(292, 'uploads/receiption-signpng-2022-10-20-02-29-32.png', 223, 'App\\Models\\ModuleContent', NULL, '2022-10-20 14:31:11', '2022-10-20 14:31:11'),
(293, 'uploads/building-signpng-2022-10-20-02-30-04.png', 223, 'App\\Models\\ModuleContent', NULL, '2022-10-20 14:31:11', '2022-10-20 14:31:11'),
(294, 'uploads/acrylic-01-600x420jpg-2022-10-20-02-30-30.jpg', 223, 'App\\Models\\ModuleContent', NULL, '2022-10-20 14:31:11', '2022-10-20 14:31:11'),
(374, 'uploads/flyerspng-2022-10-20-02-50-49.png', 250, 'App\\Models\\ModuleContent', NULL, '2022-10-20 15:42:01', '2022-10-20 15:42:01'),
(375, 'uploads/card-3jpg-2022-10-20-02-51-13.jpg', 250, 'App\\Models\\ModuleContent', NULL, '2022-10-20 15:42:01', '2022-10-20 15:42:01'),
(407, 'uploads/enevelope2-150x150jpg-2022-09-07-03-51-04.jpg', 242, 'App\\Models\\ModuleContent', NULL, '2022-10-20 15:50:15', '2022-10-20 15:50:15'),
(430, 'uploads/2-600x429jpg-2022-10-20-01-53-27.jpg', 215, 'App\\Models\\ModuleContent', NULL, '2022-10-21 12:07:20', '2022-10-21 12:07:20'),
(433, 'uploads/8-600x429jpg-2022-10-20-02-06-12.jpg', 216, 'App\\Models\\ModuleContent', NULL, '2022-10-21 12:09:05', '2022-10-21 12:09:05'),
(434, 'uploads/7-600x420jpg-2022-10-20-02-06-45.jpg', 216, 'App\\Models\\ModuleContent', NULL, '2022-10-21 12:09:05', '2022-10-21 12:09:05'),
(440, 'uploads/eco-pull-up-banner5-ready-600x420jpg-2022-10-20-02-15-19.jpg', 220, 'App\\Models\\ModuleContent', NULL, '2022-10-21 12:12:34', '2022-10-21 12:12:34'),
(441, 'uploads/eco-pull-up-banner-600x420jpg-2022-10-20-02-16-00.jpg', 220, 'App\\Models\\ModuleContent', NULL, '2022-10-21 12:12:34', '2022-10-21 12:12:34'),
(442, 'uploads/eco-pull-up-banner4-ready-600x420jpg-2022-10-20-02-17-06.jpg', 220, 'App\\Models\\ModuleContent', NULL, '2022-10-21 12:12:34', '2022-10-21 12:12:34'),
(446, 'uploads/stickers-600x420jpg-2022-10-20-02-19-55.jpg', 221, 'App\\Models\\ModuleContent', NULL, '2022-10-21 12:13:27', '2022-10-21 12:13:27'),
(447, 'uploads/sticker3png-2022-10-20-02-20-21.png', 221, 'App\\Models\\ModuleContent', NULL, '2022-10-21 12:13:27', '2022-10-21 12:13:27'),
(448, 'uploads/sticker2-600x494png-2022-10-20-02-21-00.png', 221, 'App\\Models\\ModuleContent', NULL, '2022-10-21 12:13:27', '2022-10-21 12:13:27'),
(454, 'uploads/vehicle-sign2png-2022-10-20-02-24-26.png', 222, 'App\\Models\\ModuleContent', NULL, '2022-10-21 12:14:19', '2022-10-21 12:14:19'),
(455, 'uploads/vehicle-magnets-1-600x400jpg-2022-10-20-02-25-33.jpg', 222, 'App\\Models\\ModuleContent', NULL, '2022-10-21 12:14:19', '2022-10-21 12:14:19'),
(456, 'uploads/vichicle-sign1png-2022-10-20-02-26-09.png', 222, 'App\\Models\\ModuleContent', NULL, '2022-10-21 12:14:19', '2022-10-21 12:14:19'),
(457, 'uploads/vechicle-3-600x420jpg-2022-10-20-02-26-28.jpg', 222, 'App\\Models\\ModuleContent', NULL, '2022-10-21 12:14:19', '2022-10-21 12:14:19'),
(458, 'uploads/vechicle-02-600x420jpg-2022-10-20-02-26-48.jpg', 222, 'App\\Models\\ModuleContent', NULL, '2022-10-21 12:14:19', '2022-10-21 12:14:19'),
(462, 'uploads/signboards-6x4-600x420jpg-2022-10-20-02-33-10.jpg', 227, 'App\\Models\\ModuleContent', NULL, '2022-10-21 12:16:58', '2022-10-21 12:16:58'),
(463, 'uploads/signboards-8x5-600x420jpg-2022-10-20-02-33-30.jpg', 227, 'App\\Models\\ModuleContent', NULL, '2022-10-21 12:16:58', '2022-10-21 12:16:58'),
(464, 'uploads/signboards-landscape-600x420jpg-2022-10-20-02-33-57.jpg', 227, 'App\\Models\\ModuleContent', NULL, '2022-10-21 12:16:58', '2022-10-21 12:16:58'),
(467, 'uploads/coreflute-sign1-600x420jpg-2022-10-20-02-37-59.jpg', 228, 'App\\Models\\ModuleContent', NULL, '2022-10-21 12:17:44', '2022-10-21 12:17:44'),
(468, 'uploads/coreflute-sign3-600x420jpg-2022-10-20-02-38-28.jpg', 228, 'App\\Models\\ModuleContent', NULL, '2022-10-21 12:17:44', '2022-10-21 12:17:44'),
(472, 'uploads/a-frame-insert-use-600x420jpg-2022-10-20-02-41-10.jpg', 229, 'App\\Models\\ModuleContent', NULL, '2022-10-21 12:18:28', '2022-10-21 12:18:28'),
(473, 'uploads/evarite-a-frame-600x420jpg-2022-10-20-02-41-43.jpg', 229, 'App\\Models\\ModuleContent', NULL, '2022-10-21 12:18:28', '2022-10-21 12:18:28'),
(474, 'uploads/a-frame-insert-600x420jpg-2022-10-20-02-42-14.jpg', 229, 'App\\Models\\ModuleContent', NULL, '2022-10-21 12:18:28', '2022-10-21 12:18:28'),
(478, 'uploads/insertable-frame-measurement-600x420jpg-2022-10-20-02-44-58.jpg', 230, 'App\\Models\\ModuleContent', NULL, '2022-10-21 12:19:13', '2022-10-21 12:19:13'),
(479, 'uploads/coreflute-signholder-600x420jpg-2022-10-20-02-45-30.jpg', 230, 'App\\Models\\ModuleContent', NULL, '2022-10-21 12:19:13', '2022-10-21 12:19:13'),
(480, 'uploads/evarite-a-frame-measurment-600x420jpg-2022-10-20-02-45-51.jpg', 230, 'App\\Models\\ModuleContent', NULL, '2022-10-21 12:19:13', '2022-10-21 12:19:13'),
(482, 'uploads/book-1-600x500png-2022-10-20-02-48-29.png', 232, 'App\\Models\\ModuleContent', NULL, '2022-10-21 12:20:06', '2022-10-21 12:20:06'),
(488, 'uploads/fridemagnet4-600x420jpg-2022-10-20-03-15-17.jpg', 238, 'App\\Models\\ModuleContent', NULL, '2022-10-21 12:21:45', '2022-10-21 12:21:45'),
(489, 'uploads/fridemagnet3-600x420jpg-2022-10-20-03-15-50.jpg', 238, 'App\\Models\\ModuleContent', NULL, '2022-10-21 12:21:45', '2022-10-21 12:21:45'),
(490, 'uploads/fridemagnet2-600x420jpg-2022-10-20-03-16-12.jpg', 238, 'App\\Models\\ModuleContent', NULL, '2022-10-21 12:21:45', '2022-10-21 12:21:45'),
(495, 'uploads/paper-1jpg-2022-09-07-04-09-52.jpg', 296, 'App\\Models\\ModuleContent', NULL, '2022-10-21 12:24:39', '2022-10-21 12:24:39'),
(496, 'uploads/flyerspng-2022-10-20-02-50-49.png', 296, 'App\\Models\\ModuleContent', NULL, '2022-10-21 12:24:39', '2022-10-21 12:24:39'),
(497, 'uploads/mail-droppers-600x420jpg-2022-10-20-02-53-32.jpg', 296, 'App\\Models\\ModuleContent', NULL, '2022-10-21 12:24:39', '2022-10-21 12:24:39'),
(498, 'uploads/enevelope1-600x420jpg-2022-10-20-02-54-08.jpg', 296, 'App\\Models\\ModuleContent', NULL, '2022-10-21 12:24:39', '2022-10-21 12:24:39'),
(500, 'uploads/notepad2-150x150jpg-2022-09-07-03-41-17.jpg', 240, 'App\\Models\\ModuleContent', NULL, '2022-10-21 12:26:01', '2022-10-21 12:26:01'),
(503, 'uploads/letterhead2-600x420jpg-2022-10-20-02-57-34.jpg', 241, 'App\\Models\\ModuleContent', NULL, '2022-10-21 12:27:08', '2022-10-21 12:27:08'),
(504, 'uploads/letterhead3-600x420jpg-2022-10-20-02-57-49.jpg', 241, 'App\\Models\\ModuleContent', NULL, '2022-10-21 12:27:08', '2022-10-21 12:27:08'),
(510, 'uploads/dps-media-wall-4-600x420jpg-2022-10-20-03-06-55.jpg', 235, 'App\\Models\\ModuleContent', NULL, '2022-10-21 12:30:21', '2022-10-21 12:30:21'),
(511, 'uploads/dps-media-wall-2-600x420jpg-2022-10-20-03-07-26.jpg', 235, 'App\\Models\\ModuleContent', NULL, '2022-10-21 12:30:21', '2022-10-21 12:30:21'),
(512, 'uploads/dps-media-wall-1-600x420jpg-2022-10-20-03-07-47.jpg', 235, 'App\\Models\\ModuleContent', NULL, '2022-10-21 12:30:21', '2022-10-21 12:30:21'),
(517, 'uploads/medium-banner-600x420jpg-2022-10-20-03-10-01.jpg', 236, 'App\\Models\\ModuleContent', NULL, '2022-10-21 12:31:04', '2022-10-21 12:31:04'),
(518, 'uploads/jumbo-banner-600x420jpg-2022-10-20-03-10-26.jpg', 236, 'App\\Models\\ModuleContent', NULL, '2022-10-21 12:31:04', '2022-10-21 12:31:04'),
(519, 'uploads/wall-bracket-600x420jpg-2022-10-20-03-10-58.jpg', 236, 'App\\Models\\ModuleContent', NULL, '2022-10-21 12:31:04', '2022-10-21 12:31:04'),
(520, 'uploads/banner-base-600x420jpg-2022-10-20-03-11-27.jpg', 236, 'App\\Models\\ModuleContent', NULL, '2022-10-21 12:31:04', '2022-10-21 12:31:04'),
(540, 'uploads/brochure-1-150x150jpg-2022-09-06-05-34-07.jpg', 212, 'App\\Models\\ModuleContent', NULL, '2022-10-21 13:23:07', '2022-10-21 13:23:07'),
(541, 'uploads/brochure-2-600x420jpg-2022-10-21-01-23-00.jpg', 212, 'App\\Models\\ModuleContent', NULL, '2022-10-21 13:23:07', '2022-10-21 13:23:07'),
(546, 'uploads/a-frame-01-600x420jpg-2022-10-21-11-52-49.jpg', 218, 'App\\Models\\ModuleContent', NULL, '2022-10-21 13:28:44', '2022-10-21 13:28:44'),
(547, 'uploads/a-frame-03-768x538jpg-2022-10-21-01-25-37.jpg', 218, 'App\\Models\\ModuleContent', NULL, '2022-10-21 13:28:44', '2022-10-21 13:28:44'),
(548, 'uploads/a-framepng-2022-10-21-01-26-19.png', 218, 'App\\Models\\ModuleContent', NULL, '2022-10-21 13:28:44', '2022-10-21 13:28:44'),
(549, 'uploads/brochures1-150x150jpg-2022-09-07-11-19-55.jpg', 233, 'App\\Models\\ModuleContent', NULL, '2022-10-21 13:32:02', '2022-10-21 13:32:02'),
(550, 'uploads/brochures3-768x538jpg-2022-10-21-01-31-55.jpg', 233, 'App\\Models\\ModuleContent', NULL, '2022-10-21 13:32:02', '2022-10-21 13:32:02'),
(551, 'uploads/bc-02-magnets-768x878jpg-2022-09-06-05-30-16.jpg', 209, 'App\\Models\\ModuleContent', NULL, '2022-10-21 13:39:24', '2022-10-21 13:39:24'),
(552, 'uploads/card-1jpg-2022-09-06-05-31-03.jpg', 209, 'App\\Models\\ModuleContent', NULL, '2022-10-21 13:39:24', '2022-10-21 13:39:24'),
(553, 'uploads/card-3-1jpg-2022-10-21-12-55-20.jpg', 209, 'App\\Models\\ModuleContent', NULL, '2022-10-21 13:39:24', '2022-10-21 13:39:24'),
(554, 'uploads/numberingstamps-150x150jpg-2022-09-07-03-55-40.jpg', 243, 'App\\Models\\ModuleContent', NULL, '2022-10-21 13:46:15', '2022-10-21 13:46:15'),
(555, 'uploads/jp-stamps-768x538jpg-2022-10-21-01-44-51.jpg', 243, 'App\\Models\\ModuleContent', NULL, '2022-10-21 13:46:15', '2022-10-21 13:46:15'),
(556, 'uploads/rubberstamps2-600x420jpg-2022-10-21-01-46-08.jpg', 243, 'App\\Models\\ModuleContent', NULL, '2022-10-21 13:46:15', '2022-10-21 13:46:15'),
(565, 'uploads/bc-1jpg-2022-12-26-12-56-46.jpg', 205, 'App\\Models\\ModuleContent', NULL, '2022-12-26 12:59:23', '2022-12-26 12:59:23'),
(566, 'uploads/bc-2jpg-2022-12-26-12-56-46.jpg', 205, 'App\\Models\\ModuleContent', NULL, '2022-12-26 12:59:23', '2022-12-26 12:59:23'),
(567, 'uploads/bc-3jpg-2022-12-26-12-56-46.jpg', 205, 'App\\Models\\ModuleContent', NULL, '2022-12-26 12:59:23', '2022-12-26 12:59:23'),
(568, 'uploads/bc-5jpg-2022-12-26-12-56-46.jpg', 205, 'App\\Models\\ModuleContent', NULL, '2022-12-26 12:59:23', '2022-12-26 12:59:23'),
(569, 'uploads/bc-2jpg-2022-12-26-01-00-41.jpg', 206, 'App\\Models\\ModuleContent', NULL, '2022-12-26 13:00:55', '2022-12-26 13:00:55'),
(570, 'uploads/bc-4jpg-2022-12-26-01-00-41.jpg', 206, 'App\\Models\\ModuleContent', NULL, '2022-12-26 13:00:55', '2022-12-26 13:00:55'),
(571, 'uploads/lux-03-copyjpg-2022-12-26-01-00-41.jpg', 206, 'App\\Models\\ModuleContent', NULL, '2022-12-26 13:00:55', '2022-12-26 13:00:55'),
(572, 'uploads/lux-03-copy2jpg-2022-12-26-01-00-41.jpg', 206, 'App\\Models\\ModuleContent', NULL, '2022-12-26 13:00:55', '2022-12-26 13:00:55'),
(573, 'uploads/bc-2jpg-2022-12-26-01-02-04.jpg', 207, 'App\\Models\\ModuleContent', NULL, '2022-12-26 13:02:24', '2022-12-26 13:02:24'),
(574, 'uploads/bc-4jpg-2022-12-26-01-02-04.jpg', 207, 'App\\Models\\ModuleContent', NULL, '2022-12-26 13:02:24', '2022-12-26 13:02:24'),
(575, 'uploads/lux-03-copyjpg-2022-12-26-01-02-04.jpg', 207, 'App\\Models\\ModuleContent', NULL, '2022-12-26 13:02:24', '2022-12-26 13:02:24'),
(576, 'uploads/bc-1jpg-2022-12-26-01-03-26.jpg', 208, 'App\\Models\\ModuleContent', NULL, '2022-12-26 13:03:32', '2022-12-26 13:03:32'),
(577, 'uploads/bc-5jpg-2022-12-26-01-03-26.jpg', 208, 'App\\Models\\ModuleContent', NULL, '2022-12-26 13:03:32', '2022-12-26 13:03:32'),
(582, 'uploads/dps-bc-sample-a01png-2022-12-26-01-04-26.png', 210, 'App\\Models\\ModuleContent', NULL, '2022-12-26 13:05:34', '2022-12-26 13:05:34'),
(583, 'uploads/dps-bc-sample-a02png-2022-12-26-01-04-26.png', 210, 'App\\Models\\ModuleContent', NULL, '2022-12-26 13:05:34', '2022-12-26 13:05:34'),
(584, 'uploads/dps-bc-sample-a04png-2022-12-26-01-04-26.png', 210, 'App\\Models\\ModuleContent', NULL, '2022-12-26 13:05:34', '2022-12-26 13:05:34'),
(585, 'uploads/dps-bc-sample-a06png-2022-12-26-01-04-26.png', 210, 'App\\Models\\ModuleContent', NULL, '2022-12-26 13:05:34', '2022-12-26 13:05:34'),
(586, 'uploads/bc-2jpg-2022-12-26-01-02-04.jpg', 193, 'App\\Models\\ModuleContent', NULL, '2022-12-26 13:06:48', '2022-12-26 13:06:48'),
(587, 'uploads/bc-4jpg-2022-12-26-01-02-04.jpg', 193, 'App\\Models\\ModuleContent', NULL, '2022-12-26 13:06:48', '2022-12-26 13:06:48'),
(588, 'uploads/dps-bc-sample-a01png-2022-12-26-01-04-26.png', 193, 'App\\Models\\ModuleContent', NULL, '2022-12-26 13:06:48', '2022-12-26 13:06:48'),
(589, 'uploads/dps-bc-sample-a02png-2022-12-26-01-04-26.png', 193, 'App\\Models\\ModuleContent', NULL, '2022-12-26 13:06:48', '2022-12-26 13:06:48'),
(590, 'uploads/dps-bc-sample-a04png-2022-12-26-01-04-26.png', 193, 'App\\Models\\ModuleContent', NULL, '2022-12-26 13:06:48', '2022-12-26 13:06:48'),
(591, 'uploads/dps-bc-sample-a06png-2022-12-26-01-04-26.png', 193, 'App\\Models\\ModuleContent', NULL, '2022-12-26 13:06:48', '2022-12-26 13:06:48'),
(592, 'uploads/card-3-1jpg-2022-10-21-12-55-20.jpg', 245, 'App\\Models\\ModuleContent', NULL, '2022-12-26 13:07:51', '2022-12-26 13:07:51'),
(593, 'uploads/card-1-1jpg-2022-10-21-01-18-09.jpg', 245, 'App\\Models\\ModuleContent', NULL, '2022-12-26 13:07:51', '2022-12-26 13:07:51'),
(594, 'uploads/slideshow-bg-41-768x439-1jpg-2022-10-21-01-20-56.jpg', 245, 'App\\Models\\ModuleContent', NULL, '2022-12-26 13:07:51', '2022-12-26 13:07:51'),
(595, 'uploads/folder-3-768x538jpg-2022-10-20-02-01-59.jpg', 239, 'App\\Models\\ModuleContent', NULL, '2022-12-26 13:08:53', '2022-12-26 13:08:53'),
(596, 'uploads/folder-1-768x538jpg-2022-10-20-02-02-36.jpg', 239, 'App\\Models\\ModuleContent', NULL, '2022-12-26 13:08:53', '2022-12-26 13:08:53'),
(597, 'uploads/brochures2-768x538jpg-2022-10-20-01-57-15.jpg', 231, 'App\\Models\\ModuleContent', NULL, '2022-12-26 13:10:38', '2022-12-26 13:10:38'),
(598, 'uploads/brochures3-768x538jpg-2022-10-20-01-57-53.jpg', 231, 'App\\Models\\ModuleContent', NULL, '2022-12-26 13:10:38', '2022-12-26 13:10:38'),
(599, 'uploads/flayer-3-768x538jpg-2022-10-20-01-58-23.jpg', 231, 'App\\Models\\ModuleContent', NULL, '2022-12-26 13:10:38', '2022-12-26 13:10:38'),
(600, 'uploads/flayer-2-600x420jpg-2022-10-20-01-58-52.jpg', 231, 'App\\Models\\ModuleContent', NULL, '2022-12-26 13:10:38', '2022-12-26 13:10:38'),
(601, 'uploads/flayer-1-600x420jpg-2022-10-20-01-59-27.jpg', 231, 'App\\Models\\ModuleContent', NULL, '2022-12-26 13:10:38', '2022-12-26 13:10:38'),
(602, 'uploads/magnet-badgesjpg-2022-12-26-01-17-07.jpg', 253, 'App\\Models\\ModuleContent', NULL, '2022-12-26 13:17:15', '2022-12-26 13:17:15'),
(603, 'uploads/magnet-calanderjpg-2022-12-26-01-17-07.jpg', 253, 'App\\Models\\ModuleContent', NULL, '2022-12-26 13:17:15', '2022-12-26 13:17:15'),
(604, 'uploads/fridge-magnetjpg-2022-12-26-01-17-07.jpg', 253, 'App\\Models\\ModuleContent', NULL, '2022-12-26 13:17:15', '2022-12-26 13:17:15'),
(605, 'uploads/fridge-magnet-800x800pxl-04png-2022-12-26-01-17-07.png', 253, 'App\\Models\\ModuleContent', NULL, '2022-12-26 13:17:15', '2022-12-26 13:17:15');

-- --------------------------------------------------------

--
-- Table structure for table `items`
--

CREATE TABLE `items` (
  `id` bigint(20) UNSIGNED NOT NULL,
  `user_id` bigint(20) UNSIGNED DEFAULT NULL,
  `name` varchar(125) COLLATE utf8mb4_unicode_ci DEFAULT NULL,
  `slug` varchar(125) COLLATE utf8mb4_unicode_ci DEFAULT NULL,
  `measurement` varchar(125) COLLATE utf8mb4_unicode_ci DEFAULT NULL,
  `stock` bigint(20) DEFAULT '0',
  `created_at` timestamp NULL DEFAULT NULL,
  `updated_at` timestamp NULL DEFAULT NULL
) ENGINE=InnoDB DEFAULT CHARSET=utf8mb4 COLLATE=utf8mb4_unicode_ci;

--
-- Dumping data for table `items`
--

INSERT INTO `items` (`id`, `user_id`, `name`, `slug`, `measurement`, `stock`, `created_at`, `updated_at`) VALUES
(1, 1, 'Test Item', 'test-item', 'Piece', 70, '2022-12-14 10:00:20', '2022-12-27 10:14:43');

-- --------------------------------------------------------

--
-- Table structure for table `job_boards`
--

CREATE TABLE `job_boards` (
  `id` bigint(20) UNSIGNED NOT NULL,
  `parent_id` bigint(20) UNSIGNED DEFAULT NULL,
  `name` varchar(125) COLLATE utf8mb4_unicode_ci DEFAULT NULL,
  `icon` varchar(125) COLLATE utf8mb4_unicode_ci DEFAULT NULL,
  `created_at` timestamp NULL DEFAULT NULL,
  `updated_at` timestamp NULL DEFAULT NULL
) ENGINE=InnoDB DEFAULT CHARSET=utf8mb4 COLLATE=utf8mb4_unicode_ci;

--
-- Dumping data for table `job_boards`
--

INSERT INTO `job_boards` (`id`, `parent_id`, `name`, `icon`, `created_at`, `updated_at`) VALUES
(1, NULL, 'Pre-Production', NULL, '2023-02-21 09:06:04', '2023-02-21 09:06:04'),
(2, NULL, 'Production', NULL, '2023-02-21 09:06:04', '2023-02-21 09:06:04'),
(3, NULL, 'Account', NULL, '2023-02-21 09:06:04', '2023-02-21 09:06:04'),
(4, NULL, 'Dispatch', NULL, '2023-02-21 09:06:04', '2023-02-21 09:06:04');

-- --------------------------------------------------------

--
-- Table structure for table `layouts`
--

CREATE TABLE `layouts` (
  `id` bigint(20) UNSIGNED NOT NULL,
  `name` varchar(125) COLLATE utf8mb4_unicode_ci DEFAULT NULL,
  `slug` varchar(125) COLLATE utf8mb4_unicode_ci DEFAULT NULL,
  `model` varchar(125) COLLATE utf8mb4_unicode_ci DEFAULT NULL,
  `image` varchar(125) COLLATE utf8mb4_unicode_ci DEFAULT NULL,
  `status` bigint(20) DEFAULT '1',
  `layout_cat_id` bigint(20) UNSIGNED DEFAULT NULL,
  `plugin_model_id` bigint(20) UNSIGNED DEFAULT NULL,
  `layout_type_id` bigint(20) UNSIGNED DEFAULT '1',
  `type` enum('normal','widget') COLLATE utf8mb4_unicode_ci DEFAULT 'normal',
  `input_type` varchar(125) COLLATE utf8mb4_unicode_ci DEFAULT NULL,
  `model_type` varchar(125) COLLATE utf8mb4_unicode_ci DEFAULT NULL,
  `done` bigint(20) DEFAULT '0',
  `link` varchar(125) COLLATE utf8mb4_unicode_ci DEFAULT NULL,
  `flip` tinyint(1) DEFAULT '0',
  `created_at` timestamp NULL DEFAULT NULL,
  `updated_at` timestamp NULL DEFAULT NULL
) ENGINE=InnoDB DEFAULT CHARSET=utf8mb4 COLLATE=utf8mb4_unicode_ci;

--
-- Dumping data for table `layouts`
--

INSERT INTO `layouts` (`id`, `name`, `slug`, `model`, `image`, `status`, `layout_cat_id`, `plugin_model_id`, `layout_type_id`, `type`, `input_type`, `model_type`, `done`, `link`, `flip`, `created_at`, `updated_at`) VALUES
(1, 'Audio One', 'audio-one', NULL, NULL, 1, 1, NULL, 1, 'normal', NULL, NULL, 1, '#', 0, '2022-11-06 09:47:45', '2022-11-06 09:47:45'),
(2, 'Audio Two', 'audio-two', '', NULL, 1, 1, NULL, 1, 'normal', NULL, NULL, 0, '#', 0, '2022-11-06 09:47:45', '2022-11-06 09:47:45'),
(11, 'Button One', 'button-one', NULL, NULL, 1, 2, NULL, 1, 'normal', NULL, NULL, 0, '#', 0, '2022-11-06 09:47:45', '2022-11-06 09:47:45'),
(12, 'Button Two', 'button-two', NULL, NULL, 1, 2, NULL, 1, 'normal', NULL, NULL, 0, '#', 0, '2022-11-06 09:47:45', '2022-11-06 09:47:45'),
(13, 'Button Three', 'button-three', NULL, NULL, 1, 2, NULL, 1, 'normal', NULL, NULL, 0, '#', 0, '2022-11-06 09:47:45', '2022-11-06 09:47:45'),
(14, 'Button Four', 'button-four', NULL, NULL, 1, 2, NULL, 1, 'normal', NULL, NULL, 0, '#', 0, '2022-11-06 09:47:45', '2022-11-06 09:47:45'),
(21, 'Divider One', 'divider-one', NULL, NULL, 1, 3, NULL, 1, 'normal', NULL, NULL, 0, '#', 0, '2022-11-06 09:47:45', '2022-11-06 09:47:45'),
(22, 'Divider Two', 'divider-two', NULL, NULL, 1, 3, NULL, 1, 'normal', NULL, NULL, 0, '#', 0, '2022-11-06 09:47:45', '2022-11-06 09:47:45'),
(23, 'Divider Three', 'divider-three', NULL, NULL, 1, 3, NULL, 1, 'normal', NULL, NULL, 0, '#', 0, '2022-11-06 09:47:45', '2022-11-06 09:47:45'),
(31, 'Header One', 'header-one', NULL, NULL, 1, 4, NULL, 1, 'normal', NULL, NULL, 0, '#', 0, '2022-11-06 09:47:45', '2022-11-06 09:47:45'),
(32, 'Header Two', 'header-two', NULL, NULL, 1, 4, NULL, 1, 'normal', NULL, NULL, 0, '#', 0, '2022-11-06 09:47:45', '2022-11-06 09:47:45'),
(33, 'Header Three', 'header-three', NULL, NULL, 1, 4, NULL, 1, 'normal', NULL, NULL, 0, '#', 0, '2022-11-06 09:47:45', '2022-11-06 09:47:45'),
(34, 'Header Four', 'header-four', NULL, NULL, 1, 4, NULL, 1, 'normal', NULL, NULL, 0, '#', 0, '2022-11-06 09:47:45', '2022-11-06 09:47:45'),
(41, 'Image One', 'image-one', NULL, NULL, 1, 5, NULL, 1, 'normal', NULL, NULL, 0, '#', 0, '2022-11-06 09:47:45', '2022-11-06 09:47:45'),
(42, 'Image Two', 'image-two', NULL, NULL, 1, 5, NULL, 1, 'normal', NULL, NULL, 0, '#', 0, '2022-11-06 09:47:45', '2022-11-06 09:47:45'),
(51, 'Link One', 'link-one', NULL, NULL, 1, 6, NULL, 2, 'normal', NULL, NULL, 0, '#', 0, '2022-11-06 09:47:45', '2022-11-06 09:47:45'),
(52, 'Link Two', 'link-two', NULL, NULL, 1, 6, NULL, 2, 'normal', NULL, NULL, 0, '#', 0, '2022-11-06 09:47:45', '2022-11-06 09:47:45'),
(53, 'Link Three', 'link-three', NULL, NULL, 1, 6, NULL, 2, 'normal', NULL, NULL, 0, '#', 0, '2022-11-06 09:47:45', '2022-11-06 09:47:45'),
(54, 'Link Four', 'link-four', NULL, NULL, 1, 6, NULL, 2, 'normal', NULL, NULL, 0, '#', 0, '2022-11-06 09:47:45', '2022-11-06 09:47:45'),
(55, 'Link Five', 'link-five', NULL, NULL, 1, 6, NULL, 2, 'normal', NULL, NULL, 0, '#', 0, '2022-11-06 09:47:45', '2022-11-06 09:47:45'),
(56, 'Link Six', 'link-six', NULL, NULL, 1, 6, NULL, 2, 'normal', NULL, NULL, 0, '#', 0, '2022-11-06 09:47:45', '2022-11-06 09:47:45'),
(61, 'Map One', 'map-one', NULL, NULL, 1, 7, NULL, 1, 'normal', NULL, NULL, 0, '#', 0, '2022-11-06 09:47:45', '2022-11-06 09:47:45'),
(62, 'Map Two', 'map-two', NULL, NULL, 1, 7, NULL, 1, 'normal', NULL, NULL, 0, '#', 0, '2022-11-06 09:47:45', '2022-11-06 09:47:45'),
(91, 'Social Icon One', 'social-icon-one', NULL, NULL, 1, 10, NULL, 1, 'normal', NULL, NULL, 0, '#', 0, '2022-11-06 09:47:45', '2022-11-06 09:47:45'),
(92, 'Social Icon Two', 'social-icon-two', NULL, NULL, 1, 10, NULL, 1, 'normal', NULL, NULL, 0, '#', 0, '2022-11-06 09:47:45', '2022-11-06 09:47:45'),
(93, 'Social Icon Three', 'social-icon-three', NULL, NULL, 1, 10, NULL, 1, 'normal', NULL, NULL, 0, '#', 0, '2022-11-06 09:47:45', '2022-11-06 09:47:45'),
(121, 'Video One', 'video-one', NULL, NULL, 1, 13, NULL, 1, 'normal', NULL, NULL, 0, '#', 0, '2022-11-06 09:47:45', '2022-11-06 09:47:45'),
(122, 'Video Two', 'video-two', NULL, NULL, 1, 13, NULL, 1, 'normal', NULL, NULL, 0, '#', 0, '2022-11-06 09:47:45', '2022-11-06 09:47:45'),
(123, 'Video Three', 'video-three', NULL, NULL, 1, 13, NULL, 1, 'normal', NULL, NULL, 0, '#', 0, '2022-11-06 09:47:45', '2022-11-06 09:47:45'),
(124, 'Video Four', 'video-four', NULL, NULL, 1, 13, NULL, 1, 'normal', NULL, NULL, 0, '#', 0, '2022-11-06 09:47:45', '2022-11-06 09:47:45'),
(131, 'Accordion One', 'accordion-one', 'App\\Models\\Category', NULL, 1, 14, NULL, 2, 'normal', NULL, 'accordions', 0, '#', 0, '2022-11-06 09:47:45', '2022-11-06 09:47:45'),
(132, 'Accordion Two', 'accordion-two', 'App\\Models\\Category', NULL, 1, 14, NULL, 2, 'normal', NULL, 'accordions', 0, '#', 0, '2022-11-06 09:47:45', '2022-11-06 09:47:45'),
(133, 'Accordion Three', 'accordion-three', 'App\\Models\\Category', NULL, 1, 14, NULL, 2, 'normal', NULL, 'accordions', 0, '#', 0, '2022-11-06 09:47:45', '2022-11-06 09:47:45'),
(134, 'Accordion Four', 'accordion-four', 'App\\Models\\Category', NULL, 1, 14, NULL, 2, 'normal', NULL, 'accordions', 0, '#', 0, '2022-11-06 09:47:45', '2022-11-06 09:47:45'),
(135, 'Accordion Five', 'accordion-five', 'App\\Models\\Category', NULL, 1, 14, NULL, 2, 'normal', NULL, 'accordions', 0, '#', 0, '2022-11-06 09:47:45', '2022-11-06 09:47:45'),
(136, 'Accordion Six', 'accordion-six', 'App\\Models\\Category', NULL, 1, 14, NULL, 2, 'normal', NULL, 'accordions', 0, '#', 0, '2022-11-06 09:47:45', '2022-11-06 09:47:45'),
(137, 'Accordion Seven', 'accordion-seven', 'App\\Models\\Category', NULL, 1, 14, NULL, 2, 'normal', NULL, 'accordions', 0, '#', 0, '2022-11-06 09:47:45', '2022-11-06 09:47:45'),
(138, 'Accordion Eight', 'accordion-eight', 'App\\Models\\Category', NULL, 1, 14, NULL, 2, 'normal', NULL, 'accordions', 0, '#', 0, '2022-11-06 09:47:45', '2022-11-06 09:47:45'),
(139, 'Accordion Nine', 'accordion-nine', 'App\\Models\\Category', NULL, 1, 14, NULL, 2, 'normal', NULL, 'accordions', 0, '#', 0, '2022-11-06 09:47:45', '2022-11-06 09:47:45'),
(141, 'Button Group One', 'button-group-one', 'App\\Models\\Category', NULL, 1, 15, NULL, 2, 'normal', NULL, '', 0, '#', 0, '2022-11-06 09:47:45', '2022-11-06 09:47:45'),
(142, 'Button Group Two', 'button-group-two', 'App\\Models\\Category', NULL, 1, 15, NULL, 2, 'normal', NULL, '', 0, '#', 0, '2022-11-06 09:47:45', '2022-11-06 09:47:45'),
(143, 'Button Group Three', 'button-group-three', 'App\\Models\\Category', NULL, 1, 15, NULL, 2, 'normal', NULL, '', 0, '#', 0, '2022-11-06 09:47:45', '2022-11-06 09:47:45'),
(144, 'Button Group Four', 'button-group-four', 'App\\Models\\Category', NULL, 1, 15, NULL, 2, 'normal', NULL, '', 0, '#', 0, '2022-11-06 09:47:45', '2022-11-06 09:47:45'),
(145, 'Button Group Five', 'button-group-five', 'App\\Models\\Category', NULL, 1, 15, NULL, 2, 'normal', NULL, '', 0, '#', 0, '2022-11-06 09:47:45', '2022-11-06 09:47:45'),
(146, 'Button Group Six', 'button-group-six', 'App\\Models\\Category', NULL, 1, 15, NULL, 2, 'normal', NULL, '', 0, '#', 0, '2022-11-06 09:47:45', '2022-11-06 09:47:45'),
(147, 'Button Group Seven', 'button-group-seven', 'App\\Models\\Category', NULL, 1, 15, NULL, 2, 'normal', NULL, '', 0, '#', 0, '2022-11-06 09:47:45', '2022-11-06 09:47:45'),
(151, 'Call To Action One', 'call-to-action-one', 'App\\Models\\Category', NULL, 1, 16, NULL, 2, 'normal', NULL, 'calltoaction', 0, '#', 0, '2022-11-06 09:47:45', '2022-11-06 09:47:45'),
(152, 'Call To Action Two', 'call-to-action-two', 'App\\Models\\Category', NULL, 1, 16, NULL, 2, 'normal', NULL, 'calltoaction', 0, '#', 0, '2022-11-06 09:47:45', '2022-11-06 09:47:45'),
(153, 'Call To Action Three', 'call-to-action-three', 'App\\Models\\Category', NULL, 1, 16, NULL, 2, 'normal', NULL, 'calltoaction', 0, '#', 0, '2022-11-06 09:47:45', '2022-11-06 09:47:45'),
(154, 'Call To Action Four', 'call-to-action-four', 'App\\Models\\Category', NULL, 1, 16, NULL, 2, 'normal', NULL, 'calltoaction', 0, '#', 0, '2022-11-06 09:47:45', '2022-11-06 09:47:45'),
(155, 'Call To Action Five', 'call-to-action-five', 'App\\Models\\Category', NULL, 1, 16, NULL, 2, 'normal', NULL, 'calltoaction', 0, '#', 0, '2022-11-06 09:47:45', '2022-11-06 09:47:45'),
(156, 'Call To Action Six', 'call-to-action-six', 'App\\Models\\Category', NULL, 1, 16, NULL, 2, 'normal', NULL, 'calltoaction', 0, '#', 0, '2022-11-06 09:47:45', '2022-11-06 09:47:45'),
(157, 'Call To Action Seven', 'call-to-action-seven', 'App\\Models\\Category', NULL, 1, 16, NULL, 2, 'normal', NULL, 'calltoaction', 0, '#', 0, '2022-11-06 09:47:45', '2022-11-06 09:47:45'),
(158, 'Call To Action Eight', 'call-to-action-eight', 'App\\Models\\Category', NULL, 1, 16, NULL, 2, 'normal', NULL, 'calltoaction', 0, 'https://sandbox.elemisthemes.com/docs/blocks/call-to-action.html', 0, '2022-11-06 09:47:45', '2022-11-06 09:47:45'),
(159, 'Call To Action Nine', 'call-to-action-nine', 'App\\Models\\Category', NULL, 1, 16, NULL, 2, 'normal', NULL, 'calltoaction', 0, 'https://sandbox.elemisthemes.com/docs/blocks/call-to-action.html', 0, '2022-11-06 09:47:45', '2022-11-06 09:47:45'),
(160, 'Call To Action Ten', 'call-to-action-ten', 'App\\Models\\Category', NULL, 1, 16, NULL, 2, 'normal', NULL, 'calltoaction', 0, 'https://sandbox.elemisthemes.com/docs/blocks/call-to-action.html', 0, '2022-11-06 09:47:45', '2022-11-06 09:47:45'),
(161, 'Carausel One', 'carausel-one', 'App\\Models\\Category', NULL, 1, 17, NULL, 2, 'normal', NULL, 'carausels', 0, '#', 0, '2022-11-06 09:47:45', '2022-11-06 09:47:45'),
(162, 'Carausel Two', 'carausel-two', 'App\\Models\\Category', NULL, 1, 17, NULL, 2, 'normal', NULL, 'carausels', 0, '#', 0, '2022-11-06 09:47:45', '2022-11-06 09:47:45'),
(163, 'Carausel Three', 'carausel-three', 'App\\Models\\Category', NULL, 1, 17, NULL, 2, 'normal', NULL, 'carausels', 0, '#', 0, '2022-11-06 09:47:45', '2022-11-06 09:47:45'),
(164, 'Carausel Four', 'carausel-four', 'App\\Models\\Category', NULL, 1, 17, NULL, 2, 'normal', NULL, 'carausels', 0, '#', 0, '2022-11-06 09:47:45', '2022-11-06 09:47:45'),
(165, 'Carausel Five', 'carausel-five', 'App\\Models\\Category', NULL, 1, 17, NULL, 2, 'normal', NULL, 'carausels', 0, '#', 0, '2022-11-06 09:47:45', '2022-11-06 09:47:45'),
(166, 'Carausel Six', 'carausel-six', 'App\\Models\\Category', NULL, 1, 17, NULL, 2, 'normal', NULL, 'carausels', 0, '#', 0, '2022-11-06 09:47:45', '2022-11-06 09:47:45'),
(167, 'Carausel Seven', 'carausel-seven', 'App\\Models\\Category', NULL, 1, 17, NULL, 2, 'normal', NULL, 'carausels', 0, '#', 0, '2022-11-06 09:47:45', '2022-11-06 09:47:45'),
(168, 'Carausel Eight', 'carausel-eight', 'App\\Models\\Category', NULL, 1, 17, NULL, 2, 'normal', NULL, 'carausels', 0, '#', 0, '2022-11-06 09:47:45', '2022-11-06 09:47:45'),
(171, 'Category One', 'category-one', 'App\\Models\\Category', NULL, 1, 18, NULL, 2, 'normal', NULL, 'category', 0, '#', 0, '2022-11-06 09:47:45', '2022-11-06 09:47:45'),
(172, 'Category Two', 'category-two', 'App\\Models\\Category', NULL, 1, 18, NULL, 2, 'normal', NULL, 'category', 0, 'https://preview.themeforest.net/item/eduguard-education-online-course-bootstrap-5-template/full_screen_preview/33027843?', 0, '2022-11-06 09:47:45', '2022-11-06 09:47:45'),
(173, 'Category Three', 'category-three', 'App\\Models\\Category', NULL, 1, 18, NULL, 2, 'normal', NULL, 'category', 0, '#', 0, '2022-11-06 09:47:45', '2022-11-06 09:47:45'),
(174, 'Category Four', 'category-four', 'App\\Models\\Category', NULL, 1, 18, NULL, 2, 'normal', NULL, 'category', 0, '#', 0, '2022-11-06 09:47:45', '2022-11-06 09:47:45'),
(175, 'Category Five', 'category-five', 'App\\Models\\Category', NULL, 1, 18, NULL, 2, 'normal', NULL, 'category', 0, '#', 0, '2022-11-06 09:47:45', '2022-11-06 09:47:45'),
(176, 'Category Six', 'category-six', 'App\\Models\\Category', NULL, 1, 18, NULL, 2, 'normal', NULL, 'category', 0, '#', 0, '2022-11-06 09:47:45', '2022-11-06 09:47:45'),
(177, 'Category Seven', 'category-seven', 'App\\Models\\Category', NULL, 1, 18, NULL, 2, 'normal', NULL, 'category', 0, 'landrick-380/Landrick_v3.8.0/HTML/landing/index-single-product.html', 0, '2022-11-06 09:47:45', '2022-11-06 09:47:45'),
(178, 'Category Eight', 'category-eight', 'App\\Models\\Category', NULL, 1, 18, NULL, 2, 'normal', NULL, 'category', 0, '#', 0, '2022-11-06 09:47:45', '2022-11-06 09:47:45'),
(179, 'Category Nine', 'category-nine', 'App\\Models\\Category', NULL, 1, 18, NULL, 2, 'normal', NULL, 'category', 0, '#', 0, '2022-11-06 09:47:45', '2022-11-06 09:47:45'),
(180, 'Category Ten', 'category-ten', 'App\\Models\\Category', NULL, 1, 18, NULL, 2, 'normal', NULL, 'category', 0, '#', 0, '2022-11-06 09:47:45', '2022-11-06 09:47:45'),
(181, 'Clients One', 'clients-one', 'App\\Models\\Category', NULL, 1, 19, NULL, 2, 'normal', NULL, 'clients', 0, '#', 0, '2022-11-06 09:47:45', '2022-11-06 09:47:45'),
(182, 'Clients Two', 'clients-two', 'App\\Models\\Category', NULL, 1, 19, NULL, 2, 'normal', NULL, 'clients', 0, '#', 0, '2022-11-06 09:47:45', '2022-11-06 09:47:45'),
(183, 'Clients Three', 'clients-three', 'App\\Models\\Category', NULL, 1, 19, NULL, 2, 'normal', NULL, 'clients', 0, '#', 0, '2022-11-06 09:47:45', '2022-11-06 09:47:45'),
(184, 'Clients Four', 'clients-four', 'App\\Models\\Category', NULL, 1, 19, NULL, 2, 'normal', NULL, 'clients', 0, '#', 0, '2022-11-06 09:47:45', '2022-11-06 09:47:45'),
(185, 'Clients Five', 'clients-five', 'App\\Models\\Category', NULL, 1, 19, NULL, 2, 'normal', NULL, 'clients', 0, '#', 0, '2022-11-06 09:47:45', '2022-11-06 09:47:45'),
(186, 'Clients Six', 'clients-six', 'App\\Models\\Category', NULL, 1, 19, NULL, 2, 'normal', NULL, 'clients', 0, '#', 0, '2022-11-06 09:47:45', '2022-11-06 09:47:45'),
(187, 'Clients Seven', 'clients-seven', 'App\\Models\\Category', NULL, 1, 19, NULL, 2, 'normal', NULL, 'clients', 0, '#', 0, '2022-11-06 09:47:45', '2022-11-06 09:47:45'),
(188, 'Clients Eight', 'clients-eight', 'App\\Models\\Category', NULL, 1, 19, NULL, 2, 'normal', NULL, 'clients', 0, '#', 0, '2022-11-06 09:47:45', '2022-11-06 09:47:45'),
(189, 'Clients Nine', 'clients-nine', 'App\\Models\\Category', NULL, 1, 19, NULL, 2, 'normal', NULL, 'clients', 0, '#', 0, '2022-11-06 09:47:45', '2022-11-06 09:47:45'),
(191, 'Coming Soon One', 'coming-soon-one', 'App\\Models\\Category', NULL, 1, 20, NULL, 2, 'normal', NULL, 'coming_soon', 0, '#', 0, '2022-11-06 09:47:45', '2022-11-06 09:47:45'),
(192, 'Coming Soon Two', 'coming-soon-two', 'App\\Models\\Category', NULL, 1, 20, NULL, 2, 'normal', NULL, 'coming_soon', 0, '#', 0, '2022-11-06 09:47:45', '2022-11-06 09:47:45'),
(201, 'Content One', 'content-one', 'App\\Models\\Category', NULL, 1, 21, NULL, 2, 'normal', NULL, 'contents', 0, '#', 0, '2022-11-06 09:47:45', '2022-11-06 09:47:45'),
(202, 'Content Two', 'content-two', 'App\\Models\\Category', NULL, 1, 21, NULL, 2, 'normal', NULL, 'contents', 0, '#', 0, '2022-11-06 09:47:45', '2022-11-06 09:47:45'),
(203, 'Content Three', 'content-three', 'App\\Models\\Category', NULL, 1, 21, NULL, 2, 'normal', NULL, 'contents', 0, '#', 0, '2022-11-06 09:47:45', '2022-11-06 09:47:45'),
(204, 'Content Four', 'content-four', 'App\\Models\\Category', NULL, 1, 21, NULL, 2, 'normal', NULL, 'contents', 0, '#', 0, '2022-11-06 09:47:45', '2022-11-06 09:47:45'),
(205, 'Content Five', 'content-five', 'App\\Models\\Category', NULL, 1, 21, NULL, 2, 'normal', NULL, 'contents', 0, '#', 0, '2022-11-06 09:47:45', '2022-11-06 09:47:45'),
(211, 'Counter One', 'counter-one', 'App\\Models\\Category', NULL, 1, 22, NULL, 2, 'normal', NULL, 'counters', 0, '#', 0, '2022-11-06 09:47:45', '2022-11-06 09:47:45'),
(212, 'Counter Two', 'counter-two', 'App\\Models\\Category', NULL, 1, 22, NULL, 2, 'normal', NULL, 'counters', 0, '#', 0, '2022-11-06 09:47:45', '2022-11-06 09:47:45'),
(213, 'Counter Three', 'counter-three', 'App\\Models\\Category', NULL, 1, 22, NULL, 2, 'normal', NULL, 'counters', 0, '#', 0, '2022-11-06 09:47:45', '2022-11-06 09:47:45'),
(214, 'Counter Four', 'counter-four', 'App\\Models\\Category', NULL, 1, 22, NULL, 2, 'normal', NULL, 'counters', 0, '#', 0, '2022-11-06 09:47:45', '2022-11-06 09:47:45'),
(215, 'Counter Five', 'counter-five', 'App\\Models\\Category', NULL, 1, 22, NULL, 2, 'normal', NULL, 'counters', 0, '#', 0, '2022-11-06 09:47:45', '2022-11-06 09:47:45'),
(216, 'Counter Six', 'counter-six', 'App\\Models\\Category', NULL, 1, 22, NULL, 2, 'normal', NULL, 'counters', 0, '#', 0, '2022-11-06 09:47:45', '2022-11-06 09:47:45'),
(217, 'Counter Seven', 'counter-seven', 'App\\Models\\Category', NULL, 1, 22, NULL, 2, 'normal', NULL, 'counters', 0, '#', 0, '2022-11-06 09:47:45', '2022-11-06 09:47:45'),
(218, 'Counter Eight', 'counter-eight', 'App\\Models\\Category', NULL, 1, 22, NULL, 2, 'normal', NULL, 'counters', 0, '#', 0, '2022-11-06 09:47:46', '2022-11-06 09:47:46'),
(219, 'Counter Nine', 'counter-nine', 'App\\Models\\Category', NULL, 1, 22, NULL, 2, 'normal', NULL, 'counters', 0, '#', 0, '2022-11-06 09:47:46', '2022-11-06 09:47:46'),
(220, 'Counter Ten', 'counter-ten', 'App\\Models\\Category', NULL, 1, 22, NULL, 2, 'normal', NULL, 'counters', 0, '#', 0, '2022-11-06 09:47:46', '2022-11-06 09:47:46'),
(221, 'Feature Intro One', 'feature-intro-one', 'App\\Models\\Category', NULL, 1, 23, NULL, 2, 'normal', NULL, 'feature_intro', 0, '#', 0, '2022-11-06 09:47:46', '2022-11-06 09:47:46'),
(222, 'Feature Intro Two', 'feature-intro-two', 'App\\Models\\Category', NULL, 1, 23, NULL, 2, 'normal', NULL, 'feature_intro', 0, '#', 0, '2022-11-06 09:47:46', '2022-11-06 09:47:46'),
(223, 'Feature Intro Three', 'feature-intro-three', 'App\\Models\\Category', NULL, 1, 23, NULL, 2, 'normal', NULL, 'feature_intro', 0, '#', 0, '2022-11-06 09:47:46', '2022-11-06 09:47:46'),
(224, 'Feature Intro Four', 'feature-intro-four', 'App\\Models\\Category', NULL, 1, 23, NULL, 2, 'normal', NULL, 'feature_intro', 0, '#', 0, '2022-11-06 09:47:46', '2022-11-06 09:47:46'),
(225, 'Feature Intro Five', 'feature-intro-five', 'App\\Models\\Category', NULL, 1, 23, NULL, 2, 'normal', NULL, 'feature_intro', 0, '#', 0, '2022-11-06 09:47:46', '2022-11-06 09:47:46'),
(226, 'Feature Intro Six', 'feature-intro-six', 'App\\Models\\Category', NULL, 1, 23, NULL, 2, 'normal', NULL, 'feature_intro', 0, '#', 0, '2022-11-06 09:47:46', '2022-11-06 09:47:46'),
(227, 'Feature Intro Seven', 'feature-intro-seven', 'App\\Models\\Category', NULL, 1, 23, NULL, 2, 'normal', NULL, 'feature_intro', 0, '#', 0, '2022-11-06 09:47:46', '2022-11-06 09:47:46'),
(228, 'Feature Intro Eight', 'feature-intro-eight', 'App\\Models\\Category', NULL, 1, 23, NULL, 2, 'normal', NULL, 'feature_intro', 0, '#', 0, '2022-11-06 09:47:46', '2022-11-06 09:47:46'),
(229, 'Feature Intro Nine', 'feature-intro-nine', 'App\\Models\\Category', NULL, 1, 23, NULL, 2, 'normal', NULL, 'feature_intro', 0, '#', 0, '2022-11-06 09:47:46', '2022-11-06 09:47:46'),
(230, 'Feature Intro Ten', 'feature-intro-ten', 'App\\Models\\Category', NULL, 1, 23, NULL, 2, 'normal', NULL, 'feature_intro', 0, '#', 0, '2022-11-06 09:47:46', '2022-11-06 09:47:46'),
(231, 'Hero One', 'hero-one', 'App\\Models\\Category', NULL, 1, 24, NULL, 2, 'normal', NULL, 'heros', 0, 'www.fbs.com', 1, '2022-11-06 09:47:46', '2022-11-06 09:47:46'),
(232, 'Hero Two', 'hero-two', 'App\\Models\\Category', NULL, 1, 24, NULL, 2, 'normal', NULL, 'heros', 0, '#', 1, '2022-11-06 09:47:46', '2022-11-06 09:47:46'),
(233, 'Hero Three', 'hero-three', 'App\\Models\\Category', NULL, 1, 24, NULL, 2, 'normal', NULL, 'heros', 0, '#', 1, '2022-11-06 09:47:46', '2022-11-06 09:47:46'),
(234, 'Hero Four', 'hero-four', 'App\\Models\\Category', NULL, 1, 24, NULL, 2, 'normal', NULL, 'heros', 0, '#', 1, '2022-11-06 09:47:46', '2022-11-06 09:47:46'),
(235, 'Hero Five', 'hero-five', 'App\\Models\\Category', NULL, 1, 24, NULL, 2, 'normal', NULL, 'heros', 0, '#', 1, '2022-11-06 09:47:46', '2022-11-06 09:47:46'),
(236, 'Hero Six', 'hero-six', 'App\\Models\\Category', NULL, 1, 24, NULL, 2, 'normal', NULL, 'heros', 0, '#', 1, '2022-11-06 09:47:46', '2022-11-06 09:47:46'),
(237, 'Hero Seven', 'hero-seven', 'App\\Models\\Category', NULL, 1, 24, NULL, 2, 'normal', NULL, 'heros', 0, '#', 0, '2022-11-06 09:47:46', '2022-11-06 09:47:46'),
(238, 'Hero Eight', 'hero-eight', 'App\\Models\\Category', NULL, 1, 24, NULL, 2, 'normal', NULL, 'heros', 0, '#', 1, '2022-11-06 09:47:46', '2022-11-06 09:47:46'),
(239, 'Hero Nine', 'hero-nine', 'App\\Models\\Category', NULL, 1, 24, NULL, 2, 'normal', NULL, 'heros', 0, 'https://sandbox.elemisthemes.com/docs/blocks/hero.html', 0, '2022-11-06 09:47:46', '2022-11-06 09:47:46'),
(240, 'Hero Ten', 'hero-ten', 'App\\Models\\Category', NULL, 1, 24, NULL, 2, 'normal', NULL, 'heros', 0, 'https://sandbox.elemisthemes.com/docs/blocks/hero.html', 0, '2022-11-06 09:47:46', '2022-11-06 09:47:46'),
(241, 'Icon Box One', 'icon-box-one', 'App\\Models\\Category', NULL, 1, 25, NULL, 2, 'normal', NULL, 'icon_list', 0, '#', 0, '2022-11-06 09:47:46', '2022-11-06 09:47:46'),
(242, 'Icon Box Two', 'icon-box-two', 'App\\Models\\Category', NULL, 1, 25, NULL, 2, 'normal', NULL, 'icon_list', 0, '#', 0, '2022-11-06 09:47:46', '2022-11-06 09:47:46'),
(243, 'Icon Box Three', 'icon-box-three', 'App\\Models\\Category', NULL, 1, 25, NULL, 2, 'normal', NULL, 'icon_list', 0, 'https://preview.themeforest.net/item/eduguard-education-online-course-bootstrap-5-template/full_screen_preview/33027843?', 0, '2022-11-06 09:47:46', '2022-11-06 09:47:46'),
(244, 'Icon Box Four', 'icon-box-four', 'App\\Models\\Category', NULL, 1, 25, NULL, 2, 'normal', NULL, 'icon_list', 0, '#', 0, '2022-11-06 09:47:46', '2022-11-06 09:47:46'),
(245, 'Icon Box Five', 'icon-box-five', 'App\\Models\\Category', NULL, 1, 25, NULL, 2, 'normal', NULL, 'icon_list', 0, '#', 0, '2022-11-06 09:47:46', '2022-11-06 09:47:46'),
(246, 'Icon Box Six', 'icon-box-six', 'App\\Models\\Category', NULL, 1, 25, NULL, 2, 'normal', NULL, 'icon_list', 0, 'https://preview.themeforest.net/item/eduguard-education-online-course-bootstrap-5-template/full_screen_preview/33027843?', 0, '2022-11-06 09:47:46', '2022-11-06 09:47:46'),
(247, 'Icon Box Seven', 'icon-box-seven', 'App\\Models\\Category', NULL, 1, 25, NULL, 2, 'normal', NULL, 'icon_list', 0, '#', 0, '2022-11-06 09:47:46', '2022-11-06 09:47:46'),
(248, 'Icon Box Eight', 'icon-box-eight', 'App\\Models\\Category', NULL, 1, 25, NULL, 2, 'normal', NULL, 'icon_list', 0, '#', 0, '2022-11-06 09:47:46', '2022-11-06 09:47:46'),
(249, 'Icon Box Nine', 'icon-box-nine', 'App\\Models\\Category', NULL, 1, 25, NULL, 2, 'normal', NULL, 'icon_list', 0, '#', 0, '2022-11-06 09:47:46', '2022-11-06 09:47:46'),
(250, 'Icon Box Ten', 'icon-box-ten', 'App\\Models\\Category', NULL, 1, 25, NULL, 2, 'normal', NULL, 'icon_list', 0, '#', 0, '2022-11-06 09:47:46', '2022-11-06 09:47:46'),
(251, 'Icon List One', 'icon-list-one', 'App\\Models\\Category', NULL, 1, 26, NULL, 2, 'normal', NULL, 'icon_list', 0, '#', 0, '2022-11-06 09:47:46', '2022-11-06 09:47:46'),
(252, 'Icon List Two', 'icon-list-two', 'App\\Models\\Category', NULL, 1, 26, NULL, 2, 'normal', NULL, 'icon_list', 0, '#', 0, '2022-11-06 09:47:46', '2022-11-06 09:47:46'),
(253, 'Icon List Three', 'icon-list-three', 'App\\Models\\Category', NULL, 1, 26, NULL, 2, 'normal', NULL, 'icon_list', 0, '#', 0, '2022-11-06 09:47:46', '2022-11-06 09:47:46'),
(254, 'Icon List Four', 'icon-list-four', 'App\\Models\\Category', NULL, 1, 26, NULL, 2, 'normal', NULL, 'icon_list', 0, '#', 0, '2022-11-06 09:47:46', '2022-11-06 09:47:46'),
(255, 'Icon List Five', 'icon-list-five', 'App\\Models\\Category', NULL, 1, 26, NULL, 2, 'normal', NULL, 'icon_list', 0, '#', 0, '2022-11-06 09:47:46', '2022-11-06 09:47:46'),
(256, 'Icon List Six', 'icon-list-six', 'App\\Models\\Category', NULL, 1, 26, NULL, 2, 'normal', NULL, 'icon_list', 0, '#', 0, '2022-11-06 09:47:46', '2022-11-06 09:47:46'),
(257, 'Icon List Seven', 'icon-list-seven', 'App\\Models\\Category', NULL, 1, 26, NULL, 2, 'normal', NULL, 'icon_list', 0, '#', 0, '2022-11-06 09:47:46', '2022-11-06 09:47:46'),
(258, 'Icon List Eight', 'icon-list-eight', 'App\\Models\\Category', NULL, 1, 26, NULL, 2, 'normal', NULL, 'icon_list', 0, '#', 0, '2022-11-06 09:47:46', '2022-11-06 09:47:46'),
(261, 'Image Gallery One', 'image-gallery-one', 'App\\Models\\Category', NULL, 1, 27, NULL, 2, 'normal', NULL, 'image_gallery', 0, '#', 0, '2022-11-06 09:47:46', '2022-11-06 09:47:46'),
(262, 'Image Gallery Two', 'image-gallery-two', 'App\\Models\\Category', NULL, 1, 27, NULL, 2, 'normal', NULL, 'image_gallery', 0, '#', 0, '2022-11-06 09:47:46', '2022-11-06 09:47:46'),
(263, 'Image Gallery Three', 'image-gallery-three', 'App\\Models\\Category', NULL, 1, 27, NULL, 2, 'normal', NULL, 'image_gallery', 0, '#', 0, '2022-11-06 09:47:46', '2022-11-06 09:47:46'),
(264, 'Image Gallery Four', 'image-gallery-four', 'App\\Models\\Category', NULL, 1, 27, NULL, 2, 'normal', NULL, 'image_gallery', 0, '#', 0, '2022-11-06 09:47:46', '2022-11-06 09:47:46'),
(265, 'Image Gallery Five', 'image-gallery-five', 'App\\Models\\Category', NULL, 1, 27, NULL, 2, 'normal', NULL, 'image_gallery', 0, '#', 0, '2022-11-06 09:47:46', '2022-11-06 09:47:46'),
(266, 'Image Gallery Six', 'image-gallery-six', 'App\\Models\\Category', NULL, 1, 27, NULL, 2, 'normal', NULL, 'image_gallery', 0, '#', 0, '2022-11-06 09:47:46', '2022-11-06 09:47:46'),
(267, 'Image Gallery Seven', 'image-gallery-seven', 'App\\Models\\Category', NULL, 1, 27, NULL, 2, 'normal', NULL, 'image_gallery', 0, '#', 0, '2022-11-06 09:47:46', '2022-11-06 09:47:46'),
(268, 'Image Gallery Eight', 'image-gallery-eight', 'App\\Models\\Category', NULL, 1, 27, NULL, 2, 'normal', NULL, 'image_gallery', 0, '#', 0, '2022-11-06 09:47:46', '2022-11-06 09:47:46'),
(269, 'Image Gallery Nine', 'image-gallery-nine', 'App\\Models\\Category', NULL, 1, 27, NULL, 2, 'normal', NULL, 'image_gallery', 0, '#', 0, '2022-11-06 09:47:46', '2022-11-06 09:47:46'),
(270, 'Image Gallery Ten', 'image-gallery-ten', 'App\\Models\\Category', NULL, 1, 27, NULL, 2, 'normal', NULL, 'image_gallery', 0, '#', 0, '2022-11-06 09:47:46', '2022-11-06 09:47:46'),
(271, 'Info Card One', 'info-card-one', 'App\\Models\\Category', NULL, 1, 28, NULL, 2, 'normal', NULL, 'info_card', 0, '#', 0, '2022-11-06 09:47:46', '2022-11-06 09:47:46'),
(272, 'Info Card Two', 'info-card-two', 'App\\Models\\Category', NULL, 1, 28, NULL, 2, 'normal', NULL, 'info_card', 0, '#', 0, '2022-11-06 09:47:46', '2022-11-06 09:47:46'),
(273, 'Info Card Three', 'info-card-Three', 'App\\Models\\Category', NULL, 1, 28, NULL, 2, 'normal', NULL, 'info_card', 0, '#', 0, '2022-11-06 09:47:46', '2022-11-06 09:47:46'),
(274, 'Info Card Four', 'info-card-four', 'App\\Models\\Category', NULL, 1, 28, NULL, 2, 'normal', NULL, 'info_card', 0, 'http://avehtml.liquid-themes.com/index-gym.html', 0, '2022-11-06 09:47:46', '2022-11-06 09:47:46'),
(275, 'Info Card Five', 'info-card-five', 'App\\Models\\Category', NULL, 1, 28, NULL, 2, 'normal', NULL, 'info_card', 0, '#', 0, '2022-11-06 09:47:46', '2022-11-06 09:47:46'),
(276, 'Info Card Six', 'info-card-six', 'App\\Models\\Category', NULL, 1, 28, NULL, 2, 'normal', NULL, 'info_card', 0, '#', 0, '2022-11-06 09:47:46', '2022-11-06 09:47:46'),
(277, 'Info Card Seven', 'info-card-seven', 'App\\Models\\Category', NULL, 1, 28, NULL, 2, 'normal', NULL, 'info_card', 0, '#', 0, '2022-11-06 09:47:46', '2022-11-06 09:47:46'),
(281, 'Price One', 'price-one', 'App\\Models\\Package\\Package', NULL, 1, 29, NULL, 2, 'normal', NULL, NULL, 0, '#', 0, '2022-11-06 09:47:46', '2022-11-06 09:47:46'),
(282, 'Price Two', 'price-two', 'App\\Models\\Package\\Package', NULL, 1, 29, NULL, 2, 'normal', NULL, NULL, 0, '#', 0, '2022-11-06 09:47:46', '2022-11-06 09:47:46'),
(283, 'Price Three', 'price-three', 'App\\Models\\Package\\Package', NULL, 1, 29, NULL, 2, 'normal', NULL, NULL, 0, '#', 0, '2022-11-06 09:47:46', '2022-11-06 09:47:46'),
(284, 'Price Four', 'price-four', 'App\\Models\\Package\\Package', NULL, 1, 29, NULL, 2, 'normal', NULL, NULL, 0, 'https://templates.envytheme.com/noke/default/pricing-1.html', 0, '2022-11-06 09:47:46', '2022-11-06 09:47:46'),
(285, 'Price Five', 'price-five', 'App\\Models\\Package\\Package', NULL, 1, 29, NULL, 2, 'normal', NULL, NULL, 0, 'https://templates.envytheme.com/noke/default/pricing-3.html', 0, '2022-11-06 09:47:46', '2022-11-06 09:47:46'),
(286, 'Price Six', 'price-six', 'App\\Models\\Package\\Package', NULL, 1, 29, NULL, 2, 'normal', NULL, NULL, 0, 'https://sandbox.elemisthemes.com/docs/blocks/pricing.html#', 0, '2022-11-06 09:47:46', '2022-11-06 09:47:46'),
(291, 'Search Box One', 'search-box-one', '', NULL, 1, 30, NULL, 2, 'normal', NULL, NULL, 0, '#', 0, '2022-11-06 09:47:46', '2022-11-06 09:47:46'),
(292, 'Search Box Two', 'search-box-two', '', NULL, 1, 30, NULL, 2, 'normal', NULL, NULL, 0, '#', 0, '2022-11-06 09:47:46', '2022-11-06 09:47:46'),
(293, 'Search Box Three', 'search-box-three', '', NULL, 1, 30, NULL, 2, 'normal', NULL, NULL, 0, '#', 0, '2022-11-06 09:47:46', '2022-11-06 09:47:46'),
(301, 'Slider One', 'slider-one', 'App\\Models\\Category', NULL, 1, 31, NULL, 2, 'normal', NULL, 'sliders', 0, '#', 0, '2022-11-06 09:47:46', '2022-11-06 09:47:46'),
(302, 'Slider Two', 'slider-two', 'App\\Models\\Category', NULL, 1, 31, NULL, 2, 'normal', NULL, 'sliders', 0, 'https://preview.themeforest.net/item/kirion-multipurpose-bootstrap-template/full_screen_preview/14888298?', 0, '2022-11-06 09:47:46', '2022-11-06 09:47:46'),
(303, 'Slider Three', 'slider-three', 'App\\Models\\Category', NULL, 1, 31, NULL, 2, 'normal', NULL, 'sliders', 0, '#', 0, '2022-11-06 09:47:46', '2022-11-06 09:47:46'),
(304, 'Slider Four', 'slider-four', 'App\\Models\\Category', NULL, 1, 31, NULL, 2, 'normal', NULL, 'sliders', 0, '#', 0, '2022-11-06 09:47:46', '2022-11-06 09:47:46'),
(305, 'Slider Five', 'slider-five', 'App\\Models\\Category', NULL, 1, 31, NULL, 2, 'normal', NULL, 'sliders', 0, '#', 0, '2022-11-06 09:47:46', '2022-11-06 09:47:46'),
(306, 'Slider Six', 'slider-six', 'App\\Models\\Category', NULL, 1, 31, NULL, 2, 'normal', NULL, 'sliders', 0, '#', 0, '2022-11-06 09:47:46', '2022-11-06 09:47:46'),
(307, 'Slider Seven', 'slider-seven', 'App\\Models\\Category', NULL, 1, 31, NULL, 2, 'normal', NULL, 'sliders', 0, '#', 0, '2022-11-06 09:47:46', '2022-11-06 09:47:46'),
(308, 'Slider Eight', 'slider-eight', 'App\\Models\\Category', NULL, 1, 31, NULL, 2, 'normal', NULL, 'sliders', 0, '#', 0, '2022-11-06 09:47:46', '2022-11-06 09:47:46'),
(309, 'Slider Nine', 'slider-nine', 'App\\Models\\Category', NULL, 1, 31, NULL, 2, 'normal', NULL, 'sliders', 0, '#', 0, '2022-11-06 09:47:46', '2022-11-06 09:47:46'),
(310, 'Slider Ten', 'slider-ten', 'App\\Models\\Category', NULL, 1, 31, NULL, 2, 'normal', NULL, 'sliders', 0, '#', 0, '2022-11-06 09:47:46', '2022-11-06 09:47:46'),
(311, 'Statistics One', 'statistics-one', 'App\\Models\\Category', NULL, 1, 32, NULL, 2, 'normal', NULL, 'statistics', 0, '#', 0, '2022-11-06 09:47:46', '2022-11-06 09:47:46'),
(312, 'Statistics Two', 'statistics-two', 'App\\Models\\Category', NULL, 1, 32, NULL, 2, 'normal', NULL, 'statistics', 0, '#', 0, '2022-11-06 09:47:46', '2022-11-06 09:47:46'),
(313, 'Statistics Three', 'statistics-three', 'App\\Models\\Category', NULL, 1, 32, NULL, 2, 'normal', NULL, 'statistics', 0, '#', 0, '2022-11-06 09:47:46', '2022-11-06 09:47:46'),
(314, 'Statistics Third', 'statistics-third', 'App\\Models\\Category', NULL, 1, 32, NULL, 2, 'normal', NULL, 'statistics', 0, '#', 0, '2022-11-06 09:47:46', '2022-11-06 09:47:46'),
(321, 'Tab One', 'tab-one', 'App\\Models\\Category', NULL, 1, 33, NULL, 2, 'normal', NULL, 'tabs', 0, '#', 0, '2022-11-06 09:47:46', '2022-11-06 09:47:46'),
(322, 'Tab Two', 'tab-two', 'App\\Models\\Category', NULL, 1, 33, NULL, 2, 'normal', NULL, 'tabs', 0, '#', 0, '2022-11-06 09:47:46', '2022-11-06 09:47:46'),
(323, 'Tab Three', 'tab-three', 'App\\Models\\Category', NULL, 1, 33, NULL, 2, 'normal', NULL, 'tabs', 0, '#', 0, '2022-11-06 09:47:46', '2022-11-06 09:47:46'),
(324, 'Tab Four', 'tab-four', 'App\\Models\\Category', NULL, 1, 33, NULL, 2, 'normal', NULL, 'tabs', 0, '#', 0, '2022-11-06 09:47:46', '2022-11-06 09:47:46'),
(331, 'Team One', 'team-one', 'App\\Models\\Category', NULL, 1, 34, NULL, 2, 'normal', NULL, '', 0, '#', 0, '2022-11-06 09:47:46', '2022-11-06 09:47:46'),
(332, 'Team Two', 'team-two', 'App\\Models\\Category', NULL, 1, 34, NULL, 2, 'normal', NULL, '', 0, '#', 0, '2022-11-06 09:47:46', '2022-11-06 09:47:46'),
(333, 'Team Three', 'team-three', 'App\\Models\\Category', NULL, 1, 34, NULL, 2, 'normal', NULL, '', 0, '#', 0, '2022-11-06 09:47:46', '2022-11-06 09:47:46'),
(334, 'Team Four', 'team-four', 'App\\Models\\Category', NULL, 1, 34, NULL, 2, 'normal', NULL, '', 0, '#', 0, '2022-11-06 09:47:46', '2022-11-06 09:47:46'),
(335, 'Team Five', 'team-five', 'App\\Models\\Category', NULL, 1, 34, NULL, 2, 'normal', NULL, '', 0, '#', 0, '2022-11-06 09:47:46', '2022-11-06 09:47:46'),
(336, 'Team Six', 'team-six', 'App\\Models\\Category', NULL, 1, 34, NULL, 2, 'normal', NULL, '', 0, '#', 0, '2022-11-06 09:47:46', '2022-11-06 09:47:46'),
(337, 'Team Seven', 'team-seven', 'App\\Models\\Category', NULL, 1, 34, NULL, 2, 'normal', NULL, '', 0, '#', 0, '2022-11-06 09:47:46', '2022-11-06 09:47:46'),
(338, 'Team Eight', 'team-eight', 'App\\Models\\Category', NULL, 1, 34, NULL, 2, 'normal', NULL, '', 0, '#', 0, '2022-11-06 09:47:46', '2022-11-06 09:47:46'),
(339, 'Team Nine', 'team-nine', 'App\\Models\\Category', NULL, 1, 34, NULL, 2, 'normal', NULL, '', 0, '#', 0, '2022-11-06 09:47:46', '2022-11-06 09:47:46'),
(340, 'Team Ten', 'team-ten', 'App\\Models\\Category', NULL, 1, 34, NULL, 2, 'normal', NULL, '', 0, '#', 0, '2022-11-06 09:47:46', '2022-11-06 09:47:46'),
(341, 'Testimonials One', 'testimonials-one', 'App\\Models\\Category', NULL, 1, 35, NULL, 2, 'normal', NULL, 'testimonials', 0, '#', 0, '2022-11-06 09:47:46', '2022-11-06 09:47:46'),
(342, 'Testimonials Two', 'testimonials-two', 'App\\Models\\Category', NULL, 1, 35, NULL, 2, 'normal', NULL, 'testimonials', 0, '#', 0, '2022-11-06 09:47:46', '2022-11-06 09:47:46'),
(343, 'Testimonials Three', 'testimonials-three', 'App\\Models\\Category', NULL, 1, 35, NULL, 2, 'normal', NULL, 'testimonials', 0, '#', 0, '2022-11-06 09:47:46', '2022-11-06 09:47:46'),
(344, 'Testimonials Four', 'testimonials-four', 'App\\Models\\Category', NULL, 1, 35, NULL, 2, 'normal', NULL, 'testimonials', 0, '#', 0, '2022-11-06 09:47:46', '2022-11-06 09:47:46'),
(345, 'Testimonials Five', 'testimonials-five', 'App\\Models\\Category', NULL, 1, 35, NULL, 2, 'normal', NULL, 'testimonials', 0, '#', 0, '2022-11-06 09:47:46', '2022-11-06 09:47:46'),
(346, 'Testimonials Six', 'testimonials-six', 'App\\Models\\Category', NULL, 1, 35, NULL, 2, 'normal', NULL, 'testimonials', 0, '#', 0, '2022-11-06 09:47:46', '2022-11-06 09:47:46'),
(347, 'Testimonials Seven', 'testimonials-seven', 'App\\Models\\Category', NULL, 1, 35, NULL, 2, 'normal', NULL, 'testimonials', 0, '#', 0, '2022-11-06 09:47:46', '2022-11-06 09:47:46'),
(348, 'Testimonials Eight', 'testimonials-eight', 'App\\Models\\Category', NULL, 1, 35, NULL, 2, 'normal', NULL, 'testimonials', 0, '#', 0, '2022-11-06 09:47:46', '2022-11-06 09:47:46'),
(349, 'Testimonials Nine', 'testimonials-nine', 'App\\Models\\Category', NULL, 1, 35, NULL, 2, 'normal', NULL, 'testimonials', 0, '#', 0, '2022-11-06 09:47:46', '2022-11-06 09:47:46'),
(350, 'Testimonials Ten', 'testimonials-ten', 'App\\Models\\Category', NULL, 1, 35, NULL, 2, 'normal', NULL, 'testimonials', 0, '#', 0, '2022-11-06 09:47:46', '2022-11-06 09:47:46'),
(351, 'Time Line One', 'time-line-one', 'App\\Models\\Category', NULL, 1, 36, NULL, 2, 'normal', NULL, '', 0, '#', 0, '2022-11-06 09:47:46', '2022-11-06 09:47:46'),
(352, 'Time Line Two', 'time-line-two', 'App\\Models\\Category', NULL, 1, 36, NULL, 2, 'normal', NULL, '', 0, '#', 0, '2022-11-06 09:47:46', '2022-11-06 09:47:46'),
(353, 'Design', 'design', 'App\\Models\\Category', NULL, 1, 36, NULL, 2, 'normal', NULL, '', 0, '#', 0, '2022-11-06 09:47:46', '2022-11-06 09:47:46'),
(354, 'Design One', 'design-one', 'App\\Models\\Category', NULL, 1, 36, NULL, 2, 'normal', NULL, '', 0, '#', 0, '2022-11-06 09:47:46', '2022-11-06 09:47:46'),
(355, 'Design Rojan', 'design-rojan', 'App\\Models\\Category', NULL, 1, 36, NULL, 2, 'normal', NULL, '', 0, '#', 0, '2022-11-06 09:47:46', '2022-11-06 09:47:46'),
(356, 'Design New', 'design-new', 'App\\Models\\Category', NULL, 1, 36, NULL, 2, 'normal', NULL, '', 0, '#', 0, '2022-11-06 09:47:46', '2022-11-06 09:47:46'),
(357, 'Time Line Three', 'time-line-three', 'App\\Models\\Category', NULL, 1, 36, NULL, 2, 'normal', NULL, '', 0, '#', 0, '2022-11-06 09:47:46', '2022-11-06 09:47:46'),
(358, 'Design Detail', 'design-detail', 'App\\Models\\Category', NULL, 1, 36, NULL, 2, 'normal', NULL, '', 0, '#', 0, '2022-11-06 09:47:46', '2022-11-06 09:47:46'),
(361, 'Video Gallery One', 'video-gallery-one', 'App\\Models\\Category', NULL, 1, 37, NULL, 2, 'normal', NULL, 'videos', 0, '#', 0, '2022-11-06 09:47:46', '2022-11-06 09:47:46'),
(362, 'Video Gallery Two', 'video-gallery-two', 'App\\Models\\Category', NULL, 1, 37, NULL, 2, 'normal', NULL, 'videos', 0, '#', 0, '2022-11-06 09:47:46', '2022-11-06 09:47:46'),
(391, 'E Learning One', 'e-learning-one', 'App\\Models\\Category', NULL, 1, 39, NULL, 2, 'normal', NULL, '', 0, '#', 0, '2022-11-06 09:47:47', '2022-11-06 09:47:47'),
(392, 'E Learning Two', 'e-learning-two', 'App\\Models\\Category', NULL, 1, 39, NULL, 2, 'normal', NULL, '', 0, '#', 0, '2022-11-06 09:47:47', '2022-11-06 09:47:47'),
(393, 'E Learning Three', 'e-learning-three', 'App\\Models\\Category', NULL, 1, 39, NULL, 2, 'normal', NULL, '', 0, '#', 0, '2022-11-06 09:47:47', '2022-11-06 09:47:47'),
(394, 'E Learning Four', 'e-learning-four', 'App\\Models\\Category', NULL, 1, 39, NULL, 2, 'normal', NULL, '', 0, '#', 0, '2022-11-06 09:47:47', '2022-11-06 09:47:47'),
(395, 'E Learning Five', 'e-learning-five', 'App\\Models\\Category', NULL, 1, 39, NULL, 2, 'normal', NULL, '', 0, '#', 0, '2022-11-06 09:47:47', '2022-11-06 09:47:47'),
(411, 'Education Feature One', 'education-feature-one', 'App\\Models\\Category', NULL, 1, 40, NULL, 2, 'normal', NULL, '', 0, '#', 0, '2022-11-06 09:47:47', '2022-11-06 09:47:47'),
(412, 'Education Feature Two', 'education-feature-two', 'App\\Models\\Category', NULL, 1, 40, NULL, 2, 'normal', NULL, '', 0, '#', 0, '2022-11-06 09:47:47', '2022-11-06 09:47:47'),
(413, 'Education Feature Three', 'education-feature-three', 'App\\Models\\Category', NULL, 1, 40, NULL, 2, 'normal', NULL, '', 0, '#', 0, '2022-11-06 09:47:47', '2022-11-06 09:47:47'),
(414, 'Education Details One', 'education-details-one', 'App\\Models\\Category', NULL, 1, 40, NULL, 2, 'normal', NULL, '', 0, '#', 0, '2022-11-06 09:47:47', '2022-11-06 09:47:47'),
(431, 'Fashion One', 'fashion-one', 'App\\Models\\Category', NULL, 1, 41, NULL, 2, 'normal', NULL, '', 0, '#', 0, '2022-11-06 09:47:47', '2022-11-06 09:47:47'),
(432, 'Fashion Two', 'fashion-two', 'App\\Models\\Category', NULL, 1, 41, NULL, 2, 'normal', NULL, '', 0, '#', 0, '2022-11-06 09:47:47', '2022-11-06 09:47:47'),
(433, 'Fashion Three', 'fashion-three', 'App\\Models\\Category', NULL, 1, 41, NULL, 2, 'normal', NULL, '', 0, '#', 0, '2022-11-06 09:47:47', '2022-11-06 09:47:47'),
(434, 'Fashion Carausel One', 'fashion-carausel-one', 'App\\Models\\Category', NULL, 1, 41, NULL, 2, 'normal', NULL, '', 0, '#', 0, '2022-11-06 09:47:47', '2022-11-06 09:47:47'),
(435, 'Fashion Four', 'fashion-four', 'App\\Models\\Category', NULL, 1, 41, NULL, 2, 'normal', NULL, '', 0, '#', 0, '2022-11-06 09:47:47', '2022-11-06 09:47:47'),
(436, 'Fashion Five', 'fashion-five', 'App\\Models\\Category', NULL, 1, 41, NULL, 2, 'normal', NULL, '', 0, '#', 0, '2022-11-06 09:47:47', '2022-11-06 09:47:47'),
(437, 'Fashion Six', 'fashion-six', 'App\\Models\\Category', NULL, 1, 41, NULL, 2, 'normal', NULL, '', 0, '#', 0, '2022-11-06 09:47:47', '2022-11-06 09:47:47'),
(438, 'Fashion Seven', 'fashion-seven', 'App\\Models\\Category', NULL, 1, 41, NULL, 2, 'normal', NULL, '', 0, '#', 0, '2022-11-06 09:47:47', '2022-11-06 09:47:47'),
(439, 'Fashion Eight', 'fashion-eight', 'App\\Models\\Category', NULL, 1, 41, NULL, 2, 'normal', NULL, '', 0, '#', 0, '2022-11-06 09:47:47', '2022-11-06 09:47:47'),
(440, 'Fashion Nine', 'fashion-nine', 'App\\Models\\Category', NULL, 1, 41, NULL, 2, 'normal', NULL, '', 0, '#', 0, '2022-11-06 09:47:47', '2022-11-06 09:47:47'),
(451, 'News One', 'news-one', 'App\\Models\\Category', NULL, 1, 42, NULL, 2, 'normal', NULL, 'news', 0, '#', 0, '2022-11-06 09:47:47', '2022-11-06 09:47:47'),
(452, 'News Two', 'news-two', 'App\\Models\\Category', NULL, 1, 42, NULL, 2, 'normal', NULL, 'news', 0, '#', 0, '2022-11-06 09:47:47', '2022-11-06 09:47:47'),
(453, 'News Three', 'news-three', 'App\\Models\\Category', NULL, 1, 42, NULL, 2, 'normal', NULL, 'news', 0, '#', 0, '2022-11-06 09:47:47', '2022-11-06 09:47:47'),
(454, 'News Four', 'news-four', 'App\\Models\\Category', NULL, 1, 42, NULL, 2, 'normal', NULL, 'news', 0, '#', 0, '2022-11-06 09:47:47', '2022-11-06 09:47:47'),
(501, 'Contact Box One', 'contact-box-one', '', NULL, 1, 44, NULL, 3, 'normal', NULL, '', 0, '#', 0, '2022-11-06 09:47:47', '2022-11-06 09:47:47'),
(502, 'Contact Box Two', 'contact-box-two', '', NULL, 1, 44, NULL, 3, 'normal', NULL, '', 0, '#', 0, '2022-11-06 09:47:47', '2022-11-06 09:47:47'),
(503, 'Contact Box Three', 'contact-box-three', '', NULL, 1, 44, NULL, 3, 'normal', NULL, '', 0, '#', 0, '2022-11-06 09:47:47', '2022-11-06 09:47:47'),
(504, 'Contact Box Four', 'contact-box-four', '', NULL, 1, 44, NULL, 3, 'normal', NULL, '', 0, '#', 0, '2022-11-06 09:47:47', '2022-11-06 09:47:47'),
(505, 'Contact Info Two', 'contact-info-two', '', NULL, 1, 44, NULL, 3, 'normal', NULL, '', 0, '#', 0, '2022-11-06 09:47:47', '2022-11-06 09:47:47'),
(506, 'Contact Info Three', 'contact-info-three', '', NULL, 1, 44, NULL, 3, 'normal', NULL, '', 0, '#', 0, '2022-11-06 09:47:47', '2022-11-06 09:47:47'),
(507, 'Subscribe One', 'subscribe-one', '', NULL, 1, 44, NULL, 3, 'normal', NULL, '', 0, '#', 0, '2022-11-06 09:47:47', '2022-11-06 09:47:47'),
(508, 'Subscribe Two', 'subscribe-two', '', NULL, 1, 44, NULL, 3, 'normal', NULL, '', 0, '#', 0, '2022-11-06 09:47:47', '2022-11-06 09:47:47'),
(509, 'Admission Form One', 'admission-form-one', '', NULL, 1, 44, NULL, 3, 'normal', NULL, '', 0, '#', 0, '2022-11-06 09:47:47', '2022-11-06 09:47:47'),
(510, 'Admission Form Two', 'admission-form-two', '', NULL, 1, 44, NULL, 3, 'normal', NULL, '', 0, '#', 0, '2022-11-06 09:47:47', '2022-11-06 09:47:47'),
(521, 'Blog One', 'blog-one', '', NULL, 1, 45, NULL, 2, 'normal', NULL, '', 0, '#', 0, '2022-11-06 09:47:47', '2022-11-06 09:47:47'),
(522, 'Blog Two', 'blog-two', '', NULL, 1, 45, NULL, 2, 'normal', NULL, '', 0, '#', 0, '2022-11-06 09:47:47', '2022-11-06 09:47:47'),
(523, 'Blog Three', 'blog-three', '', NULL, 1, 45, NULL, 2, 'normal', NULL, '', 0, '#', 0, '2022-11-06 09:47:47', '2022-11-06 09:47:47'),
(524, 'Blog Four', 'blog-four', '', NULL, 1, 45, NULL, 2, 'normal', NULL, '', 0, '#', 0, '2022-11-06 09:47:47', '2022-11-06 09:47:47'),
(525, 'Blog Five', 'blog-five', '', NULL, 1, 45, NULL, 2, 'normal', NULL, '', 0, '#', 0, '2022-11-06 09:47:47', '2022-11-06 09:47:47'),
(526, 'Blog Six', 'blog-six', '', NULL, 1, 45, NULL, 2, 'normal', NULL, '', 0, '#', 0, '2022-11-06 09:47:47', '2022-11-06 09:47:47'),
(527, 'Blog Seven', 'blog-seven', '', NULL, 1, 45, NULL, 2, 'normal', NULL, '', 0, 'Desktop/OfficeFile/landrick-380/Landrick_v3.8.0/HTML/landing/index-blog.html', 0, '2022-11-06 09:47:47', '2022-11-06 09:47:47'),
(528, 'Blog Eight', 'blog-eight', '', NULL, 1, 45, NULL, 2, 'normal', NULL, '', 0, 'https://templates.envytheme.com/noke/default/home-blog.html', 0, '2022-11-06 09:47:47', '2022-11-06 09:47:47'),
(529, 'Blog Nine', 'blog-nine', '', NULL, 1, 45, NULL, 2, 'normal', NULL, '', 0, 'http://avehtml.liquid-themes.com/index-gym.html', 0, '2022-11-06 09:47:47', '2022-11-06 09:47:47'),
(530, 'Blog Ten', 'blog-ten', '', NULL, 1, 45, NULL, 2, 'normal', NULL, '', 0, '#', 0, '2022-11-06 09:47:47', '2022-11-06 09:47:47'),
(531, 'Spacer One', 'spacer-one', '', NULL, 1, 46, NULL, 1, 'normal', NULL, '', 0, '#', 0, '2022-11-06 09:47:47', '2022-11-06 09:47:47'),
(532, 'Spacer Two', 'spacer-two', '', NULL, 1, 46, NULL, 1, 'normal', NULL, '', 0, '#', 0, '2022-11-06 09:47:47', '2022-11-06 09:47:47'),
(1001, 'Hero Eleven', 'hero-eleven', 'App\\Models\\Category', NULL, 1, 24, NULL, 2, 'normal', NULL, 'heros', 0, 'https://sandbox.elemisthemes.com/docs/blocks/hero.html', 0, '2022-11-06 09:47:47', '2022-11-06 09:47:47'),
(1002, 'Hero Twelve', 'hero-twelve', 'App\\Models\\Category', NULL, 1, 24, NULL, 2, 'normal', NULL, 'heros', 0, 'https://sandbox.elemisthemes.com/docs/blocks/hero.html', 0, '2022-11-06 09:47:47', '2022-11-06 09:47:47'),
(1003, 'Hero Thirteen', 'hero-thirteen', 'App\\Models\\Category', NULL, 1, 24, NULL, 2, 'normal', NULL, 'heros', 0, 'https://sandbox.elemisthemes.com/docs/blocks/hero.html', 0, '2022-11-06 09:47:47', '2022-11-06 09:47:47'),
(1004, 'Hero Fourteen', 'hero-fourteen', 'App\\Models\\Category', NULL, 1, 24, NULL, 2, 'normal', NULL, 'heros', 0, 'https://sandbox.elemisthemes.com/docs/blocks/hero.html', 0, '2022-11-06 09:47:47', '2022-11-06 09:47:47'),
(1005, 'Hero Fifteen', 'hero-fifteen', 'App\\Models\\Category', NULL, 1, 24, NULL, 2, 'normal', NULL, 'heros', 0, 'https://sandbox.elemisthemes.com/docs/blocks/hero.html', 0, '2022-11-06 09:47:47', '2022-11-06 09:47:47'),
(1006, 'Hero Sixteen', 'hero-sixteen', 'App\\Models\\Category', NULL, 1, 24, NULL, 2, 'normal', NULL, 'heros', 0, '#', 0, '2022-11-06 09:47:47', '2022-11-06 09:47:47'),
(1007, 'Hero Seventeen', 'hero-seventeeen', 'App\\Models\\Category', NULL, 1, 24, NULL, 2, 'normal', NULL, 'heros', 0, '#', 0, '2022-11-06 09:47:47', '2022-11-06 09:47:47'),
(1008, 'Hero Eighteen', 'hero-eighteen', 'App\\Models\\Category', NULL, 1, 24, NULL, 2, 'normal', NULL, 'heros', 0, '#', 0, '2022-11-06 09:47:47', '2022-11-06 09:47:47'),
(1009, 'Hero Nineteen', 'hero-nineteen', 'App\\Models\\Category', NULL, 1, 24, NULL, 2, 'normal', NULL, 'heros', 0, '#', 0, '2022-11-06 09:47:47', '2022-11-06 09:47:47'),
(1010, 'Hero Twenty', 'hero-twenty', 'App\\Models\\Category', NULL, 1, 24, NULL, 2, 'normal', NULL, 'heros', 0, '#', 0, '2022-11-06 09:47:47', '2022-11-06 09:47:47'),
(1011, 'Hero Twenty One', 'hero-twenty-one', 'App\\Models\\Category', NULL, 1, 24, NULL, 2, 'normal', NULL, 'heros', 0, '#', 0, '2022-11-06 09:47:47', '2022-11-06 09:47:47'),
(1012, 'Hero Twenty Two', 'hero-twenty-two', 'App\\Models\\Category', NULL, 1, 24, NULL, 2, 'normal', NULL, 'heros', 0, '#', 0, '2022-11-06 09:47:47', '2022-11-06 09:47:47'),
(1013, 'Hero Twenty Three', 'hero-twenty-three', 'App\\Models\\Category', NULL, 1, 24, NULL, 2, 'normal', NULL, 'heros', 0, '#', 0, '2022-11-06 09:47:47', '2022-11-06 09:47:47'),
(1101, 'Team Eleven', 'team-eleven', 'App\\Models\\Category', NULL, 1, 34, NULL, 2, 'normal', NULL, '', 0, '#', 0, '2022-11-06 09:47:47', '2022-11-06 09:47:47'),
(1102, 'Team Twelve', 'team-twelve', 'App\\Models\\Category', NULL, 1, 34, NULL, 2, 'normal', NULL, '', 0, '#', 0, '2022-11-06 09:47:47', '2022-11-06 09:47:47'),
(1201, 'Event One', 'event-one', 'App\\Models\\Category', NULL, 1, 47, NULL, 2, 'normal', NULL, '', 0, '#', 0, '2022-11-06 09:47:47', '2022-11-06 09:47:47'),
(1202, 'Event Two', 'event-two', 'App\\Models\\Category', NULL, 1, 47, NULL, 2, 'normal', NULL, '', 0, '#', 0, '2022-11-06 09:47:47', '2022-11-06 09:47:47'),
(1203, 'Event Three', 'event-three', 'App\\Models\\Category', NULL, 1, 47, NULL, 2, 'normal', NULL, '', 0, '#', 0, '2022-11-06 09:47:47', '2022-11-06 09:47:47'),
(1204, 'Event Four', 'event-four', 'App\\Models\\Category', NULL, 1, 47, NULL, 2, 'normal', NULL, '', 0, '#', 0, '2022-11-06 09:47:47', '2022-11-06 09:47:47'),
(1205, 'Event Five', 'event-five', 'App\\Models\\Category', NULL, 1, 47, NULL, 2, 'normal', NULL, '', 0, '#', 0, '2022-11-06 09:47:47', '2022-11-06 09:47:47'),
(1206, 'Event Six', 'event-six', 'App\\Models\\Category', NULL, 1, 47, NULL, 2, 'normal', NULL, '', 0, '#', 0, '2022-11-06 09:47:47', '2022-11-06 09:47:47'),
(1207, 'Event Seven', 'event-seven', 'App\\Models\\Category', NULL, 1, 47, NULL, 2, 'normal', NULL, '', 0, '#', 0, '2022-11-06 09:47:47', '2022-11-06 09:47:47'),
(1208, 'Event Eight', 'event-eight', 'App\\Models\\Category', NULL, 1, 47, NULL, 2, 'normal', NULL, '', 0, '#', 0, '2022-11-06 09:47:47', '2022-11-06 09:47:47'),
(1209, 'Event Nine', 'event-nine', 'App\\Models\\Category', NULL, 1, 47, NULL, 2, 'normal', NULL, '', 0, '#', 0, '2022-11-06 09:47:47', '2022-11-06 09:47:47'),
(1210, 'Event Ten', 'event-ten', 'App\\Models\\Category', NULL, 1, 47, NULL, 2, 'normal', NULL, '', 0, '#', 0, '2022-11-06 09:47:47', '2022-11-06 09:47:47'),
(1211, 'Portfolio One', 'portfolio-one', 'App\\Models\\Category', NULL, 1, 49, NULL, 2, 'normal', NULL, '', 0, '#', 0, '2022-11-06 09:47:47', '2022-11-06 09:47:47'),
(1212, 'Portfolio Two', 'portfolio-two', 'App\\Models\\Category', NULL, 1, 49, NULL, 2, 'normal', NULL, '', 0, '#', 0, '2022-11-06 09:47:47', '2022-11-06 09:47:47'),
(1213, 'Portfolio Three', 'portfolio-three', 'App\\Models\\Category', NULL, 1, 49, NULL, 2, 'normal', NULL, '', 0, '#SS', 0, '2022-11-06 09:47:47', '2022-11-06 09:47:47'),
(1221, 'Text One', 'text-one', 'App\\Models\\Category', NULL, 1, 11, NULL, 1, 'normal', NULL, '', 0, '#', 0, '2022-11-06 09:47:47', '2022-11-06 09:47:47'),
(1300, 'Demo One', 'demo-one', 'App\\Models\\Category', NULL, 1, 50, NULL, 2, 'normal', NULL, '', 0, '#', 0, '2022-11-06 09:47:47', '2022-11-06 09:47:47'),
(1301, 'Demo Two', 'demo-two', 'App\\Models\\Category', NULL, 1, 50, NULL, 2, 'normal', NULL, '', 0, '#', 0, '2022-11-06 09:47:47', '2022-11-06 09:47:47'),
(1303, 'Demo Three', 'demo-three', 'App\\Models\\Category', NULL, 1, 50, NULL, 2, 'normal', NULL, '', 0, '#', 0, '2022-11-06 09:47:47', '2022-11-06 09:47:47'),
(1304, 'Demo Four', 'demo-four', 'App\\Models\\Category', NULL, 1, 50, NULL, 2, 'normal', NULL, '', 0, '#', 0, '2022-11-06 09:47:47', '2022-11-06 09:47:47'),
(1305, 'Demo Five', 'demo-five', 'App\\Models\\Category', NULL, 1, 50, NULL, 2, 'normal', NULL, '', 0, '#', 0, '2022-11-06 09:47:47', '2022-11-06 09:47:47'),
(1306, 'Demo Six', 'demo-six', 'App\\Models\\Category', NULL, 1, 50, NULL, 2, 'normal', NULL, '', 0, '#', 0, '2022-11-06 09:47:47', '2022-11-06 09:47:47'),
(1307, 'Demo Seven', 'demo-seven', 'App\\Models\\Category', NULL, 1, 50, NULL, 2, 'normal', NULL, '', 0, '#', 0, '2022-11-06 09:47:47', '2022-11-06 09:47:47'),
(1308, 'Demo Eight', 'demo-eight', 'App\\Models\\Category', NULL, 1, 50, NULL, 2, 'normal', NULL, '', 0, '#', 0, '2022-11-06 09:47:47', '2022-11-06 09:47:47');
INSERT INTO `layouts` (`id`, `name`, `slug`, `model`, `image`, `status`, `layout_cat_id`, `plugin_model_id`, `layout_type_id`, `type`, `input_type`, `model_type`, `done`, `link`, `flip`, `created_at`, `updated_at`) VALUES
(1309, 'Demo Nine', 'demo-nine', 'App\\Models\\Category', NULL, 1, 50, NULL, 2, 'normal', NULL, '', 0, '#', 0, '2022-11-06 09:47:47', '2022-11-06 09:47:47'),
(1310, 'Demo Ten', 'demo-ten', 'App\\Models\\Category', NULL, 1, 50, NULL, 2, 'normal', NULL, '', 0, '#', 0, '2022-11-06 09:47:47', '2022-11-06 09:47:47'),
(1401, 'Social One', 'social-one', 'App\\Models\\Category', NULL, 1, 51, NULL, 2, 'normal', NULL, '', 0, '#', 0, '2022-11-06 09:47:47', '2022-11-06 09:47:47'),
(1402, 'Social Two', 'social-two', 'App\\Models\\Category', NULL, 1, 51, NULL, 2, 'normal', NULL, '', 0, '#', 0, '2022-11-06 09:47:47', '2022-11-06 09:47:47'),
(1501, 'Job One', 'job-one', 'App\\Models\\Category', NULL, 1, 52, NULL, 2, 'normal', NULL, '', 0, '#', 0, '2022-11-06 09:47:47', '2022-11-06 09:47:47'),
(1601, 'Call To Action Eleven', 'call-to-action-eleven', 'App\\Models\\Category', NULL, 1, 16, NULL, 2, 'normal', NULL, 'calltoaction', 0, '#', 0, '2022-11-06 09:47:45', '2022-11-06 09:47:45'),
(1602, 'Call To Action Twelve', 'call-to-action-twelve', 'App\\Models\\Category', NULL, 1, 16, NULL, 2, 'normal', NULL, 'calltoaction', 0, '#', 0, '2022-11-06 09:47:45', '2022-11-06 09:47:45'),
(1603, 'Call To Action Thirteen', 'call-to-action-thirteen', 'App\\Models\\Category', NULL, 1, 16, NULL, 2, 'normal', NULL, 'calltoaction', 0, '#', 0, '2022-11-06 09:47:45', '2022-11-06 09:47:45'),
(1604, 'Call To Action Fourteen', 'call-to-action-fourteen', 'App\\Models\\Category', NULL, 1, 16, NULL, 2, 'normal', NULL, 'calltoaction', 0, '#', 0, '2022-11-06 09:47:45', '2022-11-06 09:47:45'),
(1605, 'Call To Action Fifteen', 'call-to-action-fifteen', 'App\\Models\\Category', NULL, 1, 16, NULL, 2, 'normal', NULL, 'calltoaction', 0, '#', 0, '2022-11-06 09:47:45', '2022-11-06 09:47:45'),
(1606, 'Call To Action Sixteen', 'call-to-action-sixteen', 'App\\Models\\Category', NULL, 1, 16, NULL, 2, 'normal', NULL, 'calltoaction', 0, '#', 0, '2022-11-06 09:47:45', '2022-11-06 09:47:45'),
(1607, 'Call To Action Seventeen', 'call-to-action-seventeen', 'App\\Models\\Category', NULL, 1, 16, NULL, 2, 'normal', NULL, 'calltoaction', 0, '#', 0, '2022-11-06 09:47:45', '2022-11-06 09:47:45'),
(1608, 'Call To Action Eighteen', 'call-to-action-eighteen', 'App\\Models\\Category', NULL, 1, 16, NULL, 2, 'normal', NULL, 'calltoaction', 0, '#', 0, '2022-11-06 09:47:45', '2022-11-06 09:47:45'),
(1609, 'Call To Action Nineteen', 'call-to-action-nineteen', 'App\\Models\\Category', NULL, 1, 16, NULL, 2, 'normal', NULL, 'calltoaction', 0, '#', 0, '2022-11-06 09:47:45', '2022-11-06 09:47:45'),
(1701, 'Progress One', 'progress-one', 'App\\Models\\Category', NULL, 1, 53, NULL, 2, 'normal', NULL, '', 0, '#', 0, '2022-11-06 09:47:47', '2022-11-06 09:47:47'),
(1702, 'Progress Two', 'progress-two', 'App\\Models\\Category', NULL, 1, 53, NULL, 2, 'normal', NULL, '', 0, '#', 0, '2022-11-06 09:47:47', '2022-11-06 09:47:47'),
(1801, 'Category Eleven', 'category-eleven', 'App\\Models\\Category', NULL, 1, 18, NULL, 2, 'normal', NULL, 'category', 0, '#', 0, '2022-11-06 09:47:45', '2022-11-06 09:47:45'),
(1802, 'Category Twelve', 'category-twelve', 'App\\Models\\Category', NULL, 1, 18, NULL, 2, 'normal', NULL, 'category', 0, '#', 0, '2022-11-06 09:47:45', '2022-11-06 09:47:45'),
(1901, 'Image Box One', 'image-box-one', 'App\\Models\\Category', NULL, 1, 54, NULL, 2, 'normal', NULL, '', 0, '#', 0, '2022-11-06 09:47:47', '2022-11-06 09:47:47'),
(1902, 'Image Box Two', 'image-box-two', 'App\\Models\\Category', NULL, 1, 54, NULL, 2, 'normal', NULL, '', 0, '#', 0, '2022-11-06 09:47:47', '2022-11-06 09:47:47'),
(1903, 'Image Box Three', 'image-box-three', 'App\\Models\\Category', NULL, 1, 54, NULL, 2, 'normal', NULL, '', 0, '#', 0, '2022-11-06 09:47:47', '2022-11-06 09:47:47'),
(2201, 'Counter Eleven', 'counter-eleven', 'App\\Models\\Category', NULL, 1, 22, NULL, 2, 'normal', NULL, 'counters', 0, '#', 0, '2022-11-06 09:47:46', '2022-11-06 09:47:46'),
(2202, 'Counter Twelve', 'counter-twelve', 'App\\Models\\Category', NULL, 1, 22, NULL, 2, 'normal', NULL, 'counters', 0, '#', 0, '2022-11-06 09:47:46', '2022-11-06 09:47:46'),
(2301, 'Feature Intro Eleven', 'feature-intro-eleven', 'App\\Models\\Category', NULL, 1, 23, NULL, 2, 'normal', NULL, 'feature_intro', 0, '#', 0, '2022-11-06 09:47:46', '2022-11-06 09:47:46'),
(2302, 'Feature Intro Twelve', 'feature-intro-twelve', 'App\\Models\\Category', NULL, 1, 23, NULL, 2, 'normal', NULL, 'feature_intro', 0, '#', 0, '2022-11-06 09:47:46', '2022-11-06 09:47:46'),
(2303, 'Feature Intro Thirteen', 'feature-intro-thirteen', 'App\\Models\\Category', NULL, 1, 23, NULL, 2, 'normal', NULL, 'feature_intro', 0, '#', 0, '2022-11-06 09:47:46', '2022-11-06 09:47:46'),
(2304, 'Feature Intro Fourteen', 'feature-intro-fourteen', 'App\\Models\\Category', NULL, 1, 23, NULL, 2, 'normal', NULL, 'feature_intro', 0, '#', 0, '2022-11-06 09:47:46', '2022-11-06 09:47:46'),
(2305, 'Feature Intro Fifteen', 'feature-intro-fifteen', 'App\\Models\\Category', NULL, 1, 23, NULL, 2, 'normal', NULL, 'feature_intro', 0, '#', 0, '2022-11-06 09:47:46', '2022-11-06 09:47:46'),
(2501, 'Icon Box Eleven', 'icon-box-eleven', 'App\\Models\\Category', NULL, 1, 25, NULL, 2, 'normal', NULL, 'icon_list', 0, '#', 0, '2022-11-06 09:47:46', '2022-11-06 09:47:46'),
(2502, 'Icon Box Twelve', 'icon-box-twelve', 'App\\Models\\Category', NULL, 1, 25, NULL, 2, 'normal', NULL, 'icon_list', 0, '#', 0, '2022-11-06 09:47:46', '2022-11-06 09:47:46'),
(3101, 'Slider Eleven', 'slider-eleven', 'App\\Models\\Category', NULL, 1, 31, NULL, 2, 'normal', NULL, 'sliders', 0, '/Desktop/OfficeFile/landrick-380/Landrick_v3.8.0/HTML/landing/index-hotel.html', 0, '2022-11-06 09:47:46', '2022-11-06 09:47:46'),
(3102, 'Slider Twelve', 'slider-twelve', 'App\\Models\\Category', NULL, 1, 31, NULL, 2, 'normal', NULL, 'sliders', 0, 'Desktop/OfficeFile/landrick-380/Landrick_v3.8.0/HTML/landing/index-blog.html', 0, '2022-11-06 09:47:46', '2022-11-06 09:47:46'),
(3103, 'Slider Thirteen', 'slider-thirteen', 'App\\Models\\Category', NULL, 1, 31, NULL, 2, 'normal', NULL, 'sliders', 0, 'Desktop/OfficeFile/landrick-380/Landrick_v3.8.0/HTML/landing/index-agency.html', 0, '2022-11-06 09:47:46', '2022-11-06 09:47:46'),
(3104, 'Slider Fourteen', 'slider-fourteen', 'App\\Models\\Category', NULL, 1, 31, NULL, 2, 'normal', NULL, 'sliders', 0, 'Desktop/OfficeFile/landrick-380/Landrick_v3.8.0/HTML/landing/index-it-solution.html', 0, '2022-11-06 09:47:46', '2022-11-06 09:47:46'),
(3105, 'Slider Fifteen', 'slider-fifteen', 'App\\Models\\Category', NULL, 1, 31, NULL, 2, 'normal', NULL, 'sliders', 0, 'Desktop/OfficeFile/landrick-380/Landrick_v3.8.0/HTML/landing/index-studio.html', 0, '2022-11-06 09:47:46', '2022-11-06 09:47:46'),
(3106, 'Slider Sixteen', 'slider-sixteen', 'App\\Models\\Category', NULL, 1, 31, NULL, 2, 'normal', NULL, 'sliders', 0, 'Desktop/OfficeFile/landrick-380/Landrick_v3.8.0/HTML/landing/index-it-solution-two.html', 0, '2022-11-06 09:47:46', '2022-11-06 09:47:46'),
(3107, 'Slider Seventeen', 'slider-seventeen', 'App\\Models\\Category', NULL, 1, 31, NULL, 2, 'normal', NULL, 'sliders', 0, 'Desktop/OfficeFile/landrick-380/Landrick_v3.8.0/HTML/landing/index-finance.html', 0, '2022-11-06 09:47:46', '2022-11-06 09:47:46'),
(3108, 'Slider Eighteen', 'slider-eighteen', 'App\\Models\\Category', NULL, 1, 31, NULL, 2, 'normal', NULL, 'sliders', 0, '#', 0, '2022-11-06 09:47:46', '2022-11-06 09:47:46'),
(3109, 'Slider Nineteen', 'slider-nineteen', 'App\\Models\\Category', NULL, 1, 31, NULL, 2, 'normal', NULL, 'sliders', 0, '#', 0, '2022-11-06 09:47:46', '2022-11-06 09:47:46'),
(3501, 'Testimonials Eleven', 'testimonials-eleven', 'App\\Models\\Category', NULL, 1, 35, NULL, 2, 'normal', NULL, 'testimonials', 0, '#', 0, '2022-11-06 09:47:46', '2022-11-06 09:47:46'),
(3502, 'Testimonials Twelve', 'testimonials-twelve', 'App\\Models\\Category', NULL, 1, 35, NULL, 2, 'normal', NULL, 'testimonials', 0, '#', 0, '2022-11-06 09:47:46', '2022-11-06 09:47:46'),
(3503, 'Testimonials Thirteen', 'testimonials-thirteen', 'App\\Models\\Category', NULL, 1, 35, NULL, 2, 'normal', NULL, 'testimonials', 0, '#', 0, '2022-11-06 09:47:46', '2022-11-06 09:47:46'),
(3504, 'Testimonials Fourteen', 'testimonials-fourteen', 'App\\Models\\Category', NULL, 1, 35, NULL, 2, 'normal', NULL, 'testimonials', 0, '#', 0, '2022-11-06 09:47:46', '2022-11-06 09:47:46'),
(3505, 'Testimonials Fifteen', 'testimonials-fifteen', 'App\\Models\\Category', NULL, 1, 35, NULL, 2, 'normal', NULL, 'testimonials', 0, '#', 0, '2022-11-06 09:47:46', '2022-11-06 09:47:46'),
(3506, 'Testimonials Sixteen', 'testimonials-sixteen', 'App\\Models\\Category', NULL, 1, 35, NULL, 2, 'normal', NULL, 'testimonials', 0, '#', 0, '2022-11-06 09:47:46', '2022-11-06 09:47:46'),
(3507, 'Testimonials Seventeen', 'testimonials-seventeen', 'App\\Models\\Category', NULL, 1, 35, NULL, 2, 'normal', NULL, 'testimonials', 0, '#', 0, '2022-11-06 09:47:46', '2022-11-06 09:47:46'),
(3801, 'Ecommerce Details One', 'e-commerce-details-one', 'App\\Models\\Category', NULL, 1, 38, NULL, 2, 'normal', NULL, '', 0, '#', 0, '2022-11-06 09:47:46', '2022-11-06 09:47:46'),
(3802, 'Ecommerce Details Two', 'e-commerce-details-two', 'App\\Models\\Category', NULL, 1, 38, NULL, 2, 'normal', NULL, '', 0, '#', 0, '2022-11-06 09:47:46', '2022-11-06 09:47:46'),
(3803, 'Ecommerce Details Three', 'e-commerce-details-three', 'App\\Models\\Category', NULL, 1, 38, NULL, 2, 'normal', NULL, '', 0, '#', 0, '2022-11-06 09:47:46', '2022-11-06 09:47:46'),
(3804, 'Ecommerce Details Four', 'e-commerce-details-four', 'App\\Models\\Category', NULL, 1, 38, NULL, 2, 'normal', NULL, '', 0, '#', 0, '2022-11-06 09:47:46', '2022-11-06 09:47:46'),
(3805, 'Ecommerce Details Five', 'e-commerce-details-five', 'App\\Models\\Category', NULL, 1, 38, NULL, 2, 'normal', NULL, '', 0, '#', 0, '2022-11-06 09:47:46', '2022-11-06 09:47:46'),
(3806, 'Ecommerce Details Six', 'e-commerce-details-six', 'App\\Models\\Category', NULL, 1, 38, NULL, 2, 'normal', NULL, '', 0, '#', 0, '2022-11-06 09:47:46', '2022-11-06 09:47:46'),
(3807, 'Ecommerce Details Seven', 'e-commerce-details-seven', 'App\\Models\\Category', NULL, 1, 38, NULL, 2, 'normal', NULL, '', 0, '#', 0, '2022-11-06 09:47:46', '2022-11-06 09:47:46'),
(3808, 'Ecommerce Details Eight', 'e-commerce-details-eight', 'App\\Models\\Category', NULL, 1, 38, NULL, 2, 'normal', NULL, '', 0, '#', 0, '2022-11-06 09:47:46', '2022-11-06 09:47:46'),
(3821, 'Ecommerce Category One', 'e-commerce-category-one', 'App\\Models\\Category', NULL, 1, 38, NULL, 2, 'normal', NULL, '', 0, '#', 0, '2022-11-06 09:47:46', '2022-11-06 09:47:46'),
(3822, 'Ecommerce Category Two', 'e-commerce-category-two', 'App\\Models\\Category', NULL, 1, 38, NULL, 2, 'normal', NULL, '', 0, '#', 0, '2022-11-06 09:47:46', '2022-11-06 09:47:46'),
(3823, 'Ecommerce Category Three', 'e-commerce-category-three', 'App\\Models\\Category', NULL, 1, 38, NULL, 2, 'normal', NULL, '', 0, '#', 0, '2022-11-06 09:47:46', '2022-11-06 09:47:46'),
(3824, 'Ecommerce Category Four', 'e-commerce-category-four', 'App\\Models\\Category', NULL, 1, 38, NULL, 2, 'normal', NULL, '', 0, '#', 0, '2022-11-06 09:47:47', '2022-11-06 09:47:47'),
(3825, 'Ecommerce Category Five', 'e-commerce-category-five', 'App\\Models\\Category', NULL, 1, 38, NULL, 2, 'normal', NULL, '', 0, '#', 0, '2022-11-06 09:47:47', '2022-11-06 09:47:47'),
(3826, 'Ecommerce Category Six', 'e-commerce-category-six', 'App\\Models\\Category', NULL, 1, 38, NULL, 2, 'normal', NULL, '', 0, '#', 0, '2022-11-06 09:47:47', '2022-11-06 09:47:47'),
(3827, 'Ecommerce Category Seven', 'e-commerce-category-seven', 'App\\Models\\Category', NULL, 1, 38, NULL, 2, 'normal', NULL, '', 0, '#', 0, '2022-11-06 09:47:47', '2022-11-06 09:47:47'),
(3841, 'Ecommerce List One', 'e-commerce-list-one', 'App\\Models\\Category', NULL, 1, 38, NULL, 2, 'normal', NULL, '', 0, '#', 0, '2022-11-06 09:47:47', '2022-11-06 09:47:47'),
(3842, 'Ecommerce List Two', 'e-commerce-list-two', 'App\\Models\\Category', NULL, 1, 38, NULL, 2, 'normal', NULL, '', 0, '#', 0, '2022-11-06 09:47:47', '2022-11-06 09:47:47'),
(3843, 'Ecommerce List Three', 'e-commerce-list-three', 'App\\Models\\Category', NULL, 1, 38, NULL, 2, 'normal', NULL, '', 0, '#', 0, '2022-11-06 09:47:47', '2022-11-06 09:47:47'),
(3844, 'Ecommerce List Four', 'e-commerce-list-four', 'App\\Models\\Category', NULL, 1, 38, NULL, 2, 'normal', NULL, '', 0, '#', 0, '2022-11-06 09:47:47', '2022-11-06 09:47:47'),
(3845, 'Ecommerce List Five', 'e-commerce-list-five', 'App\\Models\\Category', NULL, 1, 38, NULL, 2, 'normal', NULL, '', 0, '#', 0, '2022-11-06 09:47:47', '2022-11-06 09:47:47'),
(3846, 'Ecommerce List Six', 'e-commerce-list-six', 'App\\Models\\Category', NULL, 1, 38, NULL, 2, 'normal', NULL, '', 0, '#', 0, '2022-11-06 09:47:47', '2022-11-06 09:47:47'),
(5101, 'Contact Info One', 'contact-info-one', '', NULL, 1, 44, NULL, 3, 'normal', NULL, '', 0, '#', 0, '2022-11-06 09:47:47', '2022-11-06 09:47:47'),
(5102, 'Contact Info Five', 'contact-info-one', '', NULL, 1, 44, NULL, 3, 'normal', NULL, '', 0, '#', 0, '2022-11-06 09:47:47', '2022-11-06 09:47:47'),
(5103, 'Form One', 'form-one', '', NULL, 1, 44, NULL, 3, 'normal', NULL, '', 0, '#', 0, '2022-11-06 09:47:47', '2022-11-06 09:47:47'),
(5104, 'Form Two', 'form-two', '', NULL, 1, 44, NULL, 3, 'normal', NULL, '', 0, '#', 0, '2022-11-06 09:47:47', '2022-11-06 09:47:47'),
(5301, 'Blog Eleven', 'blog-eleven', '', NULL, 1, 45, NULL, 2, 'normal', NULL, '', 0, '#', 0, '2022-11-06 09:47:47', '2022-11-06 09:47:47'),
(5302, 'Blog Twelve', 'blog-twelve', '', NULL, 1, 45, NULL, 2, 'normal', NULL, '', 0, '#', 0, '2022-11-06 09:47:47', '2022-11-06 09:47:47'),
(5303, 'Blog Thirteen', 'blog-thirteen', '', NULL, 1, 45, NULL, 2, 'normal', NULL, '', 0, '#', 0, '2022-11-06 09:47:47', '2022-11-06 09:47:47'),
(5304, 'Blog Fourteen', 'blog-fourteen', '', NULL, 1, 45, NULL, 2, 'normal', NULL, '', 0, '#', 0, '2022-11-06 09:47:47', '2022-11-06 09:47:47'),
(5305, 'Blog Fifteen', 'blog-fifteen', '', NULL, 1, 45, NULL, 2, 'normal', NULL, '', 0, '#', 0, '2022-11-06 09:47:47', '2022-11-06 09:47:47'),
(5306, 'Blog Sixteen', 'blog-sixteen', '', NULL, 1, 45, NULL, 2, 'normal', NULL, '', 0, '#', 0, '2022-11-06 09:47:47', '2022-11-06 09:47:47'),
(5307, 'Blog Seventeen', 'blog-seventeen', '', NULL, 1, 45, NULL, 2, 'normal', NULL, '', 0, '#', 0, '2022-11-06 09:47:47', '2022-11-06 09:47:47'),
(5308, 'Blog Eighteen', 'blog-eighteen', '', NULL, 1, 45, NULL, 2, 'normal', NULL, '', 0, '#', 0, '2022-11-06 09:47:47', '2022-11-06 09:47:47'),
(5309, 'Blog Nineteen', 'blog-nineteen', '', NULL, 1, 45, NULL, 2, 'normal', NULL, '', 0, '#', 0, '2022-11-06 09:47:47', '2022-11-06 09:47:47'),
(5310, 'Blog Twenty', 'blog-twenty', '', NULL, 1, 45, NULL, 2, 'normal', NULL, '', 0, '#', 0, '2022-11-06 09:47:47', '2022-11-06 09:47:47'),
(5311, 'Blog Twenty-One', 'blog-twenty-one', '', NULL, 1, 45, NULL, 2, 'normal', NULL, '', 0, '#', 0, '2022-11-06 09:47:47', '2022-11-06 09:47:47'),
(5312, 'Blog Twenty-Two', 'blog-twenty-two', '', NULL, 1, 45, NULL, 2, 'normal', NULL, '', 0, '#', 0, '2022-11-06 09:47:47', '2022-11-06 09:47:47'),
(5313, 'Blog Twenty-Three', 'blog-twenty-three', '', NULL, 1, 45, NULL, 2, 'normal', NULL, '', 0, '#', 0, '2022-11-06 09:47:47', '2022-11-06 09:47:47'),
(5314, 'Blog Twenty-Four', 'blog-twenty-four', '', NULL, 1, 45, NULL, 2, 'normal', NULL, '', 0, '#', 0, '2022-11-06 09:47:47', '2022-11-06 09:47:47'),
(5315, 'Blog Twenty-Five', 'blog-twenty-five', '', NULL, 1, 45, NULL, 2, 'normal', NULL, '', 0, '#', 0, '2022-11-06 09:47:47', '2022-11-06 09:47:47'),
(5316, 'Blog Twenty-Six', 'blog-twenty-six', '', NULL, 1, 45, NULL, 2, 'normal', NULL, '', 0, '#', 0, '2022-11-06 09:47:47', '2022-11-06 09:47:47'),
(5317, 'Blog Twenty-Seven', 'blog-twenty-seven', '', NULL, 1, 45, NULL, 2, 'normal', NULL, '', 0, '#', 0, '2022-11-06 09:47:47', '2022-11-06 09:47:47'),
(5318, 'Blog Twenty-Eight', 'blog-twenty-eight', '', NULL, 1, 45, NULL, 2, 'normal', NULL, '', 0, '#', 0, '2022-11-06 09:47:47', '2022-11-06 09:47:47'),
(5319, 'Blog Twenty-Nine', 'blog-twenty-nine', '', NULL, 1, 45, NULL, 2, 'normal', NULL, '', 0, '#', 0, '2022-11-06 09:47:47', '2022-11-06 09:47:47'),
(5320, 'Blog Thirty', 'blog-thirty', '', NULL, 1, 45, NULL, 2, 'normal', NULL, '', 0, '#', 0, '2022-11-06 09:47:47', '2022-11-06 09:47:47'),
(5321, 'Blog Thirty-One', 'blog-thirty-one', '', NULL, 1, 45, NULL, 2, 'normal', NULL, '', 0, '#', 0, '2022-11-06 09:47:47', '2022-11-06 09:47:47'),
(12101, 'Event Eleven', 'event-eleven', 'App\\Models\\Category', NULL, 1, 47, NULL, 2, 'normal', NULL, '', 0, '#', 0, '2022-11-06 09:47:47', '2022-11-06 09:47:47'),
(12102, 'Event Twelve', 'event-twelve', 'App\\Models\\Category', NULL, 1, 47, NULL, 2, 'normal', NULL, '', 0, '#', 0, '2022-11-06 09:47:47', '2022-11-06 09:47:47'),
(12103, 'Event Thirteen', 'event-thirteen', 'App\\Models\\Category', NULL, 1, 47, NULL, 2, 'normal', NULL, '', 0, '#', 0, '2022-11-06 09:47:47', '2022-11-06 09:47:47');

-- --------------------------------------------------------

--
-- Table structure for table `layout_cats`
--

CREATE TABLE `layout_cats` (
  `id` bigint(20) UNSIGNED NOT NULL,
  `name` varchar(125) COLLATE utf8mb4_unicode_ci DEFAULT NULL,
  `slug` varchar(125) COLLATE utf8mb4_unicode_ci DEFAULT NULL,
  `type` enum('default','custom') COLLATE utf8mb4_unicode_ci DEFAULT 'custom',
  `input_type` varchar(125) COLLATE utf8mb4_unicode_ci DEFAULT NULL,
  `layout_type_id` bigint(20) DEFAULT NULL,
  `plugin` bigint(20) DEFAULT '0',
  `status` bigint(20) DEFAULT '1',
  `visibility` int(11) DEFAULT '1',
  `created_at` timestamp NULL DEFAULT NULL,
  `updated_at` timestamp NULL DEFAULT NULL
) ENGINE=InnoDB DEFAULT CHARSET=utf8mb4 COLLATE=utf8mb4_unicode_ci;

--
-- Dumping data for table `layout_cats`
--

INSERT INTO `layout_cats` (`id`, `name`, `slug`, `type`, `input_type`, `layout_type_id`, `plugin`, `status`, `visibility`, `created_at`, `updated_at`) VALUES
(1, 'Audio', NULL, 'custom', 'file', 1, 0, 1, 0, '2022-11-06 09:47:44', '2022-11-06 09:47:44'),
(2, 'Button', NULL, 'custom', 'link', 1, 0, 1, 0, '2022-11-06 09:47:44', '2022-11-06 09:47:44'),
(3, 'Divider', NULL, 'custom', 'content', 1, 0, 1, 0, '2022-11-06 09:47:44', '2022-11-06 09:47:44'),
(4, 'Heading', NULL, 'custom', '', 1, 0, 1, 0, '2022-11-06 09:47:44', '2022-11-06 09:47:44'),
(5, 'Image', NULL, 'custom', 'file', 1, 0, 1, 0, '2022-11-06 09:47:44', '2022-11-06 09:47:44'),
(6, 'Links', NULL, 'custom', 'link', 2, 0, 1, 0, '2022-11-06 09:47:44', '2022-11-06 09:47:44'),
(7, 'Maps', NULL, 'custom', 'link', 1, 0, 1, 0, '2022-11-06 09:47:44', '2022-11-06 09:47:44'),
(10, 'Social Icon', NULL, 'custom', 'link', 1, 0, 1, 0, '2022-11-06 09:47:44', '2022-11-06 09:47:44'),
(11, 'Text', NULL, 'custom', 'content', 1, 0, 1, 0, '2022-11-06 09:47:44', '2022-11-06 09:47:44'),
(12, 'Toggle', NULL, 'custom', '', 1, 0, 1, 0, '2022-11-06 09:47:44', '2022-11-06 09:47:44'),
(13, 'Video', NULL, 'custom', 'file', 1, 0, 1, 0, '2022-11-06 09:47:44', '2022-11-06 09:47:44'),
(14, 'Accordion', NULL, 'custom', 'content', 2, 0, 1, 0, '2022-11-06 09:47:44', '2022-11-06 09:47:44'),
(15, 'Button Group', NULL, 'custom', 'link', 2, 0, 1, 0, '2022-11-06 09:47:44', '2022-11-06 09:47:44'),
(16, 'Call To Action', NULL, 'custom', 'file_content_link', 2, 0, 1, 1, '2022-11-06 09:47:44', '2022-11-06 09:47:44'),
(17, 'Carausels', NULL, 'custom', 'file_content_link', 2, 0, 1, 0, '2022-11-06 09:47:44', '2022-11-06 09:47:44'),
(18, 'Category', '', 'custom', 'filecontent', 2, 0, 1, 0, '2022-11-06 09:47:44', '2022-11-06 09:47:44'),
(19, 'Clients', NULL, 'custom', 'file', 2, 0, 1, 0, '2022-11-06 09:47:44', '2022-11-06 09:47:44'),
(20, 'Coming Soon', NULL, 'custom', 'counter', 2, 0, 1, 0, '2022-11-06 09:47:44', '2022-11-06 09:47:44'),
(21, 'Content', NULL, 'custom', 'content', 2, 0, 1, 0, '2022-11-06 09:47:44', '2022-11-06 09:47:44'),
(22, 'Counter', NULL, 'custom', 'counter', 2, 0, 1, 0, '2022-11-06 09:47:44', '2022-11-06 09:47:44'),
(23, 'Feature Intro', NULL, 'custom', 'filecontent', 2, 0, 1, 0, '2022-11-06 09:47:44', '2022-11-06 09:47:44'),
(24, 'Hero', NULL, 'custom', 'filecontent', 2, 0, 1, 0, '2022-11-06 09:47:44', '2022-11-06 09:47:44'),
(25, 'Icon Box', NULL, 'custom', 'filecontent', 2, 0, 1, 0, '2022-11-06 09:47:44', '2022-11-06 09:47:44'),
(26, 'Icon List', NULL, 'custom', 'filecontent', 2, 0, 1, 0, '2022-11-06 09:47:44', '2022-11-06 09:47:44'),
(27, 'Image Gallery', 'image-gallery', 'custom', 'file', 2, 0, 1, 0, '2022-11-06 09:47:44', '2022-11-06 09:47:44'),
(28, 'Info Card', NULL, 'custom', 'file_content_link', 2, 0, 1, 0, '2022-11-06 09:47:44', '2022-11-06 09:47:44'),
(29, 'Pricing', NULL, 'custom', 'content', 2, 0, 1, 0, '2022-11-06 09:47:44', '2022-11-06 09:47:44'),
(30, 'Search', NULL, 'custom', '', 2, 0, 1, 0, '2022-11-06 09:47:44', '2022-11-06 09:47:44'),
(31, 'Slider', NULL, 'custom', 'file_content_link', 2, 0, 1, 0, '2022-11-06 09:47:44', '2022-11-06 09:47:44'),
(32, 'Statistics', NULL, 'custom', 'counter', 2, 0, 1, 0, '2022-11-06 09:47:44', '2022-11-06 09:47:44'),
(33, 'Tabs', NULL, 'custom', 'content', 2, 0, 1, 0, '2022-11-06 09:47:45', '2022-11-06 09:47:45'),
(34, 'Teams', NULL, 'custom', 'filecontent', 2, 0, 1, 0, '2022-11-06 09:47:45', '2022-11-06 09:47:45'),
(35, 'Testimonials', NULL, 'custom', 'filecontent', 2, 0, 1, 0, '2022-11-06 09:47:45', '2022-11-06 09:47:45'),
(36, 'Timelines', NULL, 'custom', 'counter', 2, 0, 1, 0, '2022-11-06 09:47:45', '2022-11-06 09:47:45'),
(37, 'Video Gallery', 'video-gallery', 'custom', 'file', 2, 0, 1, 0, '2022-11-06 09:47:45', '2022-11-06 09:47:45'),
(38, 'E-Commerce', NULL, 'custom', '', 0, 1, 0, 0, '2022-11-06 09:47:45', '2023-02-10 08:09:10'),
(39, 'E-Learning', '', 'custom', '', 0, 1, 0, 0, '2022-11-06 09:47:45', '2023-02-10 08:09:14'),
(40, 'Education', 'education', 'custom', '', 0, 1, 0, 0, '2022-11-06 09:47:45', '2023-02-10 08:09:18'),
(41, 'Fashion', NULL, 'custom', '', 0, 1, 0, 0, '2022-11-06 09:47:45', '2023-02-10 08:09:23'),
(42, 'News', NULL, 'custom', '', 0, 1, 0, 0, '2022-11-06 09:47:45', '2023-02-10 08:09:30'),
(43, 'Corporate', NULL, 'custom', '', 0, 1, 0, 0, '2022-11-06 09:47:45', '2023-02-10 08:09:07'),
(44, 'Forms', NULL, 'custom', '', 3, 0, 1, 0, '2022-11-06 09:47:45', '2022-11-06 09:47:45'),
(45, 'Blog', NULL, 'custom', 'filecontent', 2, 0, 1, 0, '2022-11-06 09:47:45', '2022-11-06 09:47:45'),
(46, 'Spacer', NULL, 'custom', '', 1, 0, 1, 0, '2022-11-06 09:47:45', '2022-11-06 09:47:45'),
(47, 'Events', NULL, 'custom', 'filecontent', 2, 0, 1, 0, '2022-11-06 09:47:45', '2022-11-06 09:47:45'),
(48, 'Table', NULL, 'custom', '', 2, 0, 1, 0, '2022-11-06 09:47:45', '2022-11-06 09:47:45'),
(49, 'Portfolio', NULL, 'custom', '', 2, 0, 1, 0, '2022-11-06 09:47:45', '2022-11-06 09:47:45'),
(50, 'demo', NULL, 'custom', '', 2, 0, 1, 0, '2022-11-06 09:47:45', '2022-11-06 09:47:45'),
(51, 'Social', NULL, 'custom', '', 2, 0, 1, 0, '2022-11-06 09:47:45', '2022-11-06 09:47:45'),
(52, 'Job', NULL, 'custom', '', 2, 1, 0, 0, '2022-11-06 09:47:45', '2023-02-10 08:09:26'),
(53, 'Progress', NULL, 'custom', '', 2, 0, 1, 0, '2022-11-06 09:47:45', '2022-11-06 09:47:45'),
(54, 'Image Box', NULL, 'custom', 'filecontent', 2, 0, 1, 0, '2022-11-06 09:47:45', '2022-11-06 09:47:45'),
(55, 'Customer Relation Management (CRM)', 'crm', 'custom', '', 0, 1, 1, 1, '2022-11-06 09:47:45', '2022-11-06 09:47:45');

-- --------------------------------------------------------

--
-- Table structure for table `layout_modules`
--

CREATE TABLE `layout_modules` (
  `id` bigint(20) UNSIGNED NOT NULL,
  `header` varchar(125) COLLATE utf8mb4_unicode_ci DEFAULT NULL,
  `top_header` varchar(125) COLLATE utf8mb4_unicode_ci DEFAULT NULL,
  `slider` varchar(125) COLLATE utf8mb4_unicode_ci DEFAULT NULL,
  `footer` varchar(125) COLLATE utf8mb4_unicode_ci DEFAULT NULL,
  `button_footer` varchar(125) COLLATE utf8mb4_unicode_ci DEFAULT NULL,
  `heading_design_id` bigint(20) UNSIGNED DEFAULT '1',
  `header_bg_color` varchar(125) COLLATE utf8mb4_unicode_ci DEFAULT '#0f3b6b',
  `footer_bg_color` varchar(125) COLLATE utf8mb4_unicode_ci DEFAULT 'rgb(3 55 114 / 92%)',
  `header_font_color` varchar(125) COLLATE utf8mb4_unicode_ci DEFAULT '#fff',
  `slider_font_color` varchar(125) COLLATE utf8mb4_unicode_ci DEFAULT '#fff',
  `footer_font_color` varchar(125) COLLATE utf8mb4_unicode_ci DEFAULT '#fff',
  `created_at` timestamp NULL DEFAULT NULL,
  `updated_at` timestamp NULL DEFAULT NULL
) ENGINE=InnoDB DEFAULT CHARSET=utf8mb4 COLLATE=utf8mb4_unicode_ci;

--
-- Dumping data for table `layout_modules`
--

INSERT INTO `layout_modules` (`id`, `header`, `top_header`, `slider`, `footer`, `button_footer`, `heading_design_id`, `header_bg_color`, `footer_bg_color`, `header_font_color`, `slider_font_color`, `footer_font_color`, `created_at`, `updated_at`) VALUES
(1, 'header-nine', 'top-header-five', 'slider-one', 'footer-one', 'button-footer-two', 1, '#0f3b6b', 'rgb(3 55 114 / 92%)', '#fff', '#fff', '#fff', '2022-03-09 07:56:04', '2022-11-21 09:44:07');

-- --------------------------------------------------------

--
-- Table structure for table `layout_settings`
--

CREATE TABLE `layout_settings` (
  `id` bigint(20) UNSIGNED NOT NULL,
  `layout_id` bigint(20) UNSIGNED DEFAULT NULL,
  `status` bigint(20) DEFAULT '0',
  `title_font` varchar(125) COLLATE utf8mb4_unicode_ci DEFAULT NULL,
  `title_font_color` varchar(125) COLLATE utf8mb4_unicode_ci DEFAULT NULL,
  `title_bg_color` varchar(125) COLLATE utf8mb4_unicode_ci DEFAULT NULL,
  `title_font_size` varchar(125) COLLATE utf8mb4_unicode_ci DEFAULT NULL,
  `title_border` bigint(20) DEFAULT '0',
  `title_border_area` varchar(125) COLLATE utf8mb4_unicode_ci DEFAULT NULL,
  `title_border_size` varchar(125) COLLATE utf8mb4_unicode_ci DEFAULT NULL,
  `title_border_color` varchar(125) COLLATE utf8mb4_unicode_ci DEFAULT NULL,
  `title_padding` bigint(20) DEFAULT '0',
  `title_padding_area` varchar(125) COLLATE utf8mb4_unicode_ci DEFAULT NULL,
  `title_padding_size` varchar(125) COLLATE utf8mb4_unicode_ci DEFAULT NULL,
  `title_margin` bigint(20) DEFAULT '0',
  `title_margin_area` varchar(125) COLLATE utf8mb4_unicode_ci DEFAULT NULL,
  `title_margin_size` varchar(125) COLLATE utf8mb4_unicode_ci DEFAULT NULL,
  `body_font` varchar(125) COLLATE utf8mb4_unicode_ci DEFAULT NULL,
  `body_font_color` varchar(125) COLLATE utf8mb4_unicode_ci DEFAULT NULL,
  `body_bg_color` varchar(125) COLLATE utf8mb4_unicode_ci DEFAULT NULL,
  `body_font_size` varchar(125) COLLATE utf8mb4_unicode_ci DEFAULT NULL,
  `body_border` bigint(20) DEFAULT '0',
  `body_border_area` varchar(125) COLLATE utf8mb4_unicode_ci DEFAULT NULL,
  `body_border_size` varchar(125) COLLATE utf8mb4_unicode_ci DEFAULT NULL,
  `body_border_color` varchar(125) COLLATE utf8mb4_unicode_ci DEFAULT NULL,
  `body_padding` bigint(20) DEFAULT '0',
  `body_padding_area` varchar(125) COLLATE utf8mb4_unicode_ci DEFAULT NULL,
  `body_padding_size` varchar(125) COLLATE utf8mb4_unicode_ci DEFAULT NULL,
  `body_margin` bigint(20) DEFAULT '0',
  `body_margin_area` varchar(125) COLLATE utf8mb4_unicode_ci DEFAULT NULL,
  `body_margin_size` varchar(125) COLLATE utf8mb4_unicode_ci DEFAULT NULL,
  `body_height` bigint(20) DEFAULT '0',
  `body_height_size` varchar(125) COLLATE utf8mb4_unicode_ci DEFAULT NULL,
  `body_height_overflow` varchar(125) COLLATE utf8mb4_unicode_ci DEFAULT NULL,
  `created_at` timestamp NULL DEFAULT NULL,
  `updated_at` timestamp NULL DEFAULT NULL
) ENGINE=InnoDB DEFAULT CHARSET=utf8mb4 COLLATE=utf8mb4_unicode_ci;

--
-- Dumping data for table `layout_settings`
--

INSERT INTO `layout_settings` (`id`, `layout_id`, `status`, `title_font`, `title_font_color`, `title_bg_color`, `title_font_size`, `title_border`, `title_border_area`, `title_border_size`, `title_border_color`, `title_padding`, `title_padding_area`, `title_padding_size`, `title_margin`, `title_margin_area`, `title_margin_size`, `body_font`, `body_font_color`, `body_bg_color`, `body_font_size`, `body_border`, `body_border_area`, `body_border_size`, `body_border_color`, `body_padding`, `body_padding_area`, `body_padding_size`, `body_margin`, `body_margin_area`, `body_margin_size`, `body_height`, `body_height_size`, `body_height_overflow`, `created_at`, `updated_at`) VALUES
(1, 57, 0, NULL, NULL, NULL, NULL, 0, 'border', NULL, NULL, 0, NULL, NULL, 0, NULL, NULL, NULL, NULL, NULL, NULL, 0, 'border', NULL, NULL, 0, NULL, NULL, NULL, NULL, NULL, 0, NULL, 'overflow-scroll', '2022-03-09 07:59:28', '2022-03-09 07:59:28'),
(2, 130, 0, NULL, NULL, NULL, NULL, 0, 'border', NULL, NULL, 0, NULL, NULL, 0, NULL, NULL, NULL, NULL, NULL, NULL, 0, 'border', NULL, NULL, 0, NULL, NULL, NULL, NULL, NULL, 0, NULL, 'overflow-scroll', '2022-03-10 01:30:17', '2022-03-10 01:30:17'),
(3, 114, 0, NULL, NULL, NULL, NULL, 0, 'border', NULL, NULL, 0, NULL, NULL, 0, NULL, NULL, NULL, NULL, NULL, NULL, 0, 'border', NULL, NULL, 0, NULL, NULL, NULL, NULL, NULL, 0, NULL, 'overflow-scroll', '2022-03-10 03:26:37', '2022-03-10 03:26:37'),
(4, 113, 0, NULL, NULL, NULL, NULL, NULL, NULL, NULL, NULL, NULL, NULL, NULL, NULL, NULL, NULL, NULL, NULL, NULL, NULL, NULL, NULL, NULL, NULL, NULL, NULL, NULL, NULL, NULL, NULL, NULL, NULL, NULL, '2022-03-10 03:26:51', '2022-03-10 03:26:51'),
(5, 104, 0, NULL, NULL, NULL, NULL, NULL, NULL, NULL, NULL, NULL, NULL, NULL, NULL, NULL, NULL, NULL, NULL, NULL, NULL, NULL, NULL, NULL, NULL, NULL, NULL, NULL, NULL, NULL, NULL, NULL, NULL, NULL, '2022-03-10 03:27:02', '2022-03-10 03:27:02'),
(6, 122, 0, NULL, NULL, NULL, NULL, NULL, NULL, NULL, NULL, NULL, NULL, NULL, NULL, NULL, NULL, NULL, NULL, NULL, NULL, NULL, NULL, NULL, NULL, NULL, NULL, NULL, NULL, NULL, NULL, NULL, NULL, NULL, '2022-03-10 03:27:16', '2022-03-10 03:27:16'),
(7, 10, 0, NULL, NULL, NULL, NULL, 0, 'border', NULL, NULL, 0, NULL, NULL, 0, NULL, NULL, NULL, NULL, NULL, NULL, 0, 'border', NULL, NULL, 0, NULL, NULL, NULL, NULL, NULL, 0, NULL, 'overflow-scroll', '2022-03-10 05:02:17', '2022-03-10 05:02:17'),
(8, 112, 0, NULL, NULL, NULL, NULL, NULL, NULL, NULL, NULL, NULL, NULL, NULL, NULL, NULL, NULL, NULL, NULL, NULL, NULL, NULL, NULL, NULL, NULL, NULL, NULL, NULL, NULL, NULL, NULL, NULL, NULL, NULL, '2022-03-10 05:02:59', '2022-03-10 05:02:59'),
(9, 38, 0, NULL, NULL, NULL, NULL, NULL, NULL, NULL, NULL, NULL, NULL, NULL, NULL, NULL, NULL, NULL, NULL, NULL, NULL, NULL, NULL, NULL, NULL, NULL, NULL, NULL, NULL, NULL, NULL, NULL, NULL, NULL, '2022-03-10 05:03:33', '2022-03-10 05:03:33'),
(10, 143, 0, NULL, NULL, NULL, NULL, 0, 'border', NULL, NULL, 0, NULL, NULL, 0, NULL, NULL, NULL, NULL, NULL, NULL, 0, 'border', NULL, NULL, 0, NULL, NULL, NULL, NULL, NULL, 0, NULL, 'overflow-scroll', '2022-03-11 12:26:18', '2022-03-11 12:26:18'),
(11, 17, 0, NULL, NULL, NULL, NULL, 0, 'border', NULL, NULL, 0, NULL, NULL, 0, NULL, NULL, NULL, NULL, NULL, NULL, 0, 'border', NULL, NULL, 0, NULL, NULL, NULL, NULL, NULL, 0, NULL, 'overflow-scroll', '2022-03-21 16:08:36', '2022-03-21 16:08:36'),
(12, 60, 0, NULL, NULL, NULL, NULL, 0, 'border', NULL, NULL, 0, NULL, NULL, 0, NULL, NULL, NULL, NULL, NULL, NULL, 0, 'border', NULL, NULL, 0, NULL, NULL, NULL, NULL, NULL, 0, NULL, 'overflow-scroll', '2022-03-23 16:25:38', '2022-03-23 16:25:38'),
(13, 109, 0, NULL, NULL, NULL, NULL, 0, 'border', NULL, NULL, 0, NULL, NULL, 0, NULL, NULL, NULL, NULL, NULL, NULL, 0, 'border', NULL, NULL, 0, NULL, NULL, NULL, NULL, NULL, 0, NULL, 'overflow-scroll', '2022-03-23 16:30:34', '2022-03-23 16:30:34');

-- --------------------------------------------------------

--
-- Table structure for table `layout_types`
--

CREATE TABLE `layout_types` (
  `id` bigint(20) UNSIGNED NOT NULL,
  `name` varchar(125) COLLATE utf8mb4_unicode_ci DEFAULT NULL,
  `slug` varchar(125) COLLATE utf8mb4_unicode_ci DEFAULT NULL,
  `created_at` timestamp NULL DEFAULT NULL,
  `updated_at` timestamp NULL DEFAULT NULL
) ENGINE=InnoDB DEFAULT CHARSET=utf8mb4 COLLATE=utf8mb4_unicode_ci;

--
-- Dumping data for table `layout_types`
--

INSERT INTO `layout_types` (`id`, `name`, `slug`, `created_at`, `updated_at`) VALUES
(1, 'Component', 'component', '2022-03-09 07:56:04', '2022-03-09 07:56:04'),
(2, 'Module', 'module', '2022-03-09 07:56:04', '2022-03-09 07:56:04'),
(3, 'Forms', 'forms', '2022-03-09 07:56:04', '2022-03-09 07:56:04');

-- --------------------------------------------------------

--
-- Table structure for table `media`
--

CREATE TABLE `media` (
  `id` bigint(20) UNSIGNED NOT NULL,
  `user_id` bigint(20) UNSIGNED DEFAULT NULL,
  `parent_id` bigint(20) UNSIGNED DEFAULT NULL,
  `title` longtext COLLATE utf8mb4_unicode_ci,
  `content` longtext COLLATE utf8mb4_unicode_ci,
  `excerpt` longtext COLLATE utf8mb4_unicode_ci,
  `status` tinyint(1) DEFAULT '1',
  `url` varchar(125) COLLATE utf8mb4_unicode_ci DEFAULT NULL,
  `type` varchar(125) COLLATE utf8mb4_unicode_ci DEFAULT NULL,
  `mime_type` varchar(125) COLLATE utf8mb4_unicode_ci DEFAULT NULL,
  `created_at` timestamp NULL DEFAULT NULL,
  `updated_at` timestamp NULL DEFAULT NULL
) ENGINE=InnoDB DEFAULT CHARSET=utf8mb4 COLLATE=utf8mb4_unicode_ci;

--
-- Dumping data for table `media`
--

INSERT INTO `media` (`id`, `user_id`, `parent_id`, `title`, `content`, `excerpt`, `status`, `url`, `type`, `mime_type`, `created_at`, `updated_at`) VALUES
(4, 1, NULL, 'car-warp-jpg-2022-06-06-05-41-17', NULL, NULL, 1, 'uploads/car-warp-jpg-2022-06-06-05-41-17.jpg', 'image', 'image/jpeg', '2022-06-06 17:41:17', '2022-06-06 17:41:17'),
(5, 1, NULL, 'digital-offsetjpg-2022-06-06-05-41-17', NULL, NULL, 1, 'uploads/digital-offsetjpg-2022-06-06-05-41-17.jpg', 'image', 'image/jpeg', '2022-06-06 17:41:17', '2022-06-06 17:41:17'),
(6, 1, NULL, 'markeeting-promotional-jpg-2022-06-06-05-41-17', NULL, NULL, 1, 'uploads/markeeting-promotional-jpg-2022-06-06-05-41-17.jpg', 'image', 'image/jpeg', '2022-06-06 17:41:17', '2022-06-06 17:41:17'),
(7, 1, NULL, 'wide-format-print-jpg-2022-06-06-05-41-17', NULL, NULL, 1, 'uploads/wide-format-print-jpg-2022-06-06-05-41-17.jpg', 'image', 'image/jpeg', '2022-06-06 17:41:17', '2022-06-06 17:41:17'),
(8, 1, NULL, '1jpg-2022-06-06-06-02-45', NULL, NULL, 1, 'uploads/1jpg-2022-06-06-06-02-45.jpg', 'image', 'image/jpeg', '2022-06-06 18:02:45', '2022-06-06 18:02:45'),
(9, 1, NULL, '2jpg-2022-06-06-06-02-45', NULL, NULL, 1, 'uploads/2jpg-2022-06-06-06-02-45.jpg', 'image', 'image/jpeg', '2022-06-06 18:02:45', '2022-06-06 18:02:45'),
(10, 1, NULL, '3jpg-2022-06-06-06-02-45', NULL, NULL, 1, 'uploads/3jpg-2022-06-06-06-02-45.jpg', 'image', 'image/jpeg', '2022-06-06 18:02:45', '2022-06-06 18:02:45'),
(11, 1, NULL, '4jpg-2022-06-06-06-02-45', NULL, NULL, 1, 'uploads/4jpg-2022-06-06-06-02-45.jpg', 'image', 'image/jpeg', '2022-06-06 18:02:45', '2022-06-06 18:02:45'),
(12, 1, NULL, '5jpg-2022-06-06-06-02-45', NULL, NULL, 1, 'uploads/5jpg-2022-06-06-06-02-45.jpg', 'image', 'image/jpeg', '2022-06-06 18:02:45', '2022-06-06 18:02:45'),
(13, 1, NULL, '6jpg-2022-06-06-06-02-45', NULL, NULL, 1, 'uploads/6jpg-2022-06-06-06-02-45.jpg', 'image', 'image/jpeg', '2022-06-06 18:02:45', '2022-06-06 18:02:45'),
(14, 1, NULL, '7jpg-2022-06-06-06-02-45', NULL, NULL, 1, 'uploads/7jpg-2022-06-06-06-02-45.jpg', 'image', 'image/jpeg', '2022-06-06 18:02:45', '2022-06-06 18:02:45'),
(15, 1, NULL, '8jpg-2022-06-06-06-02-45', NULL, NULL, 1, 'uploads/8jpg-2022-06-06-06-02-45.jpg', 'image', 'image/jpeg', '2022-06-06 18:02:45', '2022-06-06 18:02:45'),
(16, 1, NULL, '9jpg-2022-06-06-06-02-45', NULL, NULL, 1, 'uploads/9jpg-2022-06-06-06-02-45.jpg', 'image', 'image/jpeg', '2022-06-06 18:02:45', '2022-06-06 18:02:45'),
(17, 1, NULL, '10jpg-2022-06-06-06-02-45', NULL, NULL, 1, 'uploads/10jpg-2022-06-06-06-02-45.jpg', 'image', 'image/jpeg', '2022-06-06 18:02:45', '2022-06-06 18:02:45'),
(18, 1, NULL, 'placement-in-schools-and-colleges-2png-2022-06-06-10-24-47png-2022-06-06-07-44-17', NULL, NULL, 1, 'uploads/placement-in-schools-and-colleges-2png-2022-06-06-10-24-47png-2022-06-06-07-44-17.png', 'image', 'image/png', '2022-06-06 19:44:17', '2022-06-06 19:44:17'),
(19, 1, NULL, '1.jpeg', NULL, NULL, 1, 'uploads/1jpeg-2022-06-07-07-58-30.jpg', 'image', 'image/jpeg', '2022-06-07 07:58:30', '2022-06-07 07:58:30'),
(20, 1, NULL, '2.jpeg', NULL, NULL, 1, 'uploads/2jpeg-2022-06-07-07-58-30.jpg', 'image', 'image/jpeg', '2022-06-07 07:58:30', '2022-06-07 07:58:30'),
(21, 1, NULL, '3.jpeg', NULL, NULL, 1, 'uploads/3jpeg-2022-06-07-07-58-30.jpg', 'image', 'image/jpeg', '2022-06-07 07:58:30', '2022-06-07 07:58:30'),
(22, 1, NULL, '4.jpeg', NULL, NULL, 1, 'uploads/4jpeg-2022-06-07-07-58-30.jpg', 'image', 'image/jpeg', '2022-06-07 07:58:30', '2022-06-07 07:58:30'),
(23, 1, NULL, '1.jpeg', NULL, NULL, 1, 'uploads/1jpeg-2022-06-07-08-07-47.jpg', 'image', 'image/jpeg', '2022-06-07 08:07:47', '2022-06-07 08:07:47'),
(24, 1, NULL, '4.jpeg', NULL, NULL, 1, 'uploads/4jpeg-2022-06-07-08-07-47.jpg', 'image', 'image/jpeg', '2022-06-07 08:07:47', '2022-06-07 08:07:47'),
(25, 1, NULL, 'p1.jpeg', NULL, NULL, 1, 'uploads/p1jpeg-2022-06-07-03-26-13.jpg', 'image', 'image/jpeg', '2022-06-07 15:26:13', '2022-06-07 15:26:13'),
(26, 1, NULL, 'p2.jpeg', NULL, NULL, 1, 'uploads/p2jpeg-2022-06-07-03-26-13.jpg', 'image', 'image/jpeg', '2022-06-07 15:26:13', '2022-06-07 15:26:13'),
(27, 1, NULL, 'p3.jpeg', NULL, NULL, 1, 'uploads/p3jpeg-2022-06-07-03-26-13.jpg', 'image', 'image/jpeg', '2022-06-07 15:26:13', '2022-06-07 15:26:13'),
(28, 1, NULL, 'p4.jpeg', NULL, NULL, 1, 'uploads/p4jpeg-2022-06-07-03-26-13.jpg', 'image', 'image/jpeg', '2022-06-07 15:26:13', '2022-06-07 15:26:13'),
(29, 1, NULL, 'p5.jpeg', NULL, NULL, 1, 'uploads/p5jpeg-2022-06-07-03-26-13.jpg', 'image', 'image/jpeg', '2022-06-07 15:26:13', '2022-06-07 15:26:13'),
(30, 1, NULL, 'bannerjpeg-2022-06-09-04-13-24', NULL, NULL, 1, 'uploads/bannerjpeg-2022-06-09-04-13-24.jpg', 'image', 'image/jpeg', '2022-06-09 16:13:24', '2022-06-09 16:13:24'),
(31, 1, NULL, 'banner1jpeg-2022-06-09-04-13-24', NULL, NULL, 1, 'uploads/banner1jpeg-2022-06-09-04-13-24.jpg', 'image', 'image/jpeg', '2022-06-09 16:13:24', '2022-06-09 16:13:24'),
(32, 1, NULL, 'banner2jpeg-2022-06-09-04-13-24', NULL, NULL, 1, 'uploads/banner2jpeg-2022-06-09-04-13-24.jpg', 'image', 'image/jpeg', '2022-06-09 16:13:24', '2022-06-09 16:13:24'),
(33, 1, NULL, 'banner-1jpg-2022-06-10-01-42-13', NULL, NULL, 1, 'uploads/banner-1jpg-2022-06-10-01-42-13.jpg', 'image', 'image/jpeg', '2022-06-10 13:42:13', '2022-06-10 13:42:13'),
(34, 1, NULL, 'image.png', NULL, NULL, 1, 'uploads/imagepng-2022-06-10-05-41-30.png', 'image', 'image/png', '2022-06-10 17:41:30', '2022-06-10 17:41:30'),
(35, 1, NULL, 'Folder-1-150x150.jpg', NULL, NULL, 1, 'uploads/folder-1-150x150jpg-2022-07-15-07-44-49.jpg', 'image', 'image/jpeg', '2022-07-15 07:44:49', '2022-07-15 07:44:49'),
(36, 1, NULL, 'card-3.jpeg', NULL, NULL, 1, 'uploads/card-3jpeg-2022-07-15-07-49-27.jpg', 'image', 'image/jpeg', '2022-07-15 07:49:27', '2022-07-15 07:49:27'),
(37, 1, NULL, 'Spot-UV-BC.png', NULL, NULL, 1, 'uploads/spot-uv-bcpng-2022-07-15-07-52-04.png', 'image', 'image/png', '2022-07-15 07:52:04', '2022-07-15 07:52:04'),
(39, 1, NULL, 'Luxury-Raised-Gold-Silver-BC.png', NULL, NULL, 1, 'uploads/luxury-raised-gold-silver-bcpng-2022-08-31-04-18-30.png', 'image', 'image/png', '2022-08-31 16:18:30', '2022-08-31 16:18:30'),
(40, 1, NULL, 'banner-11.jpg', NULL, NULL, 1, 'uploads/banner-11jpg-2022-08-31-04-18-45.jpg', 'image', 'image/jpeg', '2022-08-31 16:18:45', '2022-08-31 16:18:45'),
(42, 1, NULL, 'banner-11.jpg', NULL, NULL, 1, 'uploads/banner-11jpg-2022-09-06-04-58-30.jpg', 'image', 'image/jpeg', '2022-09-06 16:58:30', '2022-09-06 16:58:30'),
(43, 1, NULL, 'Spot-UV-BC.png', NULL, NULL, 1, 'uploads/spot-uv-bcpng-2022-09-06-04-58-30.png', 'image', 'image/png', '2022-09-06 16:58:30', '2022-09-06 16:58:30'),
(44, 1, NULL, 'Luxury-Raised-BC.png', NULL, NULL, 1, 'uploads/luxury-raised-bcpng-2022-09-06-05-10-14.png', 'image', 'image/png', '2022-09-06 17:10:14', '2022-09-06 17:10:14'),
(45, 1, NULL, 'Velvet-Soft-Touch-BC.png', NULL, NULL, 1, 'uploads/velvet-soft-touch-bcpng-2022-09-06-05-19-46.png', 'image', 'image/png', '2022-09-06 17:19:46', '2022-09-06 17:19:46'),
(46, 1, NULL, 'card-2.jpg', NULL, NULL, 1, 'uploads/card-2jpg-2022-09-06-05-27-08.jpg', 'image', 'image/jpeg', '2022-09-06 17:27:08', '2022-09-06 17:27:08'),
(47, 1, NULL, 'banner-11-150x150.jpg', NULL, NULL, 1, 'uploads/banner-11-150x150jpg-2022-09-06-05-27-43.jpg', 'image', 'image/jpeg', '2022-09-06 17:27:43', '2022-09-06 17:27:43'),
(48, 1, NULL, 'BC_02_Magnets-768x878.jpg', NULL, NULL, 1, 'uploads/bc-02-magnets-768x878jpg-2022-09-06-05-30-16.jpg', 'image', 'image/jpeg', '2022-09-06 17:30:16', '2022-09-06 17:30:16'),
(49, 1, NULL, 'card-1.jpg', NULL, NULL, 1, 'uploads/card-1jpg-2022-09-06-05-31-03.jpg', 'image', 'image/jpeg', '2022-09-06 17:31:03', '2022-09-06 17:31:03'),
(50, 1, NULL, 'Brochure-3-768x538.jpg', NULL, NULL, 1, 'uploads/brochure-3-768x538jpg-2022-09-06-05-33-38.jpg', 'image', 'image/jpeg', '2022-09-06 17:33:38', '2022-09-06 17:33:38'),
(51, 1, NULL, 'Brochure-1-150x150.jpg', NULL, NULL, 1, 'uploads/brochure-1-150x150jpg-2022-09-06-05-34-07.jpg', 'image', 'image/jpeg', '2022-09-06 17:34:07', '2022-09-06 17:34:07'),
(52, 1, NULL, 'Brochures2.jpg', NULL, NULL, 1, 'uploads/brochures2jpg-2022-09-06-05-36-13.jpg', 'image', 'image/jpeg', '2022-09-06 17:36:13', '2022-09-06 17:36:13'),
(53, 1, NULL, 'Flayer-2-150x150.jpg', NULL, NULL, 1, 'uploads/flayer-2-150x150jpg-2022-09-06-05-36-46.jpg', 'image', 'image/jpeg', '2022-09-06 17:36:46', '2022-09-06 17:36:46'),
(54, 1, NULL, 'Folder-2-600x420.jpg', NULL, NULL, 1, 'uploads/folder-2-600x420jpg-2022-09-06-05-38-45.jpg', 'image', 'image/jpeg', '2022-09-06 17:38:45', '2022-09-06 17:38:45'),
(55, 1, NULL, '1-600x429.jpg', NULL, NULL, 1, 'uploads/1-600x429jpg-2022-09-06-05-41-16.jpg', 'image', 'image/jpeg', '2022-09-06 17:41:16', '2022-09-06 17:41:16'),
(56, 1, NULL, 'single-blog-2-150x150.jpg', NULL, NULL, 1, 'uploads/single-blog-2-150x150jpg-2022-09-06-05-41-39.jpg', 'image', 'image/jpeg', '2022-09-06 17:41:39', '2022-09-06 17:41:39'),
(57, 1, NULL, '6-150x150.jpg', NULL, NULL, 1, 'uploads/6-150x150jpg-2022-09-06-05-44-13.jpg', 'image', 'image/jpeg', '2022-09-06 17:44:13', '2022-09-06 17:44:13'),
(58, 1, NULL, '7-150x150.jpg', NULL, NULL, 1, 'uploads/7-150x150jpg-2022-09-06-05-44-47.jpg', 'image', 'image/jpeg', '2022-09-06 17:44:47', '2022-09-06 17:44:47'),
(59, 1, NULL, '5-150x150.jpg', NULL, NULL, 1, 'uploads/5-150x150jpg-2022-09-06-05-47-08.jpg', 'image', 'image/jpeg', '2022-09-06 17:47:08', '2022-09-06 17:47:08'),
(60, 1, NULL, '4-150x150.jpg', NULL, NULL, 1, 'uploads/4-150x150jpg-2022-09-06-05-48-23.jpg', 'image', 'image/jpeg', '2022-09-06 17:48:23', '2022-09-06 17:48:23'),
(61, 1, NULL, 'banner-2jpg-2022-09-06-05-48-58', NULL, NULL, 1, 'uploads/banner-2jpg-2022-09-06-05-48-58.jpg', 'image', 'image/jpeg', '2022-09-06 17:48:58', '2022-09-06 17:48:58'),
(62, 1, NULL, 'A-Frame-02-600x420.jpg', NULL, NULL, 1, 'uploads/a-frame-02-600x420jpg-2022-09-06-05-50-03.jpg', 'image', 'image/jpeg', '2022-09-06 17:50:03', '2022-09-06 17:50:03'),
(63, 1, NULL, 'A-Frame-01-150x150.jpg', NULL, NULL, 1, 'uploads/a-frame-01-150x150jpg-2022-09-06-05-50-25.jpg', 'image', 'image/jpeg', '2022-09-06 17:50:25', '2022-09-06 17:50:25'),
(64, 1, NULL, 'Poster-01-600x420.jpg', NULL, NULL, 1, 'uploads/poster-01-600x420jpg-2022-09-06-05-52-52.jpg', 'image', 'image/jpeg', '2022-09-06 17:52:52', '2022-09-06 17:52:52'),
(65, 1, NULL, 'Poster-150x150.png', NULL, NULL, 1, 'uploads/poster-150x150png-2022-09-06-05-53-26.png', 'image', 'image/png', '2022-09-06 17:53:26', '2022-09-06 17:53:26'),
(66, 1, NULL, 'Pullup-Banner-150x150.jpg', NULL, NULL, 1, 'uploads/pullup-banner-150x150jpg-2022-09-06-05-56-52.jpg', 'image', 'image/jpeg', '2022-09-06 17:56:52', '2022-09-06 17:56:52'),
(67, 1, NULL, 'banner-11-150x150 (1).jpg', NULL, NULL, 1, 'uploads/banner-11-150x150-1jpg-2022-09-06-05-57-37.jpg', 'image', 'image/jpeg', '2022-09-06 17:57:37', '2022-09-06 17:57:37'),
(68, 1, NULL, 'Decals_1-150x150.png', NULL, NULL, 1, 'uploads/decals-1-150x150png-2022-09-06-06-00-18.png', 'image', 'image/png', '2022-09-06 18:00:18', '2022-09-06 18:00:18'),
(69, 1, NULL, 'Decals_1.png', NULL, NULL, 1, 'uploads/decals-1png-2022-09-06-06-00-51.png', 'image', 'image/png', '2022-09-06 18:00:51', '2022-09-06 18:00:51'),
(70, 1, NULL, 'Vechicle-01-150x150.jpg', NULL, NULL, 1, 'uploads/vechicle-01-150x150jpg-2022-09-06-06-02-45.jpg', 'image', 'image/jpeg', '2022-09-06 18:02:45', '2022-09-06 18:02:45'),
(71, 1, NULL, 'Vechicle-3-150x150.jpg', NULL, NULL, 1, 'uploads/vechicle-3-150x150jpg-2022-09-06-06-03-14.jpg', 'image', 'image/jpeg', '2022-09-06 18:03:14', '2022-09-06 18:03:14'),
(72, 1, NULL, 'Acrylic-01-150x150.jpg', NULL, NULL, 1, 'uploads/acrylic-01-150x150jpg-2022-09-06-06-06-15.jpg', 'image', 'image/jpeg', '2022-09-06 18:06:15', '2022-09-06 18:06:15'),
(73, 1, NULL, 'Acrylic-02-600x420.jpg', NULL, NULL, 1, 'uploads/acrylic-02-600x420jpg-2022-09-06-06-06-39.jpg', 'image', 'image/jpeg', '2022-09-06 18:06:39', '2022-09-06 18:06:39'),
(74, 1, NULL, 'Signboards-6X4_RR-150x150.jpg', NULL, NULL, 1, 'uploads/signboards-6x4-rr-150x150jpg-2022-09-06-06-09-37.jpg', 'image', 'image/jpeg', '2022-09-06 18:09:37', '2022-09-06 18:09:37'),
(75, 1, NULL, 'Signboards-Landscape-150x150.jpg', NULL, NULL, 1, 'uploads/signboards-landscape-150x150jpg-2022-09-06-06-10-03.jpg', 'image', 'image/jpeg', '2022-09-06 18:10:03', '2022-09-06 18:10:03'),
(76, 1, NULL, 'banner-3jpg-2022-09-06-06-12-11', NULL, NULL, 1, 'uploads/banner-3jpg-2022-09-06-06-12-11.jpg', 'image', 'image/jpeg', '2022-09-06 18:12:11', '2022-09-06 18:12:11'),
(77, 1, NULL, 'banner-3jpg-2022-09-06-07-13-37', NULL, NULL, 1, 'uploads/banner-3jpg-2022-09-06-07-13-37.jpg', 'image', 'image/jpeg', '2022-09-06 19:13:37', '2022-09-06 19:13:37'),
(78, 1, NULL, 'banner-4jpg-2022-09-06-07-14-07', NULL, NULL, 1, 'uploads/banner-4jpg-2022-09-06-07-14-07.jpg', 'image', 'image/jpeg', '2022-09-06 19:14:07', '2022-09-06 19:14:07'),
(79, 1, NULL, 'banner-5jpg-2022-09-06-07-14-58', NULL, NULL, 1, 'uploads/banner-5jpg-2022-09-06-07-14-58.jpg', 'image', 'image/jpeg', '2022-09-06 19:14:58', '2022-09-06 19:14:58'),
(80, 1, NULL, 'banner-6jpg-2022-09-06-07-15-37', NULL, NULL, 1, 'uploads/banner-6jpg-2022-09-06-07-15-37.jpg', 'image', 'image/jpeg', '2022-09-06 19:15:37', '2022-09-06 19:15:37'),
(81, 1, NULL, 'banner-7jpg-2022-09-06-07-16-22', NULL, NULL, 1, 'uploads/banner-7jpg-2022-09-06-07-16-22.jpg', 'image', 'image/jpeg', '2022-09-06 19:16:22', '2022-09-06 19:16:22'),
(82, 1, NULL, 'banner-8jpg-2022-09-06-07-16-59', NULL, NULL, 1, 'uploads/banner-8jpg-2022-09-06-07-16-59.jpg', 'image', 'image/jpeg', '2022-09-06 19:16:59', '2022-09-06 19:16:59'),
(83, 1, NULL, 'Coreflute-Sign2-150x150.jpg', NULL, NULL, 1, 'uploads/coreflute-sign2-150x150jpg-2022-09-07-11-00-33.jpg', 'image', 'image/jpeg', '2022-09-07 11:00:33', '2022-09-07 11:00:33'),
(84, 1, NULL, 'Coreflute-Sign1-150x150.jpg', NULL, NULL, 1, 'uploads/coreflute-sign1-150x150jpg-2022-09-07-11-01-09.jpg', 'image', 'image/jpeg', '2022-09-07 11:01:09', '2022-09-07 11:01:09'),
(85, 1, NULL, 'Evarite-A-frame_1-150x150.jpg', NULL, NULL, 1, 'uploads/evarite-a-frame-1-150x150jpg-2022-09-07-11-06-30.jpg', 'image', 'image/jpeg', '2022-09-07 11:06:30', '2022-09-07 11:06:30'),
(86, 1, NULL, 'A-Frame_insert-150x150.jpg', NULL, NULL, 1, 'uploads/a-frame-insert-150x150jpg-2022-09-07-11-06-56.jpg', 'image', 'image/jpeg', '2022-09-07 11:06:56', '2022-09-07 11:06:56'),
(87, 1, NULL, 'Coreflute-Signw-Gspikes-150x150.jpg', NULL, NULL, 1, 'uploads/coreflute-signw-gspikes-150x150jpg-2022-09-07-11-09-28.jpg', 'image', 'image/jpeg', '2022-09-07 11:09:28', '2022-09-07 11:09:28'),
(88, 1, NULL, 'Coreflute-SignHolder-150x150.jpg', NULL, NULL, 1, 'uploads/coreflute-signholder-150x150jpg-2022-09-07-11-09-56.jpg', 'image', 'image/jpeg', '2022-09-07 11:09:56', '2022-09-07 11:09:56'),
(89, 1, NULL, 'Folder-2-600x420.jpg', NULL, NULL, 1, 'uploads/folder-2-600x420jpg-2022-09-07-11-12-11.jpg', 'image', 'image/jpeg', '2022-09-07 11:12:11', '2022-09-07 11:12:11'),
(90, 1, NULL, 'Magazine1-150x150.jpg', NULL, NULL, 1, 'uploads/magazine1-150x150jpg-2022-09-07-11-14-56.jpg', 'image', 'image/jpeg', '2022-09-07 11:14:56', '2022-09-07 11:14:56'),
(91, 1, NULL, 'book-1-150x150.png', NULL, NULL, 1, 'uploads/book-1-150x150png-2022-09-07-11-16-44.png', 'image', 'image/png', '2022-09-07 11:16:44', '2022-09-07 11:16:44'),
(92, 1, NULL, 'Brochures2.jpg', NULL, NULL, 1, 'uploads/brochures2jpg-2022-09-07-11-19-28.jpg', 'image', 'image/jpeg', '2022-09-07 11:19:28', '2022-09-07 11:19:28'),
(93, 1, NULL, 'Brochures1-150x150.jpg', NULL, NULL, 1, 'uploads/brochures1-150x150jpg-2022-09-07-11-19-55.jpg', 'image', 'image/jpeg', '2022-09-07 11:19:55', '2022-09-07 11:19:55'),
(94, 1, NULL, 'DPS-Media-Wall-150x150.jpg', NULL, NULL, 1, 'uploads/dps-media-wall-150x150jpg-2022-09-07-11-22-45.jpg', 'image', 'image/jpeg', '2022-09-07 11:22:45', '2022-09-07 11:22:45'),
(95, 1, NULL, 'DPS-Media-Wall-3-150x150.jpg', NULL, NULL, 1, 'uploads/dps-media-wall-3-150x150jpg-2022-09-07-11-23-12.jpg', 'image', 'image/jpeg', '2022-09-07 11:23:12', '2022-09-07 11:23:12'),
(96, 1, NULL, 'Jumbo-banner-150x150.jpg', NULL, NULL, 1, 'uploads/jumbo-banner-150x150jpg-2022-09-07-11-26-19.jpg', 'image', 'image/jpeg', '2022-09-07 11:26:19', '2022-09-07 11:26:19'),
(97, 1, NULL, 'FrideMagnet1-768x538.jpg', NULL, NULL, 1, 'uploads/fridemagnet1-768x538jpg-2022-09-07-11-35-04.jpg', 'image', 'image/jpeg', '2022-09-07 11:35:04', '2022-09-07 11:35:04'),
(98, 1, NULL, 'FrideMagnet2-150x150.jpg', NULL, NULL, 1, 'uploads/fridemagnet2-150x150jpg-2022-09-07-11-36-44.jpg', 'image', 'image/jpeg', '2022-09-07 11:36:44', '2022-09-07 11:36:44'),
(99, 1, NULL, 'Folder-2-600x420.jpg', NULL, NULL, 1, 'uploads/folder-2-600x420jpg-2022-09-07-03-25-41.jpg', 'image', 'image/jpeg', '2022-09-07 15:25:41', '2022-09-07 15:25:41'),
(100, 1, NULL, 'Folder-3-150x150 (1).jpg', NULL, NULL, 1, 'uploads/folder-3-150x150-1jpg-2022-09-07-03-26-13.jpg', 'image', 'image/jpeg', '2022-09-07 15:26:13', '2022-09-07 15:26:13'),
(101, 1, NULL, 'Notepad1-768x538.jpg', NULL, NULL, 1, 'uploads/notepad1-768x538jpg-2022-09-07-03-40-38.jpg', 'image', 'image/jpeg', '2022-09-07 15:40:38', '2022-09-07 15:40:38'),
(102, 1, NULL, 'Notepad2-150x150.jpg', NULL, NULL, 1, 'uploads/notepad2-150x150jpg-2022-09-07-03-41-17.jpg', 'image', 'image/jpeg', '2022-09-07 15:41:17', '2022-09-07 15:41:17'),
(103, 1, NULL, 'Letterhead1-150x150.jpg', NULL, NULL, 1, 'uploads/letterhead1-150x150jpg-2022-09-07-03-47-06.jpg', 'image', 'image/jpeg', '2022-09-07 15:47:06', '2022-09-07 15:47:06'),
(104, 1, NULL, 'Letterhead2-150x150.jpg', NULL, NULL, 1, 'uploads/letterhead2-150x150jpg-2022-09-07-03-47-38.jpg', 'image', 'image/jpeg', '2022-09-07 15:47:38', '2022-09-07 15:47:38'),
(105, 1, NULL, 'Enevelope1-768x538.jpg', NULL, NULL, 1, 'uploads/enevelope1-768x538jpg-2022-09-07-03-50-26.jpg', 'image', 'image/jpeg', '2022-09-07 15:50:26', '2022-09-07 15:50:26'),
(106, 1, NULL, 'Enevelope2-150x150.jpg', NULL, NULL, 1, 'uploads/enevelope2-150x150jpg-2022-09-07-03-51-04.jpg', 'image', 'image/jpeg', '2022-09-07 15:51:04', '2022-09-07 15:51:04'),
(107, 1, NULL, 'SelvInking-768x538.jpg', NULL, NULL, 1, 'uploads/selvinking-768x538jpg-2022-09-07-03-54-52.jpg', 'image', 'image/jpeg', '2022-09-07 15:54:52', '2022-09-07 15:54:52'),
(108, 1, NULL, 'NumberingStamps-150x150.jpg', NULL, NULL, 1, 'uploads/numberingstamps-150x150jpg-2022-09-07-03-55-40.jpg', 'image', 'image/jpeg', '2022-09-07 15:55:40', '2022-09-07 15:55:40'),
(109, 1, NULL, 'Property-Card-768x538.jpg', NULL, NULL, 1, 'uploads/property-card-768x538jpg-2022-09-07-04-04-56.jpg', 'image', 'image/jpeg', '2022-09-07 16:04:56', '2022-09-07 16:04:56'),
(110, 1, NULL, 'Mail-Droppers-150x150.jpg', NULL, NULL, 1, 'uploads/mail-droppers-150x150jpg-2022-09-07-04-09-03.jpg', 'image', 'image/jpeg', '2022-09-07 16:09:03', '2022-09-07 16:09:03'),
(111, 1, NULL, 'paper-1.jpg', NULL, NULL, 1, 'uploads/paper-1jpg-2022-09-07-04-09-52.jpg', 'image', 'image/jpeg', '2022-09-07 16:09:52', '2022-09-07 16:09:52'),
(112, 1, NULL, 'BC_4_Plastic.png', NULL, NULL, 1, 'uploads/bc-4-plasticpng-2022-09-07-04-35-11.png', 'image', 'image/png', '2022-09-07 16:35:11', '2022-09-07 16:35:11'),
(113, 1, NULL, 'BC_02_Magnets-768x878.jpg', NULL, NULL, 1, 'uploads/bc-02-magnets-768x878jpg-2022-09-07-04-35-57.jpg', 'image', 'image/jpeg', '2022-09-07 16:35:57', '2022-09-07 16:35:57'),
(114, 1, NULL, 'Tshirt-600x768.png', NULL, NULL, 1, 'uploads/tshirt-600x768png-2022-09-07-04-50-46.png', 'image', 'image/png', '2022-09-07 16:50:46', '2022-09-07 16:50:46'),
(115, 1, NULL, 'Polo-600x466.png', NULL, NULL, 1, 'uploads/polo-600x466png-2022-09-07-04-54-17.png', 'image', 'image/png', '2022-09-07 16:54:17', '2022-09-07 16:54:17'),
(116, 1, NULL, 'Cap-600x568.png', NULL, NULL, 1, 'uploads/cap-600x568png-2022-09-07-04-55-58.png', 'image', 'image/png', '2022-09-07 16:55:58', '2022-09-07 16:55:58'),
(117, 1, NULL, 'workwear-600x600.jpg', NULL, NULL, 1, 'uploads/workwear-600x600jpg-2022-09-07-04-58-12.jpg', 'image', 'image/jpeg', '2022-09-07 16:58:12', '2022-09-07 16:58:12'),
(118, 1, NULL, 'Totebag-600x583.jpg', NULL, NULL, 1, 'uploads/totebag-600x583jpg-2022-09-07-05-04-59.jpg', 'image', 'image/jpeg', '2022-09-07 17:04:59', '2022-09-07 17:04:59'),
(119, 1, NULL, 'Mug-600x583.jpg', NULL, NULL, 1, 'uploads/mug-600x583jpg-2022-09-07-05-07-28.jpg', 'image', 'image/jpeg', '2022-09-07 17:07:28', '2022-09-07 17:07:28'),
(120, 1, NULL, 'Water-Bottle-300x300.png', NULL, NULL, 1, 'uploads/water-bottle-300x300png-2022-09-07-05-26-52.png', 'image', 'image/png', '2022-09-07 17:26:52', '2022-09-07 17:26:52'),
(121, 1, NULL, 'Wine-Box-Set-300x300.png', NULL, NULL, 1, 'uploads/wine-box-set-300x300png-2022-09-07-05-28-20.png', 'image', 'image/png', '2022-09-07 17:28:20', '2022-09-07 17:28:20'),
(122, 1, NULL, '8-300x300.jpg', NULL, NULL, 1, 'uploads/8-300x300jpg-2022-09-07-05-30-45.jpg', 'image', 'image/jpeg', '2022-09-07 17:30:45', '2022-09-07 17:30:45'),
(123, 1, NULL, 'Brand (1).jpg', NULL, NULL, 1, 'uploads/brand-1jpg-2022-09-07-05-39-08.jpg', 'image', 'image/jpeg', '2022-09-07 17:39:08', '2022-09-07 17:39:08'),
(124, 1, NULL, 'Print.jpg', NULL, NULL, 1, 'uploads/printjpg-2022-09-07-05-49-14.jpg', 'image', 'image/jpeg', '2022-09-07 17:49:14', '2022-09-07 17:49:14'),
(125, 1, NULL, 'Website-Design_38521664_l-1024x639.jpg', NULL, NULL, 1, 'uploads/website-design-38521664-l-1024x639jpg-2022-09-07-05-51-42.jpg', 'image', 'image/jpeg', '2022-09-07 17:51:42', '2022-09-07 17:51:42'),
(126, 1, NULL, 'Social-M.jpg', NULL, NULL, 1, 'uploads/social-mjpg-2022-09-07-05-53-57.jpg', 'image', 'image/jpeg', '2022-09-07 17:53:57', '2022-09-07 17:53:57'),
(127, 1, NULL, 'Untitled-1-1.jpg', NULL, NULL, 1, 'uploads/untitled-1-1jpg-2022-09-07-05-56-49.jpg', 'image', 'image/jpeg', '2022-09-07 17:56:49', '2022-09-07 17:56:49'),
(128, 1, NULL, '295975308-1056338175248582-703349831974098107-njpg-2022-09-07-06-44-37', NULL, NULL, 1, 'uploads/295975308-1056338175248582-703349831974098107-njpg-2022-09-07-06-44-37.jpg', 'image', 'image/jpeg', '2022-09-07 18:44:37', '2022-09-07 18:44:37'),
(129, 1, NULL, 'menjpg-2022-09-08-01-08-15', NULL, NULL, 1, 'uploads/menjpg-2022-09-08-01-08-15.jpg', 'image', 'image/jpeg', '2022-09-08 13:08:15', '2022-09-08 13:08:15'),
(130, 1, NULL, '120259933-615473472457765-1997398855403224142-njpg-2022-09-08-01-09-05', NULL, NULL, 1, 'uploads/120259933-615473472457765-1997398855403224142-njpg-2022-09-08-01-09-05.jpg', 'image', 'image/jpeg', '2022-09-08 13:09:05', '2022-09-08 13:09:05'),
(131, 1, NULL, '120259933-615473472457765-1997398855403224142-njpg-2022-09-08-01-09-06', NULL, NULL, 1, 'uploads/120259933-615473472457765-1997398855403224142-njpg-2022-09-08-01-09-06.jpg', 'image', 'image/jpeg', '2022-09-08 13:09:06', '2022-09-08 13:09:06'),
(132, 1, NULL, 'carnes-hills-colour-300x180png-2022-09-08-03-09-37', NULL, NULL, 1, 'uploads/carnes-hills-colour-300x180png-2022-09-08-03-09-37.png', 'image', 'image/png', '2022-09-08 15:09:37', '2022-09-08 15:09:37'),
(133, 1, NULL, 'land-and-lease-colour-300x180png-2022-09-08-03-09-37', NULL, NULL, 1, 'uploads/land-and-lease-colour-300x180png-2022-09-08-03-09-37.png', 'image', 'image/png', '2022-09-08 15:09:37', '2022-09-08 15:09:37'),
(134, 1, NULL, 'pre-uni-colour-300x180png-2022-09-08-03-09-37', NULL, NULL, 1, 'uploads/pre-uni-colour-300x180png-2022-09-08-03-09-37.png', 'image', 'image/png', '2022-09-08 15:09:37', '2022-09-08 15:09:37'),
(135, 1, NULL, 'wish-real-estate-colour-300x180png-2022-09-08-03-09-37', NULL, NULL, 1, 'uploads/wish-real-estate-colour-300x180png-2022-09-08-03-09-37.png', 'image', 'image/png', '2022-09-08 15:09:37', '2022-09-08 15:09:37'),
(136, 1, NULL, 'why-graphic-designjpg-2022-09-08-03-24-17', NULL, NULL, 1, 'uploads/why-graphic-designjpg-2022-09-08-03-24-17.jpg', 'image', 'image/jpeg', '2022-09-08 15:24:17', '2022-09-08 15:24:17'),
(137, 1, NULL, 'digital-offset-printjpg-2022-09-08-03-26-51', NULL, NULL, 1, 'uploads/digital-offset-printjpg-2022-09-08-03-26-51.jpg', 'image', 'image/jpeg', '2022-09-08 15:26:51', '2022-09-08 15:26:51'),
(138, 1, NULL, 'real-estate-signjpg-2022-09-08-03-30-38', NULL, NULL, 1, 'uploads/real-estate-signjpg-2022-09-08-03-30-38.jpg', 'image', 'image/jpeg', '2022-09-08 15:30:38', '2022-09-08 15:30:38'),
(139, 1, NULL, 'promotional-brand-merchandisejpg-2022-09-08-03-33-13', NULL, NULL, 1, 'uploads/promotional-brand-merchandisejpg-2022-09-08-03-33-13.jpg', 'image', 'image/jpeg', '2022-09-08 15:33:13', '2022-09-08 15:33:13'),
(140, 1, NULL, 'web-designjpg-2022-09-08-03-35-15', NULL, NULL, 1, 'uploads/web-designjpg-2022-09-08-03-35-15.jpg', 'image', 'image/jpeg', '2022-09-08 15:35:15', '2022-09-08 15:35:15'),
(141, 1, NULL, 'social-mjpg-2022-09-08-03-36-53', NULL, NULL, 1, 'uploads/social-mjpg-2022-09-08-03-36-53.jpg', 'image', 'image/jpeg', '2022-09-08 15:36:53', '2022-09-08 15:36:53'),
(142, 1, NULL, 'magnet-badgesjpg-2022-09-08-03-37-57', NULL, NULL, 1, 'uploads/magnet-badgesjpg-2022-09-08-03-37-57.jpg', 'image', 'image/jpeg', '2022-09-08 15:37:57', '2022-09-08 15:37:57'),
(143, 1, NULL, 'vechicle-signage-300x210jpg-2022-09-08-03-42-32', NULL, NULL, 1, 'uploads/vechicle-signage-300x210jpg-2022-09-08-03-42-32.jpg', 'image', 'image/jpeg', '2022-09-08 15:42:32', '2022-09-08 15:42:32'),
(144, 1, NULL, 'business-card-2-1-300x210png-2022-09-08-03-43-59', NULL, NULL, 1, 'uploads/business-card-2-1-300x210png-2022-09-08-03-43-59.png', 'image', 'image/png', '2022-09-08 15:43:59', '2022-09-08 15:43:59'),
(145, 1, NULL, 'distribution-and-lodgementjpg-2022-09-08-03-46-14', NULL, NULL, 1, 'uploads/distribution-and-lodgementjpg-2022-09-08-03-46-14.jpg', 'image', 'image/jpeg', '2022-09-08 15:46:14', '2022-09-08 15:46:14'),
(146, 1, NULL, 'business-card-2-1-300x210png-2022-09-12-10-57-50', NULL, NULL, 1, 'uploads/business-card-2-1-300x210png-2022-09-12-10-57-50.png', 'image', 'image/png', '2022-09-12 10:57:50', '2022-09-12 10:57:50'),
(147, 1, NULL, 'why-graphic-designjpg-2022-09-12-01-19-27', NULL, NULL, 1, 'uploads/why-graphic-designjpg-2022-09-12-01-19-27.jpg', 'image', 'image/jpeg', '2022-09-12 13:19:27', '2022-09-12 13:19:27'),
(148, 1, NULL, 'markeeting-items-must-havejpg-2022-09-12-01-21-16', NULL, NULL, 1, 'uploads/markeeting-items-must-havejpg-2022-09-12-01-21-16.jpg', 'image', 'image/jpeg', '2022-09-12 13:21:16', '2022-09-12 13:21:16'),
(149, 1, NULL, 'Brochures3-150x150.jpg', NULL, NULL, 1, 'uploads/brochures3-150x150jpg-2022-09-20-12-19-31.jpg', 'image', 'image/jpeg', '2022-09-20 12:19:31', '2022-09-20 12:19:31'),
(150, 1, NULL, 'Flayer-2-150x150.jpg', NULL, NULL, 1, 'uploads/flayer-2-150x150jpg-2022-09-20-12-20-16.jpg', 'image', 'image/jpeg', '2022-09-20 12:20:16', '2022-09-20 12:20:16'),
(151, 1, NULL, 'Flayer-1-150x150.jpg', NULL, NULL, 1, 'uploads/flayer-1-150x150jpg-2022-09-20-12-21-49.jpg', 'image', 'image/jpeg', '2022-09-20 12:21:49', '2022-09-20 12:21:49'),
(152, 1, NULL, 'Sign-Brochure-Packs-600x420.jpg', NULL, NULL, 1, 'uploads/sign-brochure-packs-600x420jpg-2022-09-20-03-50-25.jpg', 'image', 'image/jpeg', '2022-09-20 15:50:25', '2022-09-20 15:50:25'),
(153, 1, NULL, '1jpg-2022-09-23-09-48-47', NULL, NULL, 1, 'uploads/1jpg-2022-09-23-09-48-47.jpg', 'image', 'image/jpeg', '2022-09-23 09:48:47', '2022-09-23 09:48:47'),
(154, 1, NULL, '2jpg-2022-09-23-09-48-47', NULL, NULL, 1, 'uploads/2jpg-2022-09-23-09-48-47.jpg', 'image', 'image/jpeg', '2022-09-23 09:48:47', '2022-09-23 09:48:47'),
(155, 1, NULL, '3jpg-2022-09-23-09-48-47', NULL, NULL, 1, 'uploads/3jpg-2022-09-23-09-48-47.jpg', 'image', 'image/jpeg', '2022-09-23 09:48:47', '2022-09-23 09:48:47'),
(156, 1, NULL, '4jpg-2022-09-23-09-48-47', NULL, NULL, 1, 'uploads/4jpg-2022-09-23-09-48-47.jpg', 'image', 'image/jpeg', '2022-09-23 09:48:47', '2022-09-23 09:48:47'),
(157, 1, NULL, '5jpg-2022-09-23-09-48-47', NULL, NULL, 1, 'uploads/5jpg-2022-09-23-09-48-47.jpg', 'image', 'image/jpeg', '2022-09-23 09:48:47', '2022-09-23 09:48:47'),
(158, 1, NULL, '6jpg-2022-09-23-09-48-47', NULL, NULL, 1, 'uploads/6jpg-2022-09-23-09-48-47.jpg', 'image', 'image/jpeg', '2022-09-23 09:48:47', '2022-09-23 09:48:47'),
(159, 1, NULL, '7jpg-2022-09-23-09-48-47', NULL, NULL, 1, 'uploads/7jpg-2022-09-23-09-48-47.jpg', 'image', 'image/jpeg', '2022-09-23 09:48:47', '2022-09-23 09:48:47'),
(160, 1, NULL, '8jpg-2022-09-23-09-48-47', NULL, NULL, 1, 'uploads/8jpg-2022-09-23-09-48-47.jpg', 'image', 'image/jpeg', '2022-09-23 09:48:47', '2022-09-23 09:48:47'),
(161, 1, NULL, '9jpg-2022-09-23-09-48-47', NULL, NULL, 1, 'uploads/9jpg-2022-09-23-09-48-47.jpg', 'image', 'image/jpeg', '2022-09-23 09:48:47', '2022-09-23 09:48:47'),
(162, 1, NULL, 'home_page.jpg', NULL, NULL, 1, 'uploads/home-pagejpg-2022-09-23-09-58-50.jpg', 'image', 'image/jpeg', '2022-09-23 09:58:50', '2022-09-23 09:58:50'),
(163, 1, NULL, '1jpg-2022-09-23-04-50-24', NULL, NULL, 1, 'uploads/1jpg-2022-09-23-04-50-24.jpg', 'image', 'image/jpeg', '2022-09-23 16:50:24', '2022-09-23 16:50:24'),
(164, 1, NULL, '2jpg-2022-09-23-04-50-24', NULL, NULL, 1, 'uploads/2jpg-2022-09-23-04-50-24.jpg', 'image', 'image/jpeg', '2022-09-23 16:50:24', '2022-09-23 16:50:24'),
(165, 1, NULL, '3jpg-2022-09-23-04-50-24', NULL, NULL, 1, 'uploads/3jpg-2022-09-23-04-50-24.jpg', 'image', 'image/jpeg', '2022-09-23 16:50:24', '2022-09-23 16:50:24'),
(166, 1, NULL, '4jpg-2022-09-23-04-50-24', NULL, NULL, 1, 'uploads/4jpg-2022-09-23-04-50-24.jpg', 'image', 'image/jpeg', '2022-09-23 16:50:24', '2022-09-23 16:50:24'),
(167, 1, NULL, '5jpg-2022-09-23-04-50-24', NULL, NULL, 1, 'uploads/5jpg-2022-09-23-04-50-24.jpg', 'image', 'image/jpeg', '2022-09-23 16:50:24', '2022-09-23 16:50:24'),
(168, 1, NULL, '6jpg-2022-09-23-04-50-24', NULL, NULL, 1, 'uploads/6jpg-2022-09-23-04-50-24.jpg', 'image', 'image/jpeg', '2022-09-23 16:50:24', '2022-09-23 16:50:24'),
(169, 1, NULL, '7jpg-2022-09-23-04-50-24', NULL, NULL, 1, 'uploads/7jpg-2022-09-23-04-50-24.jpg', 'image', 'image/jpeg', '2022-09-23 16:50:24', '2022-09-23 16:50:24'),
(170, 1, NULL, '8jpg-2022-09-23-04-50-24', NULL, NULL, 1, 'uploads/8jpg-2022-09-23-04-50-24.jpg', 'image', 'image/jpeg', '2022-09-23 16:50:24', '2022-09-23 16:50:24'),
(171, 1, NULL, '9jpg-2022-09-23-04-50-24', NULL, NULL, 1, 'uploads/9jpg-2022-09-23-04-50-24.jpg', 'image', 'image/jpeg', '2022-09-23 16:50:24', '2022-09-23 16:50:24'),
(172, 1, NULL, 'a953obf3-peds4h-9ksjpg-2022-09-23-04-50-24', NULL, NULL, 1, 'uploads/a953obf3-peds4h-9ksjpg-2022-09-23-04-50-24.jpg', 'image', 'image/jpeg', '2022-09-23 16:50:24', '2022-09-23 16:50:24'),
(173, 1, NULL, '1jpg-2022-09-25-11-04-20', NULL, NULL, 1, 'uploads/1jpg-2022-09-25-11-04-20.jpg', 'image', 'image/jpeg', '2022-09-25 11:04:20', '2022-09-25 11:04:20'),
(174, 1, NULL, '2jpg-2022-09-25-11-04-20', NULL, NULL, 1, 'uploads/2jpg-2022-09-25-11-04-20.jpg', 'image', 'image/jpeg', '2022-09-25 11:04:20', '2022-09-25 11:04:20'),
(175, 1, NULL, 'a9dwch1c-4ktufm-56gjpg-2022-09-25-11-04-20', NULL, NULL, 1, 'uploads/a9dwch1c-4ktufm-56gjpg-2022-09-25-11-04-20.jpg', 'image', 'image/jpeg', '2022-09-25 11:04:20', '2022-09-25 11:04:20'),
(176, 1, NULL, 'a919l1900-4ktufh-56gjpg-2022-09-25-11-04-20', NULL, NULL, 1, 'uploads/a919l1900-4ktufh-56gjpg-2022-09-25-11-04-20.jpg', 'image', 'image/jpeg', '2022-09-25 11:04:20', '2022-09-25 11:04:20'),
(177, 1, NULL, '3jpg-2022-09-25-11-07-30', NULL, NULL, 1, 'uploads/3jpg-2022-09-25-11-07-30.jpg', 'image', 'image/jpeg', '2022-09-25 11:07:30', '2022-09-25 11:07:30'),
(178, 1, NULL, '122png-2022-09-25-11-49-37', NULL, NULL, 1, 'uploads/122png-2022-09-25-11-49-37.png', 'image', 'image/png', '2022-09-25 11:49:37', '2022-09-25 11:49:37'),
(179, 1, NULL, 'vehicle-branding1png-2022-09-25-05-12-33', NULL, NULL, 1, 'uploads/vehicle-branding1png-2022-09-25-05-12-33.png', 'image', 'image/png', '2022-09-25 17:12:33', '2022-09-25 17:12:33'),
(180, 1, NULL, 'vehicle-branding2png-2022-09-25-05-12-33', NULL, NULL, 1, 'uploads/vehicle-branding2png-2022-09-25-05-12-33.png', 'image', 'image/png', '2022-09-25 17:12:33', '2022-09-25 17:12:33'),
(181, 1, NULL, 'vehicle-branding3png-2022-09-25-05-12-33', NULL, NULL, 1, 'uploads/vehicle-branding3png-2022-09-25-05-12-33.png', 'image', 'image/png', '2022-09-25 17:12:33', '2022-09-25 17:12:33'),
(182, 1, NULL, 'vehicle-branding4png-2022-09-25-05-12-33', NULL, NULL, 1, 'uploads/vehicle-branding4png-2022-09-25-05-12-33.png', 'image', 'image/png', '2022-09-25 17:12:33', '2022-09-25 17:12:33'),
(183, 1, NULL, '45.jpg', NULL, NULL, 1, 'uploads/45jpg-2022-09-26-11-32-26.jpg', 'image', 'image/jpeg', '2022-09-26 11:32:26', '2022-09-26 11:32:26'),
(184, 1, NULL, '45.jpg', NULL, NULL, 1, 'uploads/45jpg-2022-09-26-11-32-27.jpg', 'image', 'image/jpeg', '2022-09-26 11:32:27', '2022-09-26 11:32:27'),
(185, 1, NULL, 'test.JPG', NULL, NULL, 1, 'uploads/testjpg-2022-10-14-12-31-12.jpg', 'image', 'image/jpeg', '2022-10-14 12:31:12', '2022-10-14 12:31:12'),
(186, 1, NULL, 'IMG_1629.JPG', NULL, NULL, 1, 'uploads/img-1629jpg-2022-10-14-01-08-53.jpg', 'image', 'image/jpeg', '2022-10-14 13:08:53', '2022-10-14 13:08:53'),
(187, 1, NULL, 'banner-11.jpg', NULL, NULL, 1, 'uploads/banner-11jpg-2022-10-19-12-17-11.jpg', 'image', 'image/jpeg', '2022-10-19 12:17:11', '2022-10-19 12:17:11'),
(188, 1, NULL, 'Brochures2-600x420.jpg', NULL, NULL, 1, 'uploads/brochures2-600x420jpg-2022-10-20-01-37-50.jpg', 'image', 'image/jpeg', '2022-10-20 13:37:50', '2022-10-20 13:37:50'),
(189, 1, NULL, 'Brochures1-150x150.jpg', NULL, NULL, 1, 'uploads/brochures1-150x150jpg-2022-10-20-01-39-02.jpg', 'image', 'image/jpeg', '2022-10-20 13:39:02', '2022-10-20 13:39:02'),
(190, 1, NULL, 'Folder-1-150x150.jpg', NULL, NULL, 1, 'uploads/folder-1-150x150jpg-2022-10-20-01-43-22.jpg', 'image', 'image/jpeg', '2022-10-20 13:43:22', '2022-10-20 13:43:22'),
(191, 1, NULL, '1-600x429.jpg', NULL, NULL, 1, 'uploads/1-600x429jpg-2022-10-20-01-47-22.jpg', 'image', 'image/jpeg', '2022-10-20 13:47:22', '2022-10-20 13:47:22'),
(192, 1, NULL, '2-150x150.jpg', NULL, NULL, 1, 'uploads/2-150x150jpg-2022-10-20-01-48-00.jpg', 'image', 'image/jpeg', '2022-10-20 13:48:00', '2022-10-20 13:48:00'),
(193, 1, NULL, '2-600x429.jpg', NULL, NULL, 1, 'uploads/2-600x429jpg-2022-10-20-01-53-27.jpg', 'image', 'image/jpeg', '2022-10-20 13:53:27', '2022-10-20 13:53:27'),
(194, 1, NULL, 'AdmitCard.jpg', NULL, NULL, 1, 'uploads/admitcardjpg-2022-10-20-01-55-06.jpg', 'image', 'image/jpeg', '2022-10-20 13:55:06', '2022-10-20 13:55:06'),
(195, 1, NULL, 'Brochures1-768x538.jpg', NULL, NULL, 1, 'uploads/brochures1-768x538jpg-2022-10-20-01-56-42.jpg', 'image', 'image/jpeg', '2022-10-20 13:56:42', '2022-10-20 13:56:42'),
(196, 1, NULL, 'Brochures2-768x538.jpg', NULL, NULL, 1, 'uploads/brochures2-768x538jpg-2022-10-20-01-57-15.jpg', 'image', 'image/jpeg', '2022-10-20 13:57:15', '2022-10-20 13:57:15'),
(197, 1, NULL, 'Brochures3-768x538.jpg', NULL, NULL, 1, 'uploads/brochures3-768x538jpg-2022-10-20-01-57-53.jpg', 'image', 'image/jpeg', '2022-10-20 13:57:53', '2022-10-20 13:57:53'),
(198, 1, NULL, 'Flayer-3-768x538.jpg', NULL, NULL, 1, 'uploads/flayer-3-768x538jpg-2022-10-20-01-58-23.jpg', 'image', 'image/jpeg', '2022-10-20 13:58:23', '2022-10-20 13:58:23'),
(199, 1, NULL, 'Flayer-2-600x420.jpg', NULL, NULL, 1, 'uploads/flayer-2-600x420jpg-2022-10-20-01-58-52.jpg', 'image', 'image/jpeg', '2022-10-20 13:58:52', '2022-10-20 13:58:52'),
(200, 1, NULL, 'Flayer-1-600x420.jpg', NULL, NULL, 1, 'uploads/flayer-1-600x420jpg-2022-10-20-01-59-27.jpg', 'image', 'image/jpeg', '2022-10-20 13:59:27', '2022-10-20 13:59:27'),
(201, 1, NULL, 'Folder-3-768x538.jpg', NULL, NULL, 1, 'uploads/folder-3-768x538jpg-2022-10-20-02-01-59.jpg', 'image', 'image/jpeg', '2022-10-20 14:01:59', '2022-10-20 14:01:59'),
(202, 1, NULL, 'Folder-1-768x538.jpg', NULL, NULL, 1, 'uploads/folder-1-768x538jpg-2022-10-20-02-02-36.jpg', 'image', 'image/jpeg', '2022-10-20 14:02:36', '2022-10-20 14:02:36'),
(203, 1, NULL, '6-600x429.jpg', NULL, NULL, 1, 'uploads/6-600x429jpg-2022-10-20-02-05-10.jpg', 'image', 'image/jpeg', '2022-10-20 14:05:10', '2022-10-20 14:05:10'),
(204, 1, NULL, '8-600x429.jpg', NULL, NULL, 1, 'uploads/8-600x429jpg-2022-10-20-02-06-12.jpg', 'image', 'image/jpeg', '2022-10-20 14:06:12', '2022-10-20 14:06:12'),
(205, 1, NULL, '7-600x420.jpg', NULL, NULL, 1, 'uploads/7-600x420jpg-2022-10-20-02-06-45.jpg', 'image', 'image/jpeg', '2022-10-20 14:06:45', '2022-10-20 14:06:45'),
(206, 1, NULL, '4-768x550.jpg', NULL, NULL, 1, 'uploads/4-768x550jpg-2022-10-20-02-08-28.jpg', 'image', 'image/jpeg', '2022-10-20 14:08:28', '2022-10-20 14:08:28'),
(207, 1, NULL, 'Poster.png', NULL, NULL, 1, 'uploads/posterpng-2022-10-20-02-11-18.png', 'image', 'image/png', '2022-10-20 14:11:18', '2022-10-20 14:11:18'),
(208, 1, NULL, 'Bow-Banner-01-600x420.jpg', NULL, NULL, 1, 'uploads/bow-banner-01-600x420jpg-2022-10-20-02-11-44.jpg', 'image', 'image/jpeg', '2022-10-20 14:11:44', '2022-10-20 14:11:44'),
(209, 1, NULL, 'Bow-Banner-02-600x420.jpg', NULL, NULL, 1, 'uploads/bow-banner-02-600x420jpg-2022-10-20-02-12-10.jpg', 'image', 'image/jpeg', '2022-10-20 14:12:10', '2022-10-20 14:12:10'),
(210, 1, NULL, 'Pullup-Banner-600x420.jpg', NULL, NULL, 1, 'uploads/pullup-banner-600x420jpg-2022-10-20-02-14-35.jpg', 'image', 'image/jpeg', '2022-10-20 14:14:35', '2022-10-20 14:14:35'),
(211, 1, NULL, 'Eco-Pull-up-Banner5_Ready--600x420.jpg', NULL, NULL, 1, 'uploads/eco-pull-up-banner5-ready-600x420jpg-2022-10-20-02-15-17.jpg', 'image', 'image/jpeg', '2022-10-20 14:15:17', '2022-10-20 14:15:17'),
(212, 1, NULL, 'Eco-Pull-up-Banner5_Ready--600x420.jpg', NULL, NULL, 1, 'uploads/eco-pull-up-banner5-ready-600x420jpg-2022-10-20-02-15-19.jpg', 'image', 'image/jpeg', '2022-10-20 14:15:20', '2022-10-20 14:15:20'),
(213, 1, NULL, 'Eco-Pull-up-Banner5_Ready--600x420.jpg', NULL, NULL, 1, 'uploads/eco-pull-up-banner5-ready-600x420jpg-2022-10-20-02-15-20.jpg', 'image', 'image/jpeg', '2022-10-20 14:15:20', '2022-10-20 14:15:20'),
(214, 1, NULL, 'Eco-Pull-up-Banner--600x420.jpg', NULL, NULL, 1, 'uploads/eco-pull-up-banner-600x420jpg-2022-10-20-02-16-00.jpg', 'image', 'image/jpeg', '2022-10-20 14:16:00', '2022-10-20 14:16:00'),
(215, 1, NULL, 'Eco-Pull-up-Banner4_Ready--600x420.jpg', NULL, NULL, 1, 'uploads/eco-pull-up-banner4-ready-600x420jpg-2022-10-20-02-17-06.jpg', 'image', 'image/jpeg', '2022-10-20 14:17:07', '2022-10-20 14:17:07'),
(216, 1, NULL, 'Decals_1.png', NULL, NULL, 1, 'uploads/decals-1png-2022-10-20-02-19-12.png', 'image', 'image/png', '2022-10-20 14:19:12', '2022-10-20 14:19:12'),
(217, 1, NULL, 'Stickers-600x420.jpg', NULL, NULL, 1, 'uploads/stickers-600x420jpg-2022-10-20-02-19-55.jpg', 'image', 'image/jpeg', '2022-10-20 14:19:55', '2022-10-20 14:19:55'),
(218, 1, NULL, 'Sticker3.png', NULL, NULL, 1, 'uploads/sticker3png-2022-10-20-02-20-21.png', 'image', 'image/png', '2022-10-20 14:20:21', '2022-10-20 14:20:21'),
(219, 1, NULL, 'Sticker2-600x494.png', NULL, NULL, 1, 'uploads/sticker2-600x494png-2022-10-20-02-21-00.png', 'image', 'image/png', '2022-10-20 14:21:00', '2022-10-20 14:21:00'),
(220, 1, NULL, 'Sticker2-600x494.png', NULL, NULL, 1, 'uploads/sticker2-600x494png-2022-10-20-02-21-02.png', 'image', 'image/png', '2022-10-20 14:21:02', '2022-10-20 14:21:02'),
(221, 1, NULL, 'Vechicle-01-600x420.jpg', NULL, NULL, 1, 'uploads/vechicle-01-600x420jpg-2022-10-20-02-23-57.jpg', 'image', 'image/jpeg', '2022-10-20 14:23:57', '2022-10-20 14:23:57'),
(222, 1, NULL, 'Vehicle-Sign2.png', NULL, NULL, 1, 'uploads/vehicle-sign2png-2022-10-20-02-24-26.png', 'image', 'image/png', '2022-10-20 14:24:26', '2022-10-20 14:24:26'),
(223, 1, NULL, 'Vehicle-Magnets_1-600x400.jpg', NULL, NULL, 1, 'uploads/vehicle-magnets-1-600x400jpg-2022-10-20-02-25-33.jpg', 'image', 'image/jpeg', '2022-10-20 14:25:33', '2022-10-20 14:25:33'),
(224, 1, NULL, 'Vichicle-Sign1.png', NULL, NULL, 1, 'uploads/vichicle-sign1png-2022-10-20-02-26-09.png', 'image', 'image/png', '2022-10-20 14:26:09', '2022-10-20 14:26:09'),
(225, 1, NULL, 'Vechicle-3-600x420.jpg', NULL, NULL, 1, 'uploads/vechicle-3-600x420jpg-2022-10-20-02-26-28.jpg', 'image', 'image/jpeg', '2022-10-20 14:26:28', '2022-10-20 14:26:28'),
(226, 1, NULL, 'Vechicle-02-600x420.jpg', NULL, NULL, 1, 'uploads/vechicle-02-600x420jpg-2022-10-20-02-26-48.jpg', 'image', 'image/jpeg', '2022-10-20 14:26:48', '2022-10-20 14:26:48'),
(227, 1, NULL, 'Acrylic-02-768x538.jpg', NULL, NULL, 1, 'uploads/acrylic-02-768x538jpg-2022-10-20-02-28-55.jpg', 'image', 'image/jpeg', '2022-10-20 14:28:55', '2022-10-20 14:28:55'),
(228, 1, NULL, 'Receiption-Sign.png', NULL, NULL, 1, 'uploads/receiption-signpng-2022-10-20-02-29-32.png', 'image', 'image/png', '2022-10-20 14:29:32', '2022-10-20 14:29:32'),
(229, 1, NULL, 'Building-Sign.png', NULL, NULL, 1, 'uploads/building-signpng-2022-10-20-02-30-04.png', 'image', 'image/png', '2022-10-20 14:30:04', '2022-10-20 14:30:04'),
(230, 1, NULL, 'Acrylic-01-600x420.jpg', NULL, NULL, 1, 'uploads/acrylic-01-600x420jpg-2022-10-20-02-30-30.jpg', 'image', 'image/jpeg', '2022-10-20 14:30:30', '2022-10-20 14:30:30'),
(231, 1, NULL, 'Signboards-6X4_RR-768x538.jpg', NULL, NULL, 1, 'uploads/signboards-6x4-rr-768x538jpg-2022-10-20-02-32-40.jpg', 'image', 'image/jpeg', '2022-10-20 14:32:40', '2022-10-20 14:32:40'),
(232, 1, NULL, 'Signboards-6X4-600x420.jpg', NULL, NULL, 1, 'uploads/signboards-6x4-600x420jpg-2022-10-20-02-33-10.jpg', 'image', 'image/jpeg', '2022-10-20 14:33:10', '2022-10-20 14:33:10'),
(233, 1, NULL, 'Signboards-8X5-600x420.jpg', NULL, NULL, 1, 'uploads/signboards-8x5-600x420jpg-2022-10-20-02-33-30.jpg', 'image', 'image/jpeg', '2022-10-20 14:33:30', '2022-10-20 14:33:30'),
(234, 1, NULL, 'Signboards-Landscape-600x420.jpg', NULL, NULL, 1, 'uploads/signboards-landscape-600x420jpg-2022-10-20-02-33-57.jpg', 'image', 'image/jpeg', '2022-10-20 14:33:57', '2022-10-20 14:33:57'),
(235, 1, NULL, 'Coreflute-Sign2-600x420.jpg', NULL, NULL, 1, 'uploads/coreflute-sign2-600x420jpg-2022-10-20-02-37-24.jpg', 'image', 'image/jpeg', '2022-10-20 14:37:24', '2022-10-20 14:37:24'),
(236, 1, NULL, 'Coreflute-Sign1-600x420.jpg', NULL, NULL, 1, 'uploads/coreflute-sign1-600x420jpg-2022-10-20-02-37-59.jpg', 'image', 'image/jpeg', '2022-10-20 14:37:59', '2022-10-20 14:37:59'),
(237, 1, NULL, 'Coreflute-Sign3-600x420.jpg', NULL, NULL, 1, 'uploads/coreflute-sign3-600x420jpg-2022-10-20-02-38-28.jpg', 'image', 'image/jpeg', '2022-10-20 14:38:28', '2022-10-20 14:38:28'),
(238, 1, NULL, 'Evarite-A-frame_1-600x420.jpg', NULL, NULL, 1, 'uploads/evarite-a-frame-1-600x420jpg-2022-10-20-02-40-45.jpg', 'image', 'image/jpeg', '2022-10-20 14:40:45', '2022-10-20 14:40:45'),
(239, 1, NULL, 'A-Frame_insert_use-600x420.jpg', NULL, NULL, 1, 'uploads/a-frame-insert-use-600x420jpg-2022-10-20-02-41-10.jpg', 'image', 'image/jpeg', '2022-10-20 14:41:10', '2022-10-20 14:41:10'),
(240, 1, NULL, 'Evarite-A-frame-600x420.jpg', NULL, NULL, 1, 'uploads/evarite-a-frame-600x420jpg-2022-10-20-02-41-43.jpg', 'image', 'image/jpeg', '2022-10-20 14:41:43', '2022-10-20 14:41:43'),
(241, 1, NULL, 'A-Frame_insert-600x420.jpg', NULL, NULL, 1, 'uploads/a-frame-insert-600x420jpg-2022-10-20-02-42-14.jpg', 'image', 'image/jpeg', '2022-10-20 14:42:14', '2022-10-20 14:42:14'),
(242, 1, NULL, 'Coreflute-Signw-Gspikes-600x420.jpg', NULL, NULL, 1, 'uploads/coreflute-signw-gspikes-600x420jpg-2022-10-20-02-44-19.jpg', 'image', 'image/jpeg', '2022-10-20 14:44:19', '2022-10-20 14:44:19'),
(243, 1, NULL, 'Insertable-Frame-Measurement-600x420.jpg', NULL, NULL, 1, 'uploads/insertable-frame-measurement-600x420jpg-2022-10-20-02-44-58.jpg', 'image', 'image/jpeg', '2022-10-20 14:44:58', '2022-10-20 14:44:58'),
(244, 1, NULL, 'Coreflute-SignHolder-600x420.jpg', NULL, NULL, 1, 'uploads/coreflute-signholder-600x420jpg-2022-10-20-02-45-30.jpg', 'image', 'image/jpeg', '2022-10-20 14:45:30', '2022-10-20 14:45:30'),
(245, 1, NULL, 'Evarite-A-frame-Measurment-600x420.jpg', NULL, NULL, 1, 'uploads/evarite-a-frame-measurment-600x420jpg-2022-10-20-02-45-51.jpg', 'image', 'image/jpeg', '2022-10-20 14:45:52', '2022-10-20 14:45:52'),
(246, 1, NULL, 'Magazine1-600x420.jpg', NULL, NULL, 1, 'uploads/magazine1-600x420jpg-2022-10-20-02-47-56.jpg', 'image', 'image/jpeg', '2022-10-20 14:47:56', '2022-10-20 14:47:56'),
(247, 1, NULL, 'book-1-600x500.png', NULL, NULL, 1, 'uploads/book-1-600x500png-2022-10-20-02-48-27.png', 'image', 'image/png', '2022-10-20 14:48:27', '2022-10-20 14:48:27'),
(248, 1, NULL, 'book-1-600x500.png', NULL, NULL, 1, 'uploads/book-1-600x500png-2022-10-20-02-48-29.png', 'image', 'image/png', '2022-10-20 14:48:29', '2022-10-20 14:48:29'),
(249, 1, NULL, 'Property-Card-600x420.jpg', NULL, NULL, 1, 'uploads/property-card-600x420jpg-2022-10-20-02-50-16.jpg', 'image', 'image/jpeg', '2022-10-20 14:50:16', '2022-10-20 14:50:16'),
(250, 1, NULL, 'Flyers.png', NULL, NULL, 1, 'uploads/flyerspng-2022-10-20-02-50-49.png', 'image', 'image/png', '2022-10-20 14:50:49', '2022-10-20 14:50:49'),
(251, 1, NULL, 'card-3.jpg', NULL, NULL, 1, 'uploads/card-3jpg-2022-10-20-02-51-13.jpg', 'image', 'image/jpeg', '2022-10-20 14:51:13', '2022-10-20 14:51:13'),
(252, 1, NULL, 'paper-1.jpg', NULL, NULL, 1, 'uploads/paper-1jpg-2022-10-20-02-53-10.jpg', 'image', 'image/jpeg', '2022-10-20 14:53:10', '2022-10-20 14:53:10'),
(253, 1, NULL, 'Mail-Droppers-600x420.jpg', NULL, NULL, 1, 'uploads/mail-droppers-600x420jpg-2022-10-20-02-53-32.jpg', 'image', 'image/jpeg', '2022-10-20 14:53:32', '2022-10-20 14:53:32'),
(254, 1, NULL, 'Enevelope1-600x420.jpg', NULL, NULL, 1, 'uploads/enevelope1-600x420jpg-2022-10-20-02-54-08.jpg', 'image', 'image/jpeg', '2022-10-20 14:54:08', '2022-10-20 14:54:08'),
(255, 1, NULL, 'Letterhead1-600x420.jpg', NULL, NULL, 1, 'uploads/letterhead1-600x420jpg-2022-10-20-02-56-55.jpg', 'image', 'image/jpeg', '2022-10-20 14:56:55', '2022-10-20 14:56:55'),
(256, 1, NULL, 'Letterhead2-600x420.jpg', NULL, NULL, 1, 'uploads/letterhead2-600x420jpg-2022-10-20-02-57-34.jpg', 'image', 'image/jpeg', '2022-10-20 14:57:34', '2022-10-20 14:57:34'),
(257, 1, NULL, 'Letterhead3-600x420.jpg', NULL, NULL, 1, 'uploads/letterhead3-600x420jpg-2022-10-20-02-57-49.jpg', 'image', 'image/jpeg', '2022-10-20 14:57:49', '2022-10-20 14:57:49'),
(258, 1, NULL, 'DPS-Media-Wall-600x420.jpg', NULL, NULL, 1, 'uploads/dps-media-wall-600x420jpg-2022-10-20-03-06-18.jpg', 'image', 'image/jpeg', '2022-10-20 15:06:18', '2022-10-20 15:06:18'),
(259, 1, NULL, 'DPS-Media-Wall-4-600x420.jpg', NULL, NULL, 1, 'uploads/dps-media-wall-4-600x420jpg-2022-10-20-03-06-55.jpg', 'image', 'image/jpeg', '2022-10-20 15:06:55', '2022-10-20 15:06:55'),
(260, 1, NULL, 'DPS-Media-Wall-2-600x420.jpg', NULL, NULL, 1, 'uploads/dps-media-wall-2-600x420jpg-2022-10-20-03-07-26.jpg', 'image', 'image/jpeg', '2022-10-20 15:07:26', '2022-10-20 15:07:26'),
(261, 1, NULL, 'DPS-Media-Wall-1-600x420.jpg', NULL, NULL, 1, 'uploads/dps-media-wall-1-600x420jpg-2022-10-20-03-07-47.jpg', 'image', 'image/jpeg', '2022-10-20 15:07:47', '2022-10-20 15:07:47'),
(262, 1, NULL, 'Large-Banner-600x420.jpg', NULL, NULL, 1, 'uploads/large-banner-600x420jpg-2022-10-20-03-09-20.jpg', 'image', 'image/jpeg', '2022-10-20 15:09:20', '2022-10-20 15:09:20'),
(263, 1, NULL, 'Medium-Banner-600x420.jpg', NULL, NULL, 1, 'uploads/medium-banner-600x420jpg-2022-10-20-03-10-01.jpg', 'image', 'image/jpeg', '2022-10-20 15:10:01', '2022-10-20 15:10:01'),
(264, 1, NULL, 'Jumbo-banner-600x420.jpg', NULL, NULL, 1, 'uploads/jumbo-banner-600x420jpg-2022-10-20-03-10-26.jpg', 'image', 'image/jpeg', '2022-10-20 15:10:26', '2022-10-20 15:10:26'),
(265, 1, NULL, 'Wall-Bracket-600x420.jpg', NULL, NULL, 1, 'uploads/wall-bracket-600x420jpg-2022-10-20-03-10-58.jpg', 'image', 'image/jpeg', '2022-10-20 15:10:58', '2022-10-20 15:10:58'),
(266, 1, NULL, 'Banner-Base-600x420.jpg', NULL, NULL, 1, 'uploads/banner-base-600x420jpg-2022-10-20-03-11-27.jpg', 'image', 'image/jpeg', '2022-10-20 15:11:27', '2022-10-20 15:11:27'),
(267, 1, NULL, 'FrideMagnet1-600x420.jpg', NULL, NULL, 1, 'uploads/fridemagnet1-600x420jpg-2022-10-20-03-14-32.jpg', 'image', 'image/jpeg', '2022-10-20 15:14:33', '2022-10-20 15:14:33'),
(268, 1, NULL, 'FrideMagnet4-600x420.jpg', NULL, NULL, 1, 'uploads/fridemagnet4-600x420jpg-2022-10-20-03-15-17.jpg', 'image', 'image/jpeg', '2022-10-20 15:15:17', '2022-10-20 15:15:17'),
(269, 1, NULL, 'FrideMagnet3-600x420.jpg', NULL, NULL, 1, 'uploads/fridemagnet3-600x420jpg-2022-10-20-03-15-50.jpg', 'image', 'image/jpeg', '2022-10-20 15:15:50', '2022-10-20 15:15:50'),
(270, 1, NULL, 'FrideMagnet2-600x420.jpg', NULL, NULL, 1, 'uploads/fridemagnet2-600x420jpg-2022-10-20-03-16-12.jpg', 'image', 'image/jpeg', '2022-10-20 15:16:12', '2022-10-20 15:16:12'),
(271, 1, NULL, 'Property-Card-768x538.jpg', NULL, NULL, 1, 'uploads/property-card-768x538jpg-2022-10-20-03-21-20.jpg', 'image', 'image/jpeg', '2022-10-20 15:21:20', '2022-10-20 15:21:20'),
(272, 1, NULL, 'A-Frame-01-600x420.jpg', NULL, NULL, 1, 'uploads/a-frame-01-600x420jpg-2022-10-21-11-52-49.jpg', 'image', 'image/jpeg', '2022-10-21 11:52:49', '2022-10-21 11:52:49'),
(273, 1, NULL, 'A-Frame-01-600x420.jpg', NULL, NULL, 1, 'uploads/a-frame-01-600x420jpg-2022-10-21-12-52-53.jpg', 'image', 'image/jpeg', '2022-10-21 12:52:53', '2022-10-21 12:52:53'),
(274, 1, NULL, 'card-3 (1).jpg', NULL, NULL, 1, 'uploads/card-3-1jpg-2022-10-21-12-55-20.jpg', 'image', 'image/jpeg', '2022-10-21 12:55:20', '2022-10-21 12:55:20'),
(275, 1, NULL, 'BC_4_Plastic (1).png', NULL, NULL, 1, 'uploads/bc-4-plastic-1png-2022-10-21-01-05-25.png', 'image', 'image/png', '2022-10-21 13:05:25', '2022-10-21 13:05:25'),
(276, 1, NULL, 'card-1 (1).jpg', NULL, NULL, 1, 'uploads/card-1-1jpg-2022-10-21-01-18-07.jpg', 'image', 'image/jpeg', '2022-10-21 13:18:07', '2022-10-21 13:18:07'),
(277, 1, NULL, 'card-1 (1).jpg', NULL, NULL, 1, 'uploads/card-1-1jpg-2022-10-21-01-18-09.jpg', 'image', 'image/jpeg', '2022-10-21 13:18:09', '2022-10-21 13:18:09'),
(278, 1, NULL, 'slideshow-bg-41-768x439 (1).jpg', NULL, NULL, 1, 'uploads/slideshow-bg-41-768x439-1jpg-2022-10-21-01-20-56.jpg', 'image', 'image/jpeg', '2022-10-21 13:20:56', '2022-10-21 13:20:56'),
(279, 1, NULL, 'Brochure-2-600x420.jpg', NULL, NULL, 1, 'uploads/brochure-2-600x420jpg-2022-10-21-01-23-00.jpg', 'image', 'image/jpeg', '2022-10-21 13:23:00', '2022-10-21 13:23:00'),
(280, 1, NULL, 'A-Frame-04-600x420.jpg', NULL, NULL, 1, 'uploads/a-frame-04-600x420jpg-2022-10-21-01-25-10.jpg', 'image', 'image/jpeg', '2022-10-21 13:25:10', '2022-10-21 13:25:10'),
(281, 1, NULL, 'A-Frame-03-768x538.jpg', NULL, NULL, 1, 'uploads/a-frame-03-768x538jpg-2022-10-21-01-25-37.jpg', 'image', 'image/jpeg', '2022-10-21 13:25:37', '2022-10-21 13:25:37'),
(282, 1, NULL, 'A-Frame.png', NULL, NULL, 1, 'uploads/a-framepng-2022-10-21-01-26-19.png', 'image', 'image/png', '2022-10-21 13:26:19', '2022-10-21 13:26:19');
INSERT INTO `media` (`id`, `user_id`, `parent_id`, `title`, `content`, `excerpt`, `status`, `url`, `type`, `mime_type`, `created_at`, `updated_at`) VALUES
(283, 1, NULL, 'Brochures3-768x538.jpg', NULL, NULL, 1, 'uploads/brochures3-768x538jpg-2022-10-21-01-31-55.jpg', 'image', 'image/jpeg', '2022-10-21 13:31:55', '2022-10-21 13:31:55'),
(284, 1, NULL, 'card-2.jpg', NULL, NULL, 1, 'uploads/card-2jpg-2022-10-21-01-39-15.jpg', 'image', 'image/jpeg', '2022-10-21 13:39:15', '2022-10-21 13:39:15'),
(285, 1, NULL, 'JP-Stamps-768x538.jpg', NULL, NULL, 1, 'uploads/jp-stamps-768x538jpg-2022-10-21-01-44-51.jpg', 'image', 'image/jpeg', '2022-10-21 13:44:51', '2022-10-21 13:44:51'),
(286, 1, NULL, 'Rubberstamps2-600x420.jpg', NULL, NULL, 1, 'uploads/rubberstamps2-600x420jpg-2022-10-21-01-46-08.jpg', 'image', 'image/jpeg', '2022-10-21 13:46:08', '2022-10-21 13:46:08'),
(287, 1, NULL, 'Illuminated-3d-Lettering.png', NULL, NULL, 1, 'uploads/illuminated-3d-letteringpng-2022-11-02-01-02-46.png', 'image', 'image/png', '2022-11-02 13:02:46', '2022-11-02 13:02:46'),
(288, 1, NULL, 'LED-Neon-6.jpeg', NULL, NULL, 1, 'uploads/led-neon-6jpeg-2022-11-02-01-02-46.jpg', 'image', 'image/jpeg', '2022-11-02 13:02:46', '2022-11-02 13:02:46'),
(289, 1, NULL, 'Screen-Shot-2021-10-13-at-9.04.08-pm-e1637586503148.png', NULL, NULL, 1, 'uploads/screen-shot-2021-10-13-at-90408-pm-e1637586503148png-2022-11-02-01-02-46.png', 'image', 'image/png', '2022-11-02 13:02:46', '2022-11-02 13:02:46'),
(290, 1, NULL, '1BAC4C64-F48F-446E-9EC3-0CD281CDD3D0_1_105_c.jpeg', NULL, NULL, 1, 'uploads/1bac4c64-f48f-446e-9ec3-0cd281cdd3d0-1-105-cjpeg-2022-11-02-01-02-46.jpg', 'image', 'image/jpeg', '2022-11-02 13:02:46', '2022-11-02 13:02:46'),
(291, 1, NULL, '9ad66bec-3f8f-4e2d-8892-97cd5b2e96da.jpeg', NULL, NULL, 1, 'uploads/9ad66bec-3f8f-4e2d-8892-97cd5b2e96dajpeg-2022-11-02-01-02-46.jpg', 'image', 'image/jpeg', '2022-11-02 13:02:46', '2022-11-02 13:02:46'),
(292, 1, NULL, 'EFB535DF-4642-4DDF-B813-387AEF2CE5EE_1_105_c.jpeg', NULL, NULL, 1, 'uploads/efb535df-4642-4ddf-b813-387aef2ce5ee-1-105-cjpeg-2022-11-02-01-02-46.jpg', 'image', 'image/jpeg', '2022-11-02 13:02:46', '2022-11-02 13:02:46'),
(293, 1, NULL, 'Screen-Shot-2022-01-02-at-10.46.07-am.png', NULL, NULL, 1, 'uploads/screen-shot-2022-01-02-at-104607-ampng-2022-11-02-01-02-46.png', 'image', 'image/png', '2022-11-02 13:02:46', '2022-11-02 13:02:46'),
(294, 1, NULL, 'PHOTO-2021-10-29-02-57-07-e1639591859285.jpg', NULL, NULL, 1, 'uploads/photo-2021-10-29-02-57-07-e1639591859285jpg-2022-11-02-01-02-46.jpg', 'image', 'image/jpeg', '2022-11-02 13:02:46', '2022-11-02 13:02:46'),
(295, 1, NULL, '0796285f-726c-4c34-a972-ca43e0d95b22-1-105-cjpeg-2022-11-06-06-54-32', NULL, NULL, 1, 'uploads/0796285f-726c-4c34-a972-ca43e0d95b22-1-105-cjpeg-2022-11-06-06-54-32.webp', 'image', 'image/webp', '2022-11-06 18:54:32', '2022-11-06 18:54:32'),
(296, 1, NULL, '8704e50a-1e6b-4160-95ec-a0935f18ea94-1-105-cjpeg-2022-11-06-06-58-50', NULL, NULL, 1, 'uploads/8704e50a-1e6b-4160-95ec-a0935f18ea94-1-105-cjpeg-2022-11-06-06-58-50.webp', 'image', 'image/webp', '2022-11-06 18:58:50', '2022-11-06 18:58:50'),
(297, 1, NULL, '0796285f-726c-4c34-a972-ca43e0d95b22-1-105-cjpeg-2022-11-06-06-58-50', NULL, NULL, 1, 'uploads/0796285f-726c-4c34-a972-ca43e0d95b22-1-105-cjpeg-2022-11-06-06-58-50.webp', 'image', 'image/webp', '2022-11-06 18:58:50', '2022-11-06 18:58:50'),
(298, 1, NULL, '1517493301662jpg-2022-11-07-10-04-40', NULL, NULL, 1, 'uploads/1517493301662jpg-2022-11-07-10-04-40.jpg', 'image', 'image/jpeg', '2022-11-07 10:04:40', '2022-11-07 10:04:40'),
(299, 1, NULL, '1559626925001jpg-2022-11-07-10-04-40', NULL, NULL, 1, 'uploads/1559626925001jpg-2022-11-07-10-04-40.jpg', 'image', 'image/jpeg', '2022-11-07 10:04:40', '2022-11-07 10:04:40'),
(300, 1, NULL, '1597058075854jpg-2022-11-07-10-04-40', NULL, NULL, 1, 'uploads/1597058075854jpg-2022-11-07-10-04-40.jpg', 'image', 'image/jpeg', '2022-11-07 10:04:40', '2022-11-07 10:04:40'),
(301, 1, NULL, 'glen-dimplex-australia-logo-200x74jpeg-2022-11-07-10-20-30', NULL, NULL, 1, 'uploads/glen-dimplex-australia-logo-200x74jpeg-2022-11-07-10-20-30.jpg', 'image', 'image/jpeg', '2022-11-07 10:20:30', '2022-11-07 10:20:30'),
(302, 1, NULL, 'forty-winks-200x65jpeg-2022-11-07-10-20-30', NULL, NULL, 1, 'uploads/forty-winks-200x65jpeg-2022-11-07-10-20-30.jpg', 'image', 'image/jpeg', '2022-11-07 10:20:30', '2022-11-07 10:20:30'),
(303, 1, NULL, '99-dental-logopng-2022-11-07-10-20-30', NULL, NULL, 1, 'uploads/99-dental-logopng-2022-11-07-10-20-30.png', 'image', 'image/png', '2022-11-07 10:20:30', '2022-11-07 10:20:30'),
(304, 1, NULL, 'mitsubishi-logo-200x120jpeg-2022-11-07-10-20-30', NULL, NULL, 1, 'uploads/mitsubishi-logo-200x120jpeg-2022-11-07-10-20-30.jpg', 'image', 'image/jpeg', '2022-11-07 10:20:30', '2022-11-07 10:20:30'),
(305, 1, NULL, '1jpg-2022-11-07-10-20-30', NULL, NULL, 1, 'uploads/1jpg-2022-11-07-10-20-30.jpg', 'image', 'image/jpeg', '2022-11-07 10:20:30', '2022-11-07 10:20:30'),
(306, 1, NULL, '2jpg-2022-11-07-10-20-30', NULL, NULL, 1, 'uploads/2jpg-2022-11-07-10-20-30.jpg', 'image', 'image/jpeg', '2022-11-07 10:20:30', '2022-11-07 10:20:30'),
(307, 1, NULL, '3jpg-2022-11-07-10-20-30', NULL, NULL, 1, 'uploads/3jpg-2022-11-07-10-20-30.jpg', 'image', 'image/jpeg', '2022-11-07 10:20:30', '2022-11-07 10:20:30'),
(308, 1, NULL, '4jpg-2022-11-07-10-20-30', NULL, NULL, 1, 'uploads/4jpg-2022-11-07-10-20-30.jpg', 'image', 'image/jpeg', '2022-11-07 10:20:30', '2022-11-07 10:20:30'),
(309, 1, NULL, '5jpg-2022-11-07-10-20-30', NULL, NULL, 1, 'uploads/5jpg-2022-11-07-10-20-30.jpg', 'image', 'image/jpeg', '2022-11-07 10:20:30', '2022-11-07 10:20:30'),
(310, 1, NULL, '8jpg-2022-11-07-10-20-30', NULL, NULL, 1, 'uploads/8jpg-2022-11-07-10-20-30.jpg', 'image', 'image/jpeg', '2022-11-07 10:20:30', '2022-11-07 10:20:30'),
(311, 1, NULL, '10jpg-2022-11-07-10-20-30', NULL, NULL, 1, 'uploads/10jpg-2022-11-07-10-20-30.jpg', 'image', 'image/jpeg', '2022-11-07 10:20:30', '2022-11-07 10:20:30'),
(312, 1, NULL, '11jpg-2022-11-07-10-20-30', NULL, NULL, 1, 'uploads/11jpg-2022-11-07-10-20-30.jpg', 'image', 'image/jpeg', '2022-11-07 10:20:30', '2022-11-07 10:20:30'),
(313, 1, NULL, '13jpg-2022-11-07-10-20-30', NULL, NULL, 1, 'uploads/13jpg-2022-11-07-10-20-30.jpg', 'image', 'image/jpeg', '2022-11-07 10:20:30', '2022-11-07 10:20:30'),
(314, 1, NULL, '15jpg-2022-11-07-10-20-30', NULL, NULL, 1, 'uploads/15jpg-2022-11-07-10-20-30.jpg', 'image', 'image/jpeg', '2022-11-07 10:20:30', '2022-11-07 10:20:30'),
(315, 1, NULL, '17jpg-2022-11-07-10-20-30', NULL, NULL, 1, 'uploads/17jpg-2022-11-07-10-20-30.jpg', 'image', 'image/jpeg', '2022-11-07 10:20:30', '2022-11-07 10:20:30'),
(316, 1, NULL, '16jpg-2022-11-07-10-20-30', NULL, NULL, 1, 'uploads/16jpg-2022-11-07-10-20-30.jpg', 'image', 'image/jpeg', '2022-11-07 10:20:30', '2022-11-07 10:20:30'),
(317, 1, NULL, 'nsw-gov-logo-200x137jpeg-2022-11-07-10-20-30', NULL, NULL, 1, 'uploads/nsw-gov-logo-200x137jpeg-2022-11-07-10-20-30.jpg', 'image', 'image/jpeg', '2022-11-07 10:20:30', '2022-11-07 10:20:30'),
(318, 1, NULL, 'car-wrappingjpg-2022-11-08-03-00-34', NULL, NULL, 1, 'uploads/car-wrappingjpg-2022-11-08-03-00-34.jpg', 'image', 'image/jpeg', '2022-11-08 15:00:34', '2022-11-08 15:00:34'),
(319, 1, NULL, 'full-wrap-cabin-and-pantech-e1630835729639jpeg-2022-11-08-03-11-55', NULL, NULL, 1, 'uploads/full-wrap-cabin-and-pantech-e1630835729639jpeg-2022-11-08-03-11-55.jpg', 'image', 'image/jpeg', '2022-11-08 15:11:55', '2022-11-08 15:11:55'),
(320, 1, NULL, 'fleet-brandingwebp-2022-11-08-03-13-51', NULL, NULL, 1, 'uploads/fleet-brandingwebp-2022-11-08-03-13-51.webp', 'image', 'image/webp', '2022-11-08 15:13:51', '2022-11-08 15:13:51'),
(321, 1, NULL, 'van-wrapwebp-2022-11-08-03-15-21', NULL, NULL, 1, 'uploads/van-wrapwebp-2022-11-08-03-15-21.webp', 'image', 'image/webp', '2022-11-08 15:15:21', '2022-11-08 15:15:21'),
(322, 1, NULL, 'ute-wrapwebp-2022-11-08-03-16-26', NULL, NULL, 1, 'uploads/ute-wrapwebp-2022-11-08-03-16-26.webp', 'image', 'image/webp', '2022-11-08 15:16:26', '2022-11-08 15:16:26'),
(323, 1, NULL, 'bus-warpwebp-2022-11-08-03-17-23', NULL, NULL, 1, 'uploads/bus-warpwebp-2022-11-08-03-17-23.webp', 'image', 'image/webp', '2022-11-08 15:17:23', '2022-11-08 15:17:23'),
(324, 1, NULL, 'vehicle-letteringwebp-2022-11-08-03-18-27', NULL, NULL, 1, 'uploads/vehicle-letteringwebp-2022-11-08-03-18-27.webp', 'image', 'image/webp', '2022-11-08 15:18:27', '2022-11-08 15:18:27'),
(325, 1, NULL, 'full-color-changewebp-2022-11-08-03-21-10', NULL, NULL, 1, 'uploads/full-color-changewebp-2022-11-08-03-21-10.webp', 'image', 'image/webp', '2022-11-08 15:21:10', '2022-11-08 15:21:10'),
(326, 1, NULL, 'boat-letteringwebp-2022-11-08-03-22-19', NULL, NULL, 1, 'uploads/boat-letteringwebp-2022-11-08-03-22-19.webp', 'image', 'image/webp', '2022-11-08 15:22:19', '2022-11-08 15:22:19'),
(327, 1, NULL, 'one-way-visionwebp-2022-11-08-03-23-48', NULL, NULL, 1, 'uploads/one-way-visionwebp-2022-11-08-03-23-48.webp', 'image', 'image/webp', '2022-11-08 15:23:48', '2022-11-08 15:23:48'),
(328, 1, NULL, 'Full Acrylic Light Box 400x275 px.jpg', NULL, NULL, 1, 'uploads/full-acrylic-light-box-400x275-pxjpg-2022-11-16-11-32-25.jpg', 'image', 'image/jpeg', '2022-11-16 11:32:25', '2022-11-16 11:32:25'),
(329, 1, NULL, 'Large Size Light Box 400x275 px.jpg', NULL, NULL, 1, 'uploads/large-size-light-box-400x275-pxjpg-2022-11-16-11-32-25.jpg', 'image', 'image/jpeg', '2022-11-16 11:32:25', '2022-11-16 11:32:25'),
(330, 1, NULL, 'Light-Box-Signs-top-banner-1500-X-400px.jpg', NULL, NULL, 1, 'uploads/light-box-signs-top-banner-1500-x-400pxjpg-2022-11-16-11-32-25.jpg', 'image', 'image/jpeg', '2022-11-16 11:32:25', '2022-11-16 11:32:25'),
(331, 1, NULL, 'Portable Light Box 400x275 px.jpg', NULL, NULL, 1, 'uploads/portable-light-box-400x275-pxjpg-2022-11-16-11-32-25.jpg', 'image', 'image/jpeg', '2022-11-16 11:32:25', '2022-11-16 11:32:25'),
(332, 1, NULL, 'Push Through Letters 400x275 px.jpg', NULL, NULL, 1, 'uploads/push-through-letters-400x275-pxjpg-2022-11-16-11-32-25.jpg', 'image', 'image/jpeg', '2022-11-16 11:32:25', '2022-11-16 11:32:25'),
(333, 1, NULL, 'Rounded Light Box 400x275 px.jpg', NULL, NULL, 1, 'uploads/rounded-light-box-400x275-pxjpg-2022-11-16-11-32-25.jpg', 'image', 'image/jpeg', '2022-11-16 11:32:25', '2022-11-16 11:32:25'),
(334, 1, NULL, 'Standart Light Box 400x275 px.jpg', NULL, NULL, 1, 'uploads/standart-light-box-400x275-pxjpg-2022-11-16-11-32-25.jpg', 'image', 'image/jpeg', '2022-11-16 11:32:25', '2022-11-16 11:32:25'),
(335, 1, NULL, 'left-right-banner-1png-2022-11-16-12-23-19', NULL, NULL, 1, 'uploads/left-right-banner-1png-2022-11-16-12-23-19.png', 'image', 'image/png', '2022-11-16 12:23:19', '2022-11-16 12:23:19'),
(336, 1, NULL, 'left-right-banner-2png-2022-11-16-12-24-54', NULL, NULL, 1, 'uploads/left-right-banner-2png-2022-11-16-12-24-54.png', 'image', 'image/png', '2022-11-16 12:24:54', '2022-11-16 12:24:54'),
(337, 1, NULL, 'carpet.jpg', NULL, NULL, 1, 'uploads/carpetjpg-2022-11-16-12-29-15.jpg', 'image', 'image/jpeg', '2022-11-16 12:29:15', '2022-11-16 12:29:15'),
(338, 1, NULL, 'Gallery-Light-Box-1.png', NULL, NULL, 1, 'uploads/gallery-light-box-1png-2022-11-16-12-29-15.png', 'image', 'image/png', '2022-11-16 12:29:15', '2022-11-16 12:29:15'),
(339, 1, NULL, 'Gallery-Light-Box-2.png', NULL, NULL, 1, 'uploads/gallery-light-box-2png-2022-11-16-12-29-15.png', 'image', 'image/png', '2022-11-16 12:29:15', '2022-11-16 12:29:15'),
(340, 1, NULL, 'Gallery-Light-Box-3.png', NULL, NULL, 1, 'uploads/gallery-light-box-3png-2022-11-16-12-29-15.png', 'image', 'image/png', '2022-11-16 12:29:15', '2022-11-16 12:29:15'),
(341, 1, NULL, 'Gallery-Light-Box-4.png', NULL, NULL, 1, 'uploads/gallery-light-box-4png-2022-11-16-12-29-15.png', 'image', 'image/png', '2022-11-16 12:29:15', '2022-11-16 12:29:15'),
(342, 1, NULL, 'Left-Right-Banner-1.png', NULL, NULL, 1, 'uploads/left-right-banner-1png-2022-11-16-12-29-15.png', 'image', 'image/png', '2022-11-16 12:29:15', '2022-11-16 12:29:15'),
(343, 1, NULL, 'Left-Right-Banner-2.png', NULL, NULL, 1, 'uploads/left-right-banner-2png-2022-11-16-12-29-15.png', 'image', 'image/png', '2022-11-16 12:29:15', '2022-11-16 12:29:15'),
(344, 1, NULL, 'image002png-2022-11-16-12-37-28', NULL, NULL, 1, 'uploads/image002png-2022-11-16-12-37-28.png', 'image', 'image/png', '2022-11-16 12:37:28', '2022-11-16 12:37:28'),
(345, 1, NULL, 'image006png-2022-11-16-12-38-08', NULL, NULL, 1, 'uploads/image006png-2022-11-16-12-38-08.png', 'image', 'image/png', '2022-11-16 12:38:08', '2022-11-16 12:38:08'),
(346, 1, NULL, 'window-graphicspng-2022-11-26-10-51-51', NULL, NULL, 1, 'uploads/window-graphicspng-2022-11-26-10-51-51.png', 'image', 'image/png', '2022-11-26 10:51:51', '2022-11-26 10:51:51'),
(347, 1, NULL, 'window-frostingpng-2022-11-26-10-52-31', NULL, NULL, 1, 'uploads/window-frostingpng-2022-11-26-10-52-31.png', 'image', 'image/png', '2022-11-26 10:52:31', '2022-11-26 10:52:31'),
(348, 1, NULL, 'one-way-vision-window-displayspng-2022-11-26-10-53-06', NULL, NULL, 1, 'uploads/one-way-vision-window-displayspng-2022-11-26-10-53-06.png', 'image', 'image/png', '2022-11-26 10:53:06', '2022-11-26 10:53:06'),
(349, 1, NULL, 'wall-stickerpng-2022-11-26-10-53-37', NULL, NULL, 1, 'uploads/wall-stickerpng-2022-11-26-10-53-37.png', 'image', 'image/png', '2022-11-26 10:53:37', '2022-11-26 10:53:37'),
(350, 1, NULL, '3d-signs-cut-out-letterspng-2022-11-26-10-55-40', NULL, NULL, 1, 'uploads/3d-signs-cut-out-letterspng-2022-11-26-10-55-40.png', 'image', 'image/png', '2022-11-26 10:55:40', '2022-11-26 10:55:40'),
(351, 1, NULL, 'why-choose-us-for-your-3d-signs-letterspng-2022-11-26-10-56-18', NULL, NULL, 1, 'uploads/why-choose-us-for-your-3d-signs-letterspng-2022-11-26-10-56-18.png', 'image', 'image/png', '2022-11-26 10:56:18', '2022-11-26 10:56:18'),
(352, 1, NULL, 'led-neon-3d-letterspng-2022-11-26-10-58-20', NULL, NULL, 1, 'uploads/led-neon-3d-letterspng-2022-11-26-10-58-20.png', 'image', 'image/png', '2022-11-26 10:58:20', '2022-11-26 10:58:20'),
(353, 1, NULL, 'left-our-car-wrapping-processpng-2022-11-26-11-01-41', NULL, NULL, 1, 'uploads/left-our-car-wrapping-processpng-2022-11-26-11-01-41.png', 'image', 'image/png', '2022-11-26 11:01:41', '2022-11-26 11:01:41'),
(354, 1, NULL, 'right-preparing-your-vehiclepng-2022-11-26-11-02-19', NULL, NULL, 1, 'uploads/right-preparing-your-vehiclepng-2022-11-26-11-02-19.png', 'image', 'image/png', '2022-11-26 11:02:19', '2022-11-26 11:02:19'),
(355, 1, NULL, 'right-preparing-your-vehiclepng-2022-11-26-11-02-20', NULL, NULL, 1, 'uploads/right-preparing-your-vehiclepng-2022-11-26-11-02-20.png', 'image', 'image/png', '2022-11-26 11:02:20', '2022-11-26 11:02:20'),
(356, 1, NULL, 'car-wrapspng-2022-11-26-11-03-49', NULL, NULL, 1, 'uploads/car-wrapspng-2022-11-26-11-03-49.png', 'image', 'image/png', '2022-11-26 11:03:49', '2022-11-26 11:03:49'),
(357, 1, NULL, 'van-wraps-png-2022-11-26-11-04-20', NULL, NULL, 1, 'uploads/van-wraps-png-2022-11-26-11-04-20.png', 'image', 'image/png', '2022-11-26 11:04:20', '2022-11-26 11:04:20'),
(358, 1, NULL, 'ute-wrapspng-2022-11-26-11-04-48', NULL, NULL, 1, 'uploads/ute-wrapspng-2022-11-26-11-04-48.png', 'image', 'image/png', '2022-11-26 11:04:48', '2022-11-26 11:04:48'),
(359, 1, NULL, 'vinyl-letteringpng-2022-11-26-11-05-13', NULL, NULL, 1, 'uploads/vinyl-letteringpng-2022-11-26-11-05-13.png', 'image', 'image/png', '2022-11-26 11:05:13', '2022-11-26 11:05:13'),
(360, 1, NULL, 'one-way-vision-png-2022-11-26-11-05-45', NULL, NULL, 1, 'uploads/one-way-vision-png-2022-11-26-11-05-45.png', 'image', 'image/png', '2022-11-26 11:05:45', '2022-11-26 11:05:45'),
(361, 1, NULL, 'one-way-vision-png-2022-11-26-11-05-54', NULL, NULL, 1, 'uploads/one-way-vision-png-2022-11-26-11-05-54.png', 'image', 'image/png', '2022-11-26 11:05:54', '2022-11-26 11:05:54'),
(362, 1, NULL, 'boat-wrapspng-2022-11-26-11-06-23', NULL, NULL, 1, 'uploads/boat-wrapspng-2022-11-26-11-06-23.png', 'image', 'image/png', '2022-11-26 11:06:23', '2022-11-26 11:06:23'),
(363, 1, NULL, 'New Folder', NULL, NULL, 1, NULL, 'folder', NULL, '2022-11-28 08:30:57', '2022-11-28 08:30:57'),
(364, 1, NULL, 'window-graphics-frostingpng-2022-11-28-09-16-42', NULL, NULL, 1, 'uploads/window-graphics-frostingpng-2022-11-28-09-16-42.png', 'image', 'image/png', '2022-11-28 09:16:42', '2022-11-28 09:16:42'),
(365, 1, NULL, 'one-way-vision-window-displays-png-2022-11-28-09-19-47', NULL, NULL, 1, 'uploads/one-way-vision-window-displays-png-2022-11-28-09-19-47.png', 'image', 'image/png', '2022-11-28 09:19:47', '2022-11-28 09:19:47'),
(366, 1, NULL, 'solid-vinyl-decals-graphicspng-2022-11-28-09-20-35', NULL, NULL, 1, 'uploads/solid-vinyl-decals-graphicspng-2022-11-28-09-20-35.png', 'image', 'image/png', '2022-11-28 09:20:35', '2022-11-28 09:20:35'),
(367, 1, NULL, '08271a81-33ce-493d-ac2b-aa3726895c85jpeg-2022-11-28-09-49-10', NULL, NULL, 1, 'uploads/08271a81-33ce-493d-ac2b-aa3726895c85jpeg-2022-11-28-09-49-10.jpg', 'image', 'image/jpeg', '2022-11-28 09:49:10', '2022-11-28 09:49:10'),
(368, 1, NULL, 'graphic-design-mouse-over-2png-2022-11-30-10-01-29', NULL, NULL, 1, 'uploads/graphic-design-mouse-over-2png-2022-11-30-10-01-29.png', 'image', 'image/png', '2022-11-30 10:01:29', '2022-11-30 10:01:29'),
(369, 1, NULL, 'magnets-badges-mouseover2png-2022-11-30-10-03-16', NULL, NULL, 1, 'uploads/magnets-badges-mouseover2png-2022-11-30-10-03-16.png', 'image', 'image/png', '2022-11-30 10:03:16', '2022-11-30 10:03:16'),
(370, 1, NULL, 'promotion-brand-merchandise-mouseover2png-2022-11-30-10-03-44', NULL, NULL, 1, 'uploads/promotion-brand-merchandise-mouseover2png-2022-11-30-10-03-44.png', 'image', 'image/png', '2022-11-30 10:03:44', '2022-11-30 10:03:44'),
(371, 1, NULL, 'real-estate-signage2png-2022-11-30-10-04-33', NULL, NULL, 1, 'uploads/real-estate-signage2png-2022-11-30-10-04-33.png', 'image', 'image/png', '2022-11-30 10:04:33', '2022-11-30 10:04:33'),
(372, 1, NULL, 'distribution1png-2022-11-30-10-05-23', NULL, NULL, 1, 'uploads/distribution1png-2022-11-30-10-05-23.png', 'image', 'image/png', '2022-11-30 10:05:23', '2022-11-30 10:05:23'),
(373, 1, NULL, 'web-design2png-2022-11-30-10-05-53', NULL, NULL, 1, 'uploads/web-design2png-2022-11-30-10-05-53.png', 'image', 'image/png', '2022-11-30 10:05:53', '2022-11-30 10:05:53'),
(374, 1, NULL, 'digital-offset-print2png-2022-11-30-10-06-28', NULL, NULL, 1, 'uploads/digital-offset-print2png-2022-11-30-10-06-28.png', 'image', 'image/png', '2022-11-30 10:06:28', '2022-11-30 10:06:28'),
(375, 1, NULL, 'social-media-promotion2png-2022-11-30-10-06-56', NULL, NULL, 1, 'uploads/social-media-promotion2png-2022-11-30-10-06-56.png', 'image', 'image/png', '2022-11-30 10:06:56', '2022-11-30 10:06:56'),
(376, 33, NULL, 'asset-1png-2022-12-20-09-01-00', NULL, NULL, 1, 'uploads/asset-1png-2022-12-20-09-01-00.png', 'image', 'image/png', '2022-12-20 09:01:00', '2022-12-20 09:01:00'),
(377, 33, NULL, 'asset-1png-2022-12-20-09-01-38', NULL, NULL, 1, 'uploads/asset-1png-2022-12-20-09-01-38.png', 'image', 'image/png', '2022-12-20 09:01:38', '2022-12-20 09:01:38'),
(378, 33, NULL, 'asset-2png-2022-12-20-02-25-08', NULL, NULL, 1, 'uploads/asset-2png-2022-12-20-02-25-08.png', 'image', 'image/png', '2022-12-20 14:25:08', '2022-12-20 14:25:08'),
(379, 33, NULL, 'asset-3png-2022-12-21-09-30-23', NULL, NULL, 1, 'uploads/asset-3png-2022-12-21-09-30-23.png', 'image', 'image/png', '2022-12-21 09:30:23', '2022-12-21 09:30:23'),
(380, 33, NULL, 'asset-4png-2022-12-23-08-23-43', NULL, NULL, 1, 'uploads/asset-4png-2022-12-23-08-23-43.png', 'image', 'image/png', '2022-12-23 08:23:43', '2022-12-23 08:23:43'),
(381, 33, NULL, 'asset-5png-2022-12-23-08-38-07', NULL, NULL, 1, 'uploads/asset-5png-2022-12-23-08-38-07.png', 'image', 'image/png', '2022-12-23 08:38:07', '2022-12-23 08:38:07'),
(382, 33, NULL, 'Asset 1.png', NULL, NULL, 1, 'uploads/asset-1png-2022-12-23-08-45-12.png', 'image', 'image/png', '2022-12-23 08:45:12', '2022-12-23 08:45:12'),
(383, 33, NULL, 'Asset 2.png', NULL, NULL, 1, 'uploads/asset-2png-2022-12-23-11-08-49.png', 'image', 'image/png', '2022-12-23 11:08:49', '2022-12-23 11:08:49'),
(384, 33, NULL, 'DPS New Logo - Icon Only.png', NULL, NULL, 1, 'uploads/dps-new-logo-icon-onlypng-2022-12-26-08-10-41.png', 'image', 'image/png', '2022-12-26 08:10:41', '2022-12-26 08:10:41'),
(385, 33, NULL, 'BC (1).jpg', NULL, NULL, 1, 'uploads/bc-1jpg-2022-12-26-12-56-46.jpg', 'image', 'image/jpeg', '2022-12-26 12:56:46', '2022-12-26 12:56:46'),
(386, 33, NULL, 'BC (2).jpg', NULL, NULL, 1, 'uploads/bc-2jpg-2022-12-26-12-56-46.jpg', 'image', 'image/jpeg', '2022-12-26 12:56:46', '2022-12-26 12:56:46'),
(387, 33, NULL, 'BC (3).jpg', NULL, NULL, 1, 'uploads/bc-3jpg-2022-12-26-12-56-46.jpg', 'image', 'image/jpeg', '2022-12-26 12:56:46', '2022-12-26 12:56:46'),
(388, 33, NULL, 'BC (5).jpg', NULL, NULL, 1, 'uploads/bc-5jpg-2022-12-26-12-56-46.jpg', 'image', 'image/jpeg', '2022-12-26 12:56:46', '2022-12-26 12:56:46'),
(389, 33, NULL, 'BC (2).jpg', NULL, NULL, 1, 'uploads/bc-2jpg-2022-12-26-01-00-41.jpg', 'image', 'image/jpeg', '2022-12-26 13:00:41', '2022-12-26 13:00:41'),
(390, 33, NULL, 'BC (4).jpg', NULL, NULL, 1, 'uploads/bc-4jpg-2022-12-26-01-00-41.jpg', 'image', 'image/jpeg', '2022-12-26 13:00:41', '2022-12-26 13:00:41'),
(391, 33, NULL, 'Lux_03 - Copy.jpg', NULL, NULL, 1, 'uploads/lux-03-copyjpg-2022-12-26-01-00-41.jpg', 'image', 'image/jpeg', '2022-12-26 13:00:41', '2022-12-26 13:00:41'),
(392, 33, NULL, 'Lux_03 - Copy2.jpg', NULL, NULL, 1, 'uploads/lux-03-copy2jpg-2022-12-26-01-00-41.jpg', 'image', 'image/jpeg', '2022-12-26 13:00:41', '2022-12-26 13:00:41'),
(393, 33, NULL, 'BC (2).jpg', NULL, NULL, 1, 'uploads/bc-2jpg-2022-12-26-01-02-04.jpg', 'image', 'image/jpeg', '2022-12-26 13:02:04', '2022-12-26 13:02:04'),
(394, 33, NULL, 'BC (4).jpg', NULL, NULL, 1, 'uploads/bc-4jpg-2022-12-26-01-02-04.jpg', 'image', 'image/jpeg', '2022-12-26 13:02:04', '2022-12-26 13:02:04'),
(395, 33, NULL, 'Lux_03 - Copy.jpg', NULL, NULL, 1, 'uploads/lux-03-copyjpg-2022-12-26-01-02-04.jpg', 'image', 'image/jpeg', '2022-12-26 13:02:04', '2022-12-26 13:02:04'),
(396, 33, NULL, 'BC (1).jpg', NULL, NULL, 1, 'uploads/bc-1jpg-2022-12-26-01-03-26.jpg', 'image', 'image/jpeg', '2022-12-26 13:03:26', '2022-12-26 13:03:26'),
(397, 33, NULL, 'BC (5).jpg', NULL, NULL, 1, 'uploads/bc-5jpg-2022-12-26-01-03-26.jpg', 'image', 'image/jpeg', '2022-12-26 13:03:26', '2022-12-26 13:03:26'),
(398, 33, NULL, 'DPS_BC_SAMPLE A01.png', NULL, NULL, 1, 'uploads/dps-bc-sample-a01png-2022-12-26-01-04-26.png', 'image', 'image/png', '2022-12-26 13:04:26', '2022-12-26 13:04:26'),
(399, 33, NULL, 'DPS_BC_SAMPLE A02.png', NULL, NULL, 1, 'uploads/dps-bc-sample-a02png-2022-12-26-01-04-26.png', 'image', 'image/png', '2022-12-26 13:04:26', '2022-12-26 13:04:26'),
(400, 33, NULL, 'DPS_BC_SAMPLE A04.png', NULL, NULL, 1, 'uploads/dps-bc-sample-a04png-2022-12-26-01-04-26.png', 'image', 'image/png', '2022-12-26 13:04:26', '2022-12-26 13:04:26'),
(401, 33, NULL, 'DPS_BC_SAMPLE A06.png', NULL, NULL, 1, 'uploads/dps-bc-sample-a06png-2022-12-26-01-04-26.png', 'image', 'image/png', '2022-12-26 13:04:26', '2022-12-26 13:04:26'),
(402, 33, NULL, 'Magnet & Badges.jpg', NULL, NULL, 1, 'uploads/magnet-badgesjpg-2022-12-26-01-17-07.jpg', 'image', 'image/jpeg', '2022-12-26 13:17:07', '2022-12-26 13:17:07'),
(403, 33, NULL, 'Magnet Calander.jpg', NULL, NULL, 1, 'uploads/magnet-calanderjpg-2022-12-26-01-17-07.jpg', 'image', 'image/jpeg', '2022-12-26 13:17:07', '2022-12-26 13:17:07'),
(404, 33, NULL, 'Fridge Magnet.jpg', NULL, NULL, 1, 'uploads/fridge-magnetjpg-2022-12-26-01-17-07.jpg', 'image', 'image/jpeg', '2022-12-26 13:17:07', '2022-12-26 13:17:07'),
(405, 33, NULL, 'Fridge Magnet 800x800pxl-04.png', NULL, NULL, 1, 'uploads/fridge-magnet-800x800pxl-04png-2022-12-26-01-17-07.png', 'image', 'image/png', '2022-12-26 13:17:07', '2022-12-26 13:17:07'),
(406, 33, 363, 'Artwork Specifications', NULL, NULL, 1, NULL, 'folder', NULL, '2023-03-02 12:48:45', '2023-03-02 12:48:45'),
(407, 33, 363, 'Artwork Template', NULL, NULL, 1, NULL, 'folder', NULL, '2023-03-02 12:48:54', '2023-03-02 12:48:54');

-- --------------------------------------------------------

--
